{"id":8,"date":"2017-11-13T12:24:35","date_gmt":"2017-11-13T12:24:35","guid":{"rendered":"https:\/\/blog.zhdk.ch\/filmwissen\/?page_id=8"},"modified":"2018-01-11T18:39:56","modified_gmt":"2018-01-11T17:39:56","slug":"analog-digital","status":"publish","type":"page","link":"https:\/\/blog.zhdk.ch\/analogdigital\/","title":{"rendered":"Analog \/ Digital"},"content":{"rendered":"<p><img loading=\"lazy\" decoding=\"async\" class=\"alignnone wp-image-12\" src=\"https:\/\/blog.zhdk.ch\/filmwissen\/files\/2017\/11\/Senjor_research_728.jpg\" alt=\"\" width=\"1008\" height=\"472\" srcset=\"https:\/\/blog.zhdk.ch\/analogdigital\/files\/2017\/11\/Senjor_research_728.jpg 728w, https:\/\/blog.zhdk.ch\/analogdigital\/files\/2017\/11\/Senjor_research_728-300x141.jpg 300w\" sizes=\"auto, (max-width: 1008px) 100vw, 1008px\" \/><\/p>\n<h2>FORSCHUNGSSCHWERPUNKT FILM<\/h2>\n<h4>In den letzten zehn Jahren erlebte die Filmbranche einen fundamentalen Umbruch. Die \u00fcber hundertj\u00e4hrige analoge Technik wurde gr\u00f6sstenteils durch digitale Verfahren ersetzt. Im Projekt Analog\/Digital untersuchten Wissenschaftler\/innen mit Hilfe von Zuschauer-Experimenten erstmals fundiert empirisch, ob dieser Wechsel Auswirkungen auf das Filmerlebnis der Zuschauer\/innen hat.<\/h4>\n<h4>Auf dieser Seite haben sie die Chance die eigens f\u00fcr das Forschungsprojekt gedrehten Kurzfilme anzuschauen. Die Filme wurden jeweils in drei unterschiedlichen Aufnahmeverfahren gedreht: Analoge Version (35mm), digitale Version (ARRI Alexa), digitale Version (ARRI Alexa mit Korn). Zus\u00e4tzlich k\u00f6nnen sie im Direktvergleich die unterschiedlichen Aufnahmen miteinander vergleichen.<\/h4>\n<hr \/>\n<h4><small><strong>Gesamtleitung, Gesuchsteller SNF:\u00a0<\/strong>Prof. Christian Iseli, Institute of the Performing Arts and Film, ZHdK<\/small><br \/>\n<small> <strong>Projektleitung:\u00a0<\/strong>Pierre Mennel, Dozent ZHdK; Kameramann<\/small><br \/>\n<small> <strong>Technische Leitung\u00a0Dreharbeiten:\u00a0<\/strong>Andreas Birkle, Dozent Kamera ZHdK<\/small><br \/>\n<small> <strong>Postproduktion:\u00a0<\/strong>Christian Iseli<\/small><\/h4>\n<h4><small><strong>Produktionsleitung<\/strong>: \u00a0Filippo Bonacci<\/small><br \/>\n<small> <strong>Dozenten:\u00a0<\/strong>Christian Iseli, Pierre Mennel, Manuel Flurin Hendry, Peter Purtschert, Georg Bringolf<\/small><\/h4>\n<h4><small><strong>Partner<\/strong><\/small><br \/>\n<small> Universit\u00e4t Bern, Institut f\u00fcr Psychologie, Dr. David Weibel, Miriam Loertscher<\/small><br \/>\n<small> Universit\u00e4t Z\u00fcrich, Seminar f\u00fcr Filmwissenschaft, Prof. Dr. Barbara Fl\u00fcckiger, Dr. Simon Spiegel<\/small><\/h4>\n<h4><small><strong>Praxispartner<\/strong><\/small><br \/>\n<small> Arnold &amp; Richter Cin\u00e9 Technik GmbH &amp; Co, M\u00fcnchen<\/small><br \/>\n<small> Egli Film AG, Z\u00fcrich<\/small><br \/>\n<small> Kodak AG, Stuttgart<\/small><br \/>\n<small> Dauer:\u00a0Mai 2012 \u2013 Okotber 2014<\/small><\/h4>\n<h4><small><strong>Finanzierung<\/strong><\/small><br \/>\n<small> Schweizerischer Nationalfonds zur F\u00f6rderung der wissenschaftlichen Forschung SNF<\/small><br \/>\n<small> Eigenleistungen ZHdK<\/small><br \/>\n<small> Beteiligung Praxispartner<\/small><\/h4>\n<h4><small><strong>Kontakt\u00a0<\/strong><\/small><\/h4>\n<h4><small>Z\u00fcrcher Hochschule der K\u00fcnste ZHdK<\/small><br \/>\n<small> Institute for the Performing Arts and Film<\/small><br \/>\n<small> Forschungsschwerpunkt Film<\/small><br \/>\n<small>Toni-Areal, Pfingstweidstrasse 96<\/small><br \/>\n<small>CH-8031 Z\u00fcrich\u00a0<\/small><\/h4>\n<h4><small>Tel. +41 43 446 53 84, \u00a0<a href=\"mailto:filmwissen.info@zhdk.ch\">filmwissen.info@zhdk.ch<\/a>\u00a0<\/small><\/h4>\n<p><img loading=\"lazy\" decoding=\"async\" class=\"size-full wp-image-33 aligncenter\" src=\"https:\/\/blog.zhdk.ch\/filmwissen\/files\/2017\/11\/Projekt_partnerAD.jpg\" alt=\"\" width=\"480\" height=\"59\" srcset=\"https:\/\/blog.zhdk.ch\/analogdigital\/files\/2017\/11\/Projekt_partnerAD.jpg 480w, https:\/\/blog.zhdk.ch\/analogdigital\/files\/2017\/11\/Projekt_partnerAD-300x37.jpg 300w\" sizes=\"auto, (max-width: 480px) 100vw, 480px\" \/><\/p>\n<p><img loading=\"lazy\" decoding=\"async\" class=\"size-full wp-image-35 aligncenter\" src=\"https:\/\/blog.zhdk.ch\/filmwissen\/files\/2017\/11\/Nur_SNF.jpg\" alt=\"\" width=\"145\" height=\"36\" \/><\/p>\n<hr \/>\n<p>&nbsp;<\/p>\n","protected":false},"excerpt":{"rendered":"<p>FORSCHUNGSSCHWERPUNKT FILM In den letzten zehn Jahren erlebte die Filmbranche einen fundamentalen Umbruch. Die \u00fcber hundertj\u00e4hrige analoge Technik wurde gr\u00f6sstenteils durch digitale Verfahren ersetzt. Im Projekt Analog\/Digital untersuchten Wissenschaftler\/innen mit Hilfe von Zuschauer-Experimenten erstmals fundiert empirisch, ob dieser Wechsel Auswirkungen auf das Filmerlebnis der Zuschauer\/innen hat. Auf dieser Seite haben sie die Chance die eigens &hellip;<\/p>\n","protected":false},"author":3675,"featured_media":0,"parent":0,"menu_order":0,"comment_status":"closed","ping_status":"closed","template":"","meta":{"footnotes":""},"class_list":["post-8","page","type-page","status-publish","hentry"],"_links":{"self":[{"href":"https:\/\/blog.zhdk.ch\/analogdigital\/index.php?rest_route=\/wp\/v2\/pages\/8","targetHints":{"allow":["GET"]}}],"collection":[{"href":"https:\/\/blog.zhdk.ch\/analogdigital\/index.php?rest_route=\/wp\/v2\/pages"}],"about":[{"href":"https:\/\/blog.zhdk.ch\/analogdigital\/index.php?rest_route=\/wp\/v2\/types\/page"}],"author":[{"embeddable":true,"href":"https:\/\/blog.zhdk.ch\/analogdigital\/index.php?rest_route=\/wp\/v2\/users\/3675"}],"replies":[{"embeddable":true,"href":"https:\/\/blog.zhdk.ch\/analogdigital\/index.php?rest_route=%2Fwp%2Fv2%2Fcomments&post=8"}],"version-history":[{"count":27,"href":"https:\/\/blog.zhdk.ch\/analogdigital\/index.php?rest_route=\/wp\/v2\/pages\/8\/revisions"}],"predecessor-version":[{"id":237,"href":"https:\/\/blog.zhdk.ch\/analogdigital\/index.php?rest_route=\/wp\/v2\/pages\/8\/revisions\/237"}],"wp:attachment":[{"href":"https:\/\/blog.zhdk.ch\/analogdigital\/index.php?rest_route=%2Fwp%2Fv2%2Fmedia&parent=8"}],"curies":[{"name":"wp","href":"https:\/\/api.w.org\/{rel}","templated":true}]}}