{"id":1035,"date":"2020-05-20T17:04:37","date_gmt":"2020-05-20T15:04:37","guid":{"rendered":"https:\/\/blog.zhdk.ch\/auno\/?page_id=1035"},"modified":"2020-06-05T10:43:40","modified_gmt":"2020-06-05T08:43:40","slug":"andrea-todisco","status":"publish","type":"page","link":"https:\/\/blog.zhdk.ch\/auno\/aunoonline\/andrea-todisco\/","title":{"rendered":"Andrea Todisco"},"content":{"rendered":"\n<h2 class=\"wp-block-heading\">Das Nest<\/h2>\n\n\n\n<h5 class=\"wp-block-heading\">(2020, 90 x 90 x 700 cm, Holz, Strausseneier)<\/h5>\n\n\n\n<h3 class=\"wp-block-heading\">Dokumentation<\/h3>\n\n\n\n<p>Das Projekt beginnt mit der Idee, ein Straussennest  in mehreren Metern H\u00f6he zu bauen. Str\u00e4usse k\u00f6nnen nicht fliegen.<\/p>\n\n\n\n<p>Eines Nachmittags habe ich meinem Bruder gesagt, ich m\u00fcsse ein Nest bauen, wisse aber nicht, wie das gehe. Er antwortete mir, ich solle doch einen Vogel fragen.<\/p>\n\n\n\n<figure class=\"wp-block-image alignwide size-large\"><img loading=\"lazy\" decoding=\"async\" width=\"1024\" height=\"768\" src=\"https:\/\/blog.zhdk.ch\/auno\/files\/2020\/06\/image-1024x768.png\" alt=\"\" class=\"wp-image-1397\" srcset=\"https:\/\/blog.zhdk.ch\/auno\/files\/2020\/06\/image-1024x768.png 1024w, https:\/\/blog.zhdk.ch\/auno\/files\/2020\/06\/image-300x225.png 300w, https:\/\/blog.zhdk.ch\/auno\/files\/2020\/06\/image-150x113.png 150w, https:\/\/blog.zhdk.ch\/auno\/files\/2020\/06\/image-768x576.png 768w, https:\/\/blog.zhdk.ch\/auno\/files\/2020\/06\/image-1536x1152.png 1536w, https:\/\/blog.zhdk.ch\/auno\/files\/2020\/06\/image-1200x900.png 1200w, https:\/\/blog.zhdk.ch\/auno\/files\/2020\/06\/image-1980x1485.png 1980w, https:\/\/blog.zhdk.ch\/auno\/files\/2020\/06\/image.png 2048w\" sizes=\"auto, (max-width: 1024px) 100vw, 1024px\" \/><\/figure>\n\n\n\n<p>Das Nest sollte am Rhein in Rh\u00e4z\u00fcns stehen, an einem der wenigen nicht kanalisierten Abschnitte des Flusses. Der Flusslauf \u00e4ndert sich st\u00e4ndig. Str\u00e4usse leben in ariden Gebieten Afrikas.<\/p>\n\n\n\n<figure class=\"wp-block-image alignwide size-large\"><img loading=\"lazy\" decoding=\"async\" width=\"1024\" height=\"769\" src=\"https:\/\/blog.zhdk.ch\/auno\/files\/2020\/06\/Bildschirmfoto-2020-06-05-um-10.41.42-1024x769.png\" alt=\"\" class=\"wp-image-2319\" srcset=\"https:\/\/blog.zhdk.ch\/auno\/files\/2020\/06\/Bildschirmfoto-2020-06-05-um-10.41.42-1024x769.png 1024w, https:\/\/blog.zhdk.ch\/auno\/files\/2020\/06\/Bildschirmfoto-2020-06-05-um-10.41.42-300x225.png 300w, https:\/\/blog.zhdk.ch\/auno\/files\/2020\/06\/Bildschirmfoto-2020-06-05-um-10.41.42-150x113.png 150w, https:\/\/blog.zhdk.ch\/auno\/files\/2020\/06\/Bildschirmfoto-2020-06-05-um-10.41.42-768x577.png 768w, https:\/\/blog.zhdk.ch\/auno\/files\/2020\/06\/Bildschirmfoto-2020-06-05-um-10.41.42-1200x901.png 1200w, https:\/\/blog.zhdk.ch\/auno\/files\/2020\/06\/Bildschirmfoto-2020-06-05-um-10.41.42.png 1380w\" sizes=\"auto, (max-width: 1024px) 100vw, 1024px\" \/><\/figure>\n\n\n\n<p>Der Wasserspiegel ist vom Wetter, der Schneeschmelze und den Schleusen der Wasserkraftwerke abh\u00e4ngig und kann deshalb innerhalb k\u00fcrzester Zeit drastisch ansteigen. Um w\u00e4hrend der Arbeit nicht vom Wasser \u00fcberrascht zu werden, musste ich diesen Umst\u00e4nden Rechnung tragen.<\/p>\n\n\n\n<figure class=\"wp-block-image size-large\"><img loading=\"lazy\" decoding=\"async\" width=\"768\" height=\"1024\" src=\"https:\/\/blog.zhdk.ch\/auno\/files\/2020\/06\/image-1-768x1024.png\" alt=\"\" class=\"wp-image-1405\" srcset=\"https:\/\/blog.zhdk.ch\/auno\/files\/2020\/06\/image-1-768x1024.png 768w, https:\/\/blog.zhdk.ch\/auno\/files\/2020\/06\/image-1-225x300.png 225w, https:\/\/blog.zhdk.ch\/auno\/files\/2020\/06\/image-1-113x150.png 113w, https:\/\/blog.zhdk.ch\/auno\/files\/2020\/06\/image-1-1152x1536.png 1152w, https:\/\/blog.zhdk.ch\/auno\/files\/2020\/06\/image-1-1200x1600.png 1200w, https:\/\/blog.zhdk.ch\/auno\/files\/2020\/06\/image-1.png 1536w\" sizes=\"auto, (max-width: 768px) 100vw, 768px\" \/><\/figure>\n\n\n\n<p><em>Das Nest<\/em> stand. Im Folgenden habe ich das weitere Bestehen des Nestes dokumentiert.<\/p>\n\n\n\n<hr class=\"wp-block-separator\" \/>\n\n\n\n<p style=\"font-size:40px\">14.4.2020<\/p>\n\n\n\n<figure class=\"wp-block-image alignwide size-large\"><img loading=\"lazy\" decoding=\"async\" width=\"1024\" height=\"683\" src=\"https:\/\/blog.zhdk.ch\/auno\/files\/2020\/06\/DasNest1Web-1-1024x683.jpg\" alt=\"\" class=\"wp-image-1301\" srcset=\"https:\/\/blog.zhdk.ch\/auno\/files\/2020\/06\/DasNest1Web-1-1024x683.jpg 1024w, https:\/\/blog.zhdk.ch\/auno\/files\/2020\/06\/DasNest1Web-1-300x200.jpg 300w, https:\/\/blog.zhdk.ch\/auno\/files\/2020\/06\/DasNest1Web-1-150x100.jpg 150w, https:\/\/blog.zhdk.ch\/auno\/files\/2020\/06\/DasNest1Web-1-768x512.jpg 768w, https:\/\/blog.zhdk.ch\/auno\/files\/2020\/06\/DasNest1Web-1-1536x1024.jpg 1536w, https:\/\/blog.zhdk.ch\/auno\/files\/2020\/06\/DasNest1Web-1-1200x800.jpg 1200w, https:\/\/blog.zhdk.ch\/auno\/files\/2020\/06\/DasNest1Web-1.jpg 1920w\" sizes=\"auto, (max-width: 1024px) 100vw, 1024px\" \/><\/figure>\n\n\n\n<hr class=\"wp-block-separator\" \/>\n\n\n\n<p style=\"font-size:40px\">18.4.2020<\/p>\n\n\n\n<figure class=\"wp-block-image alignwide size-large\"><img loading=\"lazy\" decoding=\"async\" width=\"1024\" height=\"666\" src=\"https:\/\/blog.zhdk.ch\/auno\/files\/2020\/06\/DasNest2Web-3-1024x666.jpg\" alt=\"\" class=\"wp-image-1317\" srcset=\"https:\/\/blog.zhdk.ch\/auno\/files\/2020\/06\/DasNest2Web-3-1024x666.jpg 1024w, https:\/\/blog.zhdk.ch\/auno\/files\/2020\/06\/DasNest2Web-3-300x195.jpg 300w, https:\/\/blog.zhdk.ch\/auno\/files\/2020\/06\/DasNest2Web-3-150x98.jpg 150w, https:\/\/blog.zhdk.ch\/auno\/files\/2020\/06\/DasNest2Web-3-768x499.jpg 768w, https:\/\/blog.zhdk.ch\/auno\/files\/2020\/06\/DasNest2Web-3-1536x998.jpg 1536w, https:\/\/blog.zhdk.ch\/auno\/files\/2020\/06\/DasNest2Web-3-1200x780.jpg 1200w, https:\/\/blog.zhdk.ch\/auno\/files\/2020\/06\/DasNest2Web-3.jpg 1920w\" sizes=\"auto, (max-width: 1024px) 100vw, 1024px\" \/><\/figure>\n\n\n\n<hr class=\"wp-block-separator\" \/>\n\n\n\n<p style=\"font-size:40px\">26.4.2020<\/p>\n\n\n\n<figure class=\"wp-block-image alignwide size-large\"><img loading=\"lazy\" decoding=\"async\" width=\"1024\" height=\"683\" src=\"https:\/\/blog.zhdk.ch\/auno\/files\/2020\/06\/NestSchr\u00e4g1Web-1024x683.jpg\" alt=\"\" class=\"wp-image-1327\" srcset=\"https:\/\/blog.zhdk.ch\/auno\/files\/2020\/06\/NestSchr\u00e4g1Web-1024x683.jpg 1024w, https:\/\/blog.zhdk.ch\/auno\/files\/2020\/06\/NestSchr\u00e4g1Web-300x200.jpg 300w, https:\/\/blog.zhdk.ch\/auno\/files\/2020\/06\/NestSchr\u00e4g1Web-150x100.jpg 150w, https:\/\/blog.zhdk.ch\/auno\/files\/2020\/06\/NestSchr\u00e4g1Web-768x512.jpg 768w, https:\/\/blog.zhdk.ch\/auno\/files\/2020\/06\/NestSchr\u00e4g1Web-1536x1024.jpg 1536w, https:\/\/blog.zhdk.ch\/auno\/files\/2020\/06\/NestSchr\u00e4g1Web-1200x800.jpg 1200w, https:\/\/blog.zhdk.ch\/auno\/files\/2020\/06\/NestSchr\u00e4g1Web.jpg 1920w\" sizes=\"auto, (max-width: 1024px) 100vw, 1024px\" \/><\/figure>\n\n\n\n<hr class=\"wp-block-separator\" \/>\n\n\n\n<p style=\"font-size:40px\">3.5.2020<\/p>\n\n\n\n<figure class=\"wp-block-image alignwide size-large\"><img loading=\"lazy\" decoding=\"async\" width=\"1024\" height=\"683\" src=\"https:\/\/blog.zhdk.ch\/auno\/files\/2020\/06\/Schr\u00e4gsonnig1Web-1024x683.jpg\" alt=\"\" class=\"wp-image-1331\" srcset=\"https:\/\/blog.zhdk.ch\/auno\/files\/2020\/06\/Schr\u00e4gsonnig1Web-1024x683.jpg 1024w, https:\/\/blog.zhdk.ch\/auno\/files\/2020\/06\/Schr\u00e4gsonnig1Web-300x200.jpg 300w, https:\/\/blog.zhdk.ch\/auno\/files\/2020\/06\/Schr\u00e4gsonnig1Web-150x100.jpg 150w, https:\/\/blog.zhdk.ch\/auno\/files\/2020\/06\/Schr\u00e4gsonnig1Web-768x512.jpg 768w, https:\/\/blog.zhdk.ch\/auno\/files\/2020\/06\/Schr\u00e4gsonnig1Web-1536x1024.jpg 1536w, https:\/\/blog.zhdk.ch\/auno\/files\/2020\/06\/Schr\u00e4gsonnig1Web-1200x800.jpg 1200w, https:\/\/blog.zhdk.ch\/auno\/files\/2020\/06\/Schr\u00e4gsonnig1Web.jpg 1920w\" sizes=\"auto, (max-width: 1024px) 100vw, 1024px\" \/><\/figure>\n\n\n\n<hr class=\"wp-block-separator\" \/>\n\n\n\n<p style=\"font-size:40px\">11.5.2020<\/p>\n\n\n\n<p>Nachdem es einen Tag lang geregnet hatte, war der Fluss so angestiegen, dass es schwierig wurde, <em>Das Nest<\/em> zu erreichen.<\/p>\n\n\n\n<figure class=\"wp-block-image size-large\"><img loading=\"lazy\" decoding=\"async\" width=\"768\" height=\"1024\" src=\"https:\/\/blog.zhdk.ch\/auno\/files\/2020\/06\/\u00dcberquerung1-11.19.02-768x1024.jpg\" alt=\"\" class=\"wp-image-1353\" srcset=\"https:\/\/blog.zhdk.ch\/auno\/files\/2020\/06\/\u00dcberquerung1-11.19.02-768x1024.jpg 768w, https:\/\/blog.zhdk.ch\/auno\/files\/2020\/06\/\u00dcberquerung1-11.19.02-225x300.jpg 225w, https:\/\/blog.zhdk.ch\/auno\/files\/2020\/06\/\u00dcberquerung1-11.19.02-113x150.jpg 113w, https:\/\/blog.zhdk.ch\/auno\/files\/2020\/06\/\u00dcberquerung1-11.19.02-1152x1536.jpg 1152w, https:\/\/blog.zhdk.ch\/auno\/files\/2020\/06\/\u00dcberquerung1-11.19.02-1200x1600.jpg 1200w, https:\/\/blog.zhdk.ch\/auno\/files\/2020\/06\/\u00dcberquerung1-11.19.02.jpg 1512w\" sizes=\"auto, (max-width: 768px) 100vw, 768px\" \/><\/figure>\n\n\n\n<figure class=\"wp-block-image alignwide size-large\"><img loading=\"lazy\" decoding=\"async\" width=\"1024\" height=\"683\" src=\"https:\/\/blog.zhdk.ch\/auno\/files\/2020\/06\/Gefallen1Web-1024x683.jpg\" alt=\"\" class=\"wp-image-1335\" srcset=\"https:\/\/blog.zhdk.ch\/auno\/files\/2020\/06\/Gefallen1Web-1024x683.jpg 1024w, https:\/\/blog.zhdk.ch\/auno\/files\/2020\/06\/Gefallen1Web-300x200.jpg 300w, https:\/\/blog.zhdk.ch\/auno\/files\/2020\/06\/Gefallen1Web-150x100.jpg 150w, https:\/\/blog.zhdk.ch\/auno\/files\/2020\/06\/Gefallen1Web-768x512.jpg 768w, https:\/\/blog.zhdk.ch\/auno\/files\/2020\/06\/Gefallen1Web-1536x1024.jpg 1536w, https:\/\/blog.zhdk.ch\/auno\/files\/2020\/06\/Gefallen1Web-1200x800.jpg 1200w, https:\/\/blog.zhdk.ch\/auno\/files\/2020\/06\/Gefallen1Web.jpg 1920w\" sizes=\"auto, (max-width: 1024px) 100vw, 1024px\" \/><\/figure>\n\n\n\n<figure class=\"wp-block-gallery columns-1 is-cropped wp-block-gallery-1 is-layout-flex wp-block-gallery-is-layout-flex\"><ul class=\"blocks-gallery-grid\"><li class=\"blocks-gallery-item\"><figure><img loading=\"lazy\" decoding=\"async\" width=\"683\" height=\"1024\" src=\"https:\/\/blog.zhdk.ch\/auno\/files\/2020\/06\/Zersplittert1Web-683x1024.jpg\" alt=\"\" data-id=\"1337\" data-full-url=\"https:\/\/blog.zhdk.ch\/auno\/files\/2020\/06\/Zersplittert1Web.jpg\" data-link=\"https:\/\/blog.zhdk.ch\/auno\/andrea-todisco\/zersplittert1web\/\" class=\"wp-image-1337\" srcset=\"https:\/\/blog.zhdk.ch\/auno\/files\/2020\/06\/Zersplittert1Web-683x1024.jpg 683w, https:\/\/blog.zhdk.ch\/auno\/files\/2020\/06\/Zersplittert1Web-200x300.jpg 200w, https:\/\/blog.zhdk.ch\/auno\/files\/2020\/06\/Zersplittert1Web-100x150.jpg 100w, https:\/\/blog.zhdk.ch\/auno\/files\/2020\/06\/Zersplittert1Web-768x1152.jpg 768w, https:\/\/blog.zhdk.ch\/auno\/files\/2020\/06\/Zersplittert1Web-1024x1536.jpg 1024w, https:\/\/blog.zhdk.ch\/auno\/files\/2020\/06\/Zersplittert1Web-1200x1800.jpg 1200w, https:\/\/blog.zhdk.ch\/auno\/files\/2020\/06\/Zersplittert1Web.jpg 1280w\" sizes=\"auto, (max-width: 683px) 100vw, 683px\" \/><\/figure><\/li><\/ul><\/figure>\n\n\n\n<hr class=\"wp-block-separator\" \/>\n\n\n\n<p style=\"font-size:40px\">17.5.2020<\/p>\n\n\n\n<p>Es hatte drei Tage in Folge geregnet. Ich rechnete mit viel Wasser und einer sehr schwierigen Fluss\u00fcberquerung. Ich war vorbereitet. Doch entgegen meinen Erwartungen, war alles ganz einfach.<\/p>\n\n\n\n<figure class=\"wp-block-image alignwide size-large\"><img loading=\"lazy\" decoding=\"async\" width=\"1024\" height=\"683\" src=\"https:\/\/blog.zhdk.ch\/auno\/files\/2020\/06\/\u00fcberquerung2weg-1024x683.jpg\" alt=\"\" class=\"wp-image-1355\" srcset=\"https:\/\/blog.zhdk.ch\/auno\/files\/2020\/06\/\u00fcberquerung2weg-1024x683.jpg 1024w, https:\/\/blog.zhdk.ch\/auno\/files\/2020\/06\/\u00fcberquerung2weg-300x200.jpg 300w, https:\/\/blog.zhdk.ch\/auno\/files\/2020\/06\/\u00fcberquerung2weg-150x100.jpg 150w, https:\/\/blog.zhdk.ch\/auno\/files\/2020\/06\/\u00fcberquerung2weg-768x512.jpg 768w, https:\/\/blog.zhdk.ch\/auno\/files\/2020\/06\/\u00fcberquerung2weg-1536x1024.jpg 1536w, https:\/\/blog.zhdk.ch\/auno\/files\/2020\/06\/\u00fcberquerung2weg-1200x800.jpg 1200w, https:\/\/blog.zhdk.ch\/auno\/files\/2020\/06\/\u00fcberquerung2weg.jpg 1920w\" sizes=\"auto, (max-width: 1024px) 100vw, 1024px\" \/><\/figure>\n\n\n\n<p>Dies hing wohl damit zusammen, dass Sonntag war. An diesem Tag ist das Ausgleichsbecken weiter oben am Fluss, welches Strom produziert, nicht in Betrieb und l\u00e4sst kein Wasser ab.<\/p>\n\n\n\n<p>Der nicht kanalisierte Flussabschnitt wird oft als eine Oase, als ein unber\u00fchrtes Paradies wahrgenommen. Doch in Wirklichkeit ist nur schon der Wasserspiegel st\u00e4rker von der Stromproduktion als vom Wetter abh\u00e4ngig.<\/p>\n\n\n\n<figure class=\"wp-block-image alignwide size-large\"><img loading=\"lazy\" decoding=\"async\" width=\"1024\" height=\"683\" src=\"https:\/\/blog.zhdk.ch\/auno\/files\/2020\/06\/Gefallen2Web-1024x683.jpg\" alt=\"\" class=\"wp-image-1339\" srcset=\"https:\/\/blog.zhdk.ch\/auno\/files\/2020\/06\/Gefallen2Web-1024x683.jpg 1024w, https:\/\/blog.zhdk.ch\/auno\/files\/2020\/06\/Gefallen2Web-300x200.jpg 300w, https:\/\/blog.zhdk.ch\/auno\/files\/2020\/06\/Gefallen2Web-150x100.jpg 150w, https:\/\/blog.zhdk.ch\/auno\/files\/2020\/06\/Gefallen2Web-768x512.jpg 768w, https:\/\/blog.zhdk.ch\/auno\/files\/2020\/06\/Gefallen2Web-1536x1024.jpg 1536w, https:\/\/blog.zhdk.ch\/auno\/files\/2020\/06\/Gefallen2Web-1200x800.jpg 1200w, https:\/\/blog.zhdk.ch\/auno\/files\/2020\/06\/Gefallen2Web.jpg 1920w\" sizes=\"auto, (max-width: 1024px) 100vw, 1024px\" \/><\/figure>\n\n\n\n<p style=\"font-size:40px\">1.6.2020<\/p>\n\n\n\n<figure class=\"wp-block-image alignwide size-large\"><img loading=\"lazy\" decoding=\"async\" width=\"1024\" height=\"683\" src=\"https:\/\/blog.zhdk.ch\/auno\/files\/2020\/06\/IMG_7517-1024x683.jpg\" alt=\"\" class=\"wp-image-2311\" srcset=\"https:\/\/blog.zhdk.ch\/auno\/files\/2020\/06\/IMG_7517-1024x683.jpg 1024w, https:\/\/blog.zhdk.ch\/auno\/files\/2020\/06\/IMG_7517-300x200.jpg 300w, https:\/\/blog.zhdk.ch\/auno\/files\/2020\/06\/IMG_7517-150x100.jpg 150w, https:\/\/blog.zhdk.ch\/auno\/files\/2020\/06\/IMG_7517-768x512.jpg 768w, https:\/\/blog.zhdk.ch\/auno\/files\/2020\/06\/IMG_7517-1536x1024.jpg 1536w, https:\/\/blog.zhdk.ch\/auno\/files\/2020\/06\/IMG_7517-1200x800.jpg 1200w, https:\/\/blog.zhdk.ch\/auno\/files\/2020\/06\/IMG_7517.jpg 1920w\" sizes=\"auto, (max-width: 1024px) 100vw, 1024px\" \/><\/figure>\n\n\n\n<p>Die Dokumentation wird fortgesetzt.<\/p>\n","protected":false},"excerpt":{"rendered":"<p>Das Nest (2020, 90 x 90 x 700 cm, Holz, Strausseneier) Dokumentation Das Projekt beginnt mit der Idee, ein Straussennest in mehreren Metern H\u00f6he zu bauen. Str\u00e4usse k\u00f6nnen nicht fliegen. Eines Nachmittags habe ich meinem Bruder gesagt, ich m\u00fcsse ein Nest bauen, wisse aber nicht, wie das gehe. Er antwortete mir, ich solle doch einen [&hellip;]<\/p>\n","protected":false},"author":4369,"featured_media":0,"parent":639,"menu_order":0,"comment_status":"closed","ping_status":"closed","template":"","meta":{"ngg_post_thumbnail":0,"footnotes":""},"class_list":["post-1035","page","type-page","status-publish","hentry"],"_links":{"self":[{"href":"https:\/\/blog.zhdk.ch\/auno\/wp-json\/wp\/v2\/pages\/1035","targetHints":{"allow":["GET"]}}],"collection":[{"href":"https:\/\/blog.zhdk.ch\/auno\/wp-json\/wp\/v2\/pages"}],"about":[{"href":"https:\/\/blog.zhdk.ch\/auno\/wp-json\/wp\/v2\/types\/page"}],"author":[{"embeddable":true,"href":"https:\/\/blog.zhdk.ch\/auno\/wp-json\/wp\/v2\/users\/4369"}],"replies":[{"embeddable":true,"href":"https:\/\/blog.zhdk.ch\/auno\/wp-json\/wp\/v2\/comments?post=1035"}],"version-history":[{"count":7,"href":"https:\/\/blog.zhdk.ch\/auno\/wp-json\/wp\/v2\/pages\/1035\/revisions"}],"predecessor-version":[{"id":2327,"href":"https:\/\/blog.zhdk.ch\/auno\/wp-json\/wp\/v2\/pages\/1035\/revisions\/2327"}],"up":[{"embeddable":true,"href":"https:\/\/blog.zhdk.ch\/auno\/wp-json\/wp\/v2\/pages\/639"}],"wp:attachment":[{"href":"https:\/\/blog.zhdk.ch\/auno\/wp-json\/wp\/v2\/media?parent=1035"}],"curies":[{"name":"wp","href":"https:\/\/api.w.org\/{rel}","templated":true}]}}