{"id":2803,"date":"2021-04-15T15:47:53","date_gmt":"2021-04-15T13:47:53","guid":{"rendered":"https:\/\/blog.zhdk.ch\/auno\/?page_id=2803"},"modified":"2021-05-10T12:11:17","modified_gmt":"2021-05-10T10:11:17","slug":"art-ort-e","status":"publish","type":"page","link":"https:\/\/blog.zhdk.ch\/auno\/","title":{"rendered":"an invitation to a lingering walk &#8211; tap the map"},"content":{"rendered":"\n<div class=\"wp-block-columns is-layout-flex wp-container-core-columns-is-layout-9d6595d7 wp-block-columns-is-layout-flex\">\n<div class=\"wp-block-column is-layout-flow wp-block-column-is-layout-flow\" style=\"flex-basis:100%\">\n<div class=\"wp-block-group\"><div class=\"wp-block-group__inner-container is-layout-flow wp-block-group-is-layout-flow\">\n<img decoding=\"async\" src=\"https:\/\/blog.zhdk.ch\/auno\/files\/2021\/04\/map-scaled.jpg\" usemap=\"#image-map\">\n\n<map name=\"image-map\">\n    <area target=\"\" alt=\"\" title=\"\" href=\"http:\/\/nofuture.net\/auno-ort-e.html\" coords=\"0,0,2556,1439\" shape=\"rect\">\n<\/map>\n<\/div><\/div>\n<\/div>\n<\/div>\n\n\n\n<div class=\"wp-block-columns is-layout-flex wp-container-core-columns-is-layout-9d6595d7 wp-block-columns-is-layout-flex\">\n<div class=\"wp-block-column is-layout-flow wp-block-column-is-layout-flow\" style=\"flex-basis:100%\">\n<div class=\"wp-block-columns is-layout-flex wp-container-core-columns-is-layout-9d6595d7 wp-block-columns-is-layout-flex\">\n<div class=\"wp-block-column is-layout-flow wp-block-column-is-layout-flow\" style=\"flex-basis:100%\">\n<p><em>Bitte Smartphone, Kopfh\u00f6rer und Internetzuguang mitbringen!<\/em><\/p>\n\n\n\n<p>Wir laden ein zu einem Spaziergang durch Z\u00fcrich mit 10 k\u00fcnstlerischen Arbeiten von 13 Studierenden. Sie untersuchen und entwerfen Orte im st\u00e4dtischen Raum als Schnittpunkte von Bewegungen, Pr\u00e4senzen und Absenzen, menschlichem und nichtmenschlichem Leben, voll Kontinuit\u00e4ten und Br\u00fcchen, \u00dcberg\u00e4ngen und  Verwicklungen. <br>Die Arbeiten sind im vierten Semester w\u00e4hrend der globalen Gesundheitskrise entstanden, als die M\u00f6glichkeiten von Bewegungen und Begegnungen unklarer waren als je zuvor. Der Spaziergang erm\u00f6glicht Erfahrungen mit unterschiedlichen Zeitlichkeiten; das Vorher, das Jetzt und das Zuk\u00fcnftige verschr\u00e4nkt und loopt sich durch das Orts- und Netzspezifische. <br><br>_<br><br><em>Please bring your smartphone, headphones and internet access!<\/em><\/p>\n\n\n\n<p>We invite you to take a walk through Zurich with 10 artistic works by 13 students. They examine and conceive places in urban space as intersections of movements, presences and absences, human and non-human life, full of continuities and ruptures, transitions and entanglements.\u00a0<br>The works were created in the fourth semester during the global health crisis, when the possibilities of movements and encounters were more uncertain than ever before. The walk allows experiences of different temporalities; the before, the now and the future intertwine and loop through the site-specific and the net-specific.<\/p>\n\n\n\n<p>&#8211;<\/p>\n\n\n\n<p>mit \/ with:<br><a href=\"https:\/\/blog.zhdk.ch\/auno\/art-ort-e\/nam\/\">Zhao Yue Fan \/ Ayana Curschellas \/ Vy Linh Nguyen<\/a><br><a href=\"https:\/\/blog.zhdk.ch\/auno\/art-ort-e\/vital-romero\/\">Vital Romero<\/a><br><a href=\"https:\/\/blog.zhdk.ch\/auno\/art-ort-e\/simon-frey\/\">Simon Frey<\/a><br><a href=\"https:\/\/blog.zhdk.ch\/auno\/art-ort-e\/wsmgr\/\">Matthias Gaudenz Riedo<\/a><br><a href=\"https:\/\/blog.zhdk.ch\/auno\/art-ort-e\/florian-briw-ivan-minichiello\/\">Florian Briw \/ Ivan Minichiello<\/a><br><a href=\"https:\/\/blog.zhdk.ch\/auno\/art-ort-e\/duke-aslani\/\">Duke Aslani<\/a><br><a href=\"https:\/\/blog.zhdk.ch\/auno\/art-ort-e\/daniel-dueringer\/\">Daniel D\u00fcringer<\/a><br><a href=\"https:\/\/blog.zhdk.ch\/auno\/art-ort-e\/andrea-todisco\/\">Andrea Todisco<\/a><br><a href=\"https:\/\/blog.zhdk.ch\/auno\/art-ort-e\/amanda-del-valle\/\">Amanda del Valle<\/a><br><a href=\"https:\/\/blog.zhdk.ch\/auno\/art-ort-e\/maledetta-primavera\/\">Alison Antonioli<\/a><\/p>\n<\/div>\n<\/div>\n\n\n\n<p><a href=\"https:\/\/www.google.com\/maps\/d\/edit?mid=1uo2O0Gl7IL914wgARxNd1rZEATYMc8cv&amp;ll=47.36870025730053%2C8.53090930162764&amp;z=14\">Locations<\/a><\/p>\n<\/div>\n<\/div>\n\n\n\n<p>(Developed in the 4th Praxismodul BA Fine Arts, ZHdK with Franziska Koch, Jasmine Gregory, Felix Stalder)<\/p>\n","protected":false},"excerpt":{"rendered":"<p>Bitte Smartphone, Kopfh\u00f6rer und Internetzuguang mitbringen! Wir laden ein zu einem Spaziergang durch Z\u00fcrich mit 10 k\u00fcnstlerischen Arbeiten von 13 Studierenden. Sie untersuchen und entwerfen Orte im st\u00e4dtischen Raum als Schnittpunkte von Bewegungen, Pr\u00e4senzen und Absenzen, menschlichem und nichtmenschlichem Leben, voll Kontinuit\u00e4ten und Br\u00fcchen, \u00dcberg\u00e4ngen und Verwicklungen. Die Arbeiten sind im vierten Semester w\u00e4hrend der [&hellip;]<\/p>\n","protected":false},"author":4369,"featured_media":0,"parent":0,"menu_order":0,"comment_status":"closed","ping_status":"closed","template":"templates\/template-full-width.php","meta":{"ngg_post_thumbnail":0,"footnotes":""},"class_list":["post-2803","page","type-page","status-publish","hentry"],"_links":{"self":[{"href":"https:\/\/blog.zhdk.ch\/auno\/wp-json\/wp\/v2\/pages\/2803","targetHints":{"allow":["GET"]}}],"collection":[{"href":"https:\/\/blog.zhdk.ch\/auno\/wp-json\/wp\/v2\/pages"}],"about":[{"href":"https:\/\/blog.zhdk.ch\/auno\/wp-json\/wp\/v2\/types\/page"}],"author":[{"embeddable":true,"href":"https:\/\/blog.zhdk.ch\/auno\/wp-json\/wp\/v2\/users\/4369"}],"replies":[{"embeddable":true,"href":"https:\/\/blog.zhdk.ch\/auno\/wp-json\/wp\/v2\/comments?post=2803"}],"version-history":[{"count":82,"href":"https:\/\/blog.zhdk.ch\/auno\/wp-json\/wp\/v2\/pages\/2803\/revisions"}],"predecessor-version":[{"id":4357,"href":"https:\/\/blog.zhdk.ch\/auno\/wp-json\/wp\/v2\/pages\/2803\/revisions\/4357"}],"wp:attachment":[{"href":"https:\/\/blog.zhdk.ch\/auno\/wp-json\/wp\/v2\/media?parent=2803"}],"curies":[{"name":"wp","href":"https:\/\/api.w.org\/{rel}","templated":true}]}}