{"id":2903,"date":"2021-04-15T16:07:12","date_gmt":"2021-04-15T14:07:12","guid":{"rendered":"https:\/\/blog.zhdk.ch\/auno\/?page_id=2903"},"modified":"2021-05-06T18:32:17","modified_gmt":"2021-05-06T16:32:17","slug":"florian-briw-ivan-minichiello","status":"publish","type":"page","link":"https:\/\/blog.zhdk.ch\/auno\/art-ort-e\/florian-briw-ivan-minichiello\/","title":{"rendered":"Partielle Stadtreinigung"},"content":{"rendered":"\n<p class=\"has-text-align-left\"><strong>Ivan Minichiello &amp; Florian Briw<\/strong><\/p>\n\n\n\n<p><a rel=\"noreferrer noopener\" href=\"https:\/\/goo.gl\/maps\/pMXvGQqG6J3VvuWN8\" data-type=\"URL\" data-id=\"https:\/\/goo.gl\/maps\/pMXvGQqG6J3VvuWN8\" target=\"_blank\">Heinrichstrasse 221, 8005 Z\u00fcrich<\/a> <\/p>\n\n\n\n<p>In der linken unteren Ecke des Brunnens.<\/p>\n\n\n\n<p><\/p>\n\n\n\n<p><a rel=\"noreferrer noopener\" href=\"https:\/\/goo.gl\/maps\/ks1HNRW9YPcZ2VZm8\" target=\"_blank\" data-type=\"URL\" data-id=\"https:\/\/goo.gl\/maps\/ks1HNRW9YPcZ2VZm8\">Josefstrasse 214, 8005 Z\u00fcrich<\/a><\/p>\n\n\n\n<p>Vis-\u00e0-vis der Adresse Josefstrasse 214, hinter der Sitzbank.<\/p>\n\n\n\n<figure class=\"wp-block-embed is-type-video is-provider-youtube wp-block-embed-youtube wp-embed-aspect-16-9 wp-has-aspect-ratio\"><div class=\"wp-block-embed__wrapper\">\n<iframe loading=\"lazy\" title=\"Partielle Stadtreinigung Z\u00fcrich\" width=\"580\" height=\"326\" src=\"https:\/\/www.youtube.com\/embed\/tHHUlS_khdo?feature=oembed\" frameborder=\"0\" allow=\"accelerometer; autoplay; clipboard-write; encrypted-media; gyroscope; picture-in-picture; web-share\" referrerpolicy=\"strict-origin-when-cross-origin\" allowfullscreen><\/iframe>\n<\/div><\/figure>\n\n\n\n<p class=\"has-text-align-left\">Putzen heisst Sorge tragen, auf etwas aufpassen. Es ist ein tempor\u00e4rer Zustand, der nie lange anh\u00e4lt und immer wieder von neuem beginnt. Wir putzen nicht nur aus \u00e4sthetischen und gesundheitlichen Gr\u00fcnden, sondern auch, um Dinge zu pflegen, sie zu erhalten.&nbsp;Wir haben uns \u00fcberlegt, wie es eigentlich in den St\u00e4dten aussieht. Was passiert dort, wenn man einen Teil einer Wand oder des Bodens putzt?&nbsp;Es wird Schmutz sichtbar gemacht. Es werden Mikroorganismen, Moose, Flechten und eine ganze Menge an angesammeltem Feinstaub entfernt, beziehungsweise verschoben. Es ist ein Aushandeln von Lebensraum, das Entfernen eines gewissen Teils um ihn von neuem wachsen zu lassen. Durch das Reinigen wird Zeit sichtbar gemacht oder zumindest die Ablagerungen einer gewissen Zeitspanne. Diesen Nullpunkt, den wir erarbeitet haben, hielten wir in einem Video fest, um beim \u00abWalk\u00bb durch Z\u00fcrich einen visuellen Referenzpunkt zu haben.\u2029<\/p>\n\n\n\n<p><\/p>\n","protected":false},"excerpt":{"rendered":"<p>Ivan Minichiello &amp; Florian Briw Heinrichstrasse 221, 8005 Z\u00fcrich In der linken unteren Ecke des Brunnens. Josefstrasse 214, 8005 Z\u00fcrich Vis-\u00e0-vis der Adresse Josefstrasse 214, hinter der Sitzbank. Putzen heisst Sorge tragen, auf etwas aufpassen. Es ist ein tempor\u00e4rer Zustand, der nie lange anh\u00e4lt und immer wieder von neuem beginnt. Wir putzen nicht nur aus [&hellip;]<\/p>\n","protected":false},"author":4369,"featured_media":0,"parent":2803,"menu_order":0,"comment_status":"closed","ping_status":"closed","template":"","meta":{"ngg_post_thumbnail":0,"footnotes":""},"class_list":["post-2903","page","type-page","status-publish","hentry"],"_links":{"self":[{"href":"https:\/\/blog.zhdk.ch\/auno\/wp-json\/wp\/v2\/pages\/2903","targetHints":{"allow":["GET"]}}],"collection":[{"href":"https:\/\/blog.zhdk.ch\/auno\/wp-json\/wp\/v2\/pages"}],"about":[{"href":"https:\/\/blog.zhdk.ch\/auno\/wp-json\/wp\/v2\/types\/page"}],"author":[{"embeddable":true,"href":"https:\/\/blog.zhdk.ch\/auno\/wp-json\/wp\/v2\/users\/4369"}],"replies":[{"embeddable":true,"href":"https:\/\/blog.zhdk.ch\/auno\/wp-json\/wp\/v2\/comments?post=2903"}],"version-history":[{"count":19,"href":"https:\/\/blog.zhdk.ch\/auno\/wp-json\/wp\/v2\/pages\/2903\/revisions"}],"predecessor-version":[{"id":4317,"href":"https:\/\/blog.zhdk.ch\/auno\/wp-json\/wp\/v2\/pages\/2903\/revisions\/4317"}],"up":[{"embeddable":true,"href":"https:\/\/blog.zhdk.ch\/auno\/wp-json\/wp\/v2\/pages\/2803"}],"wp:attachment":[{"href":"https:\/\/blog.zhdk.ch\/auno\/wp-json\/wp\/v2\/media?parent=2903"}],"curies":[{"name":"wp","href":"https:\/\/api.w.org\/{rel}","templated":true}]}}