{"id":12,"date":"2009-11-13T01:34:12","date_gmt":"2009-11-12T23:34:12","guid":{"rendered":"https:\/\/blog.zhdk.ch\/authenticity\/?page_id=12"},"modified":"2009-11-18T11:26:15","modified_gmt":"2009-11-18T09:26:15","slug":"info","status":"publish","type":"page","link":"https:\/\/blog.zhdk.ch\/authenticity\/info\/","title":{"rendered":"Projekt"},"content":{"rendered":"<p>Ein Forschungsprojekt von Imanuel Schipper, gef\u00f6rdert vom <strong>Schweizer Nationalfond (DORE)<\/strong>, angegliedert am <strong>Institut <\/strong><strong>Design2context<\/strong> der <strong>Z\u00fcrcher Hochschule der K\u00fcnste<\/strong> in Kooperation mit dem <strong>Institut f\u00fcr Angewandte Theaterwissenschaften<\/strong> der Justus-Liebig-Universit\u00e4t, Giessen.<\/p>\n<h3 style=\"font-size: 1.17em\">Dauer<\/h3>\n<p>September 2009 \u2013 November 2010<\/p>\n<h3 style=\"font-size: 1.17em\">Aktuelle Information zum Forschungsprojekt<\/h3>\n<p>https:\/\/blog.zhdk.ch\/authenticity<\/p>\n<h3 style=\"font-size: 1.17em\">Fragestellung<\/h3>\n<p>L\u00e4sst sich im Kontext Theater ein allgemein verst\u00e4ndlicher Begriff von Authentizit\u00e4t entwickeln? Wie wurde und wird er in diesem Zusammenhang benutzt?<\/p>\n<p>Inwieweit ist \u201eauthentisch\u201c ein ph\u00e4nomenales Attribut? Inwieweit entsteht \u201eAuthentizit\u00e4t\u201c eher auf der Seite des Betrachters?<\/p>\n<p>Ist die Kreation bzw. Konstruktion bzw. Gestaltung von Authentizit\u00e4t m\u00f6glich?<\/p>\n<p>Welche Strategien unterst\u00fctzen die Entstehung eines Authentizit\u00e4tsgef\u00fchls?<\/p>\n<p>Wie k\u00f6nnen \u201eauthentisch\u201c wahrgenommene Momente im Theater umschrieben oder anders beschrieben werden?<\/p>\n<p>Woher kommt die momentane verst\u00e4rkte Sehnsucht nach \u201eauthentischen\u201c Erlebnissen. Was ist damit wirklich gemeint?<\/p>\n<h3 style=\"font-size: 1.17em\">Forschungsschwerpunkte<\/h3>\n<p>1) Forschung am Begriff und seiner Darstellung\t(Literaturstudium, Diskursanalyse, Auff\u00fchrungsanalysen)<\/p>\n<p>2) Forschung auf der Seite der Kreation\/Produktion\t(Begleitende Beobachtung von Probeprozessen, Qualitative Interviews)<\/p>\n<p>3) Forschung auf der Seite der Rezeption\t (Qualitative Interviews)<\/p>\n<p style=\"margin: 0.0px 0.0px 0.0px 0.0px;font: 32.0px Helvetica Neue UltraLight\">\n","protected":false},"excerpt":{"rendered":"<p>Ein Forschungsprojekt von Imanuel Schipper, gef\u00f6rdert vom Schweizer Nationalfond (DORE), angegliedert am Institut Design2context der Z\u00fcrcher Hochschule der K\u00fcnste in Kooperation mit dem Institut f\u00fcr Angewandte Theaterwissenschaften der Justus-Liebig-Universit\u00e4t, Giessen. Dauer September 2009 \u2013 November 2010 Aktuelle Information zum Forschungsprojekt https:\/\/blog.zhdk.ch\/authenticity Fragestellung L\u00e4sst sich im Kontext Theater ein allgemein verst\u00e4ndlicher Begriff von Authentizit\u00e4t entwickeln? Wie [&hellip;]<\/p>\n","protected":false},"author":157,"featured_media":0,"parent":0,"menu_order":1,"comment_status":"open","ping_status":"open","template":"","meta":{"ngg_post_thumbnail":0,"footnotes":""},"class_list":["post-12","page","type-page","status-publish","hentry"],"_links":{"self":[{"href":"https:\/\/blog.zhdk.ch\/authenticity\/wp-json\/wp\/v2\/pages\/12","targetHints":{"allow":["GET"]}}],"collection":[{"href":"https:\/\/blog.zhdk.ch\/authenticity\/wp-json\/wp\/v2\/pages"}],"about":[{"href":"https:\/\/blog.zhdk.ch\/authenticity\/wp-json\/wp\/v2\/types\/page"}],"author":[{"embeddable":true,"href":"https:\/\/blog.zhdk.ch\/authenticity\/wp-json\/wp\/v2\/users\/157"}],"replies":[{"embeddable":true,"href":"https:\/\/blog.zhdk.ch\/authenticity\/wp-json\/wp\/v2\/comments?post=12"}],"version-history":[{"count":17,"href":"https:\/\/blog.zhdk.ch\/authenticity\/wp-json\/wp\/v2\/pages\/12\/revisions"}],"predecessor-version":[{"id":91,"href":"https:\/\/blog.zhdk.ch\/authenticity\/wp-json\/wp\/v2\/pages\/12\/revisions\/91"}],"wp:attachment":[{"href":"https:\/\/blog.zhdk.ch\/authenticity\/wp-json\/wp\/v2\/media?parent=12"}],"curies":[{"name":"wp","href":"https:\/\/api.w.org\/{rel}","templated":true}]}}