{"id":75,"date":"2009-11-17T18:32:51","date_gmt":"2009-11-17T16:32:51","guid":{"rendered":"https:\/\/blog.zhdk.ch\/authenticity\/?page_id=75"},"modified":"2010-06-21T15:55:52","modified_gmt":"2010-06-21T13:55:52","slug":"produktionen","status":"publish","type":"page","link":"https:\/\/blog.zhdk.ch\/authenticity\/produktionen\/","title":{"rendered":"Produktionen"},"content":{"rendered":"<p>Wallenstein,\u00a0 <a href=\"http:\/\/www.rimini-protokoll.de\/website\/de\/\">Rimini Protokoll<\/a> 2005<br \/>\nPrater Saga3, <a href=\"http:\/\/www.myspace.com\/renepollesch\">Ren\u00e9 Pollesch<\/a> 2005<br \/>\nWoyzeck, <a href=\"http:\/\/www.paraform.ch\/\">Boris Nikitin<\/a> 2007<br \/>\nKitchen, <a href=\"http:\/\/www.gobsquad.com\/\">Gob Squad<\/a> 2007<br \/>\nSaving the World, <a href=\"http:\/\/www.gobsquad.com\/\">Gob Squad<\/a> 2007<br \/>\nV\u00e4ter, Alvis Hermanis 2007<br \/>\nMade in Paradise, <a href=\"http:\/\/www.duyvendak.com\/\">Yan Duyvendak<\/a> 2007<br \/>\nOthello, c`est qui, <a href=\"http:\/\/www.gintersdorferklassen.org\/\">Gintersdorfer\/Klassen<\/a> 2008<br \/>\nK\u00f6lner Affaire, Alvis Hermanis 2008<br \/>\nMuezzin, <a href=\"http:\/\/www.rimini-protokoll.de\/website\/de\/\">Stefan Kaegi <\/a>2008<br \/>\nSpectacular, <a href=\"http:\/\/www.forcedentertainment.com\/\">Forced Entertainment<\/a> 2008<br \/>\nBlack Tie, <a href=\"http:\/\/www.rimini-protokoll.de\/website\/de\/\">Rimini Protokoll<\/a> 2008<br \/>\nMy life after, <a href=\"http:\/\/www.lolaarias.com.ar\/\">Lola Arias<\/a> 2009<br \/>\nThe Shipment, <a href=\"http:\/\/www.youngjeanlee.org\/\">Young Jean Lee<\/a> 2009<br \/>\n&#8222;revolution now!&#8220;, <a href=\"http:\/\/www.gobsquad.com\/\">Gob Squad<\/a> 2009<br \/>\nF wie F\u00e4lschung, <a href=\"http:\/\/www.paraform.ch\/\">Boris Nikitin<\/a> 2009<br \/>\n2beornot2be, <a href=\"http:\/\/www.lukperceval.info\/\">Luk Perceval<\/a> 2009<br \/>\nThe Truth about the Kennedys, <a href=\"http:\/\/www.lukperceval.info\/\">Luk Perceval <\/a>2009<br \/>\n<a href=\"http:\/\/www.mea-culpa.at\/\">Mea Culpa<\/a>,<a href=\"http:\/\/www.schlingensief.com\/\"> Christoph Schlingensief<\/a>, 2009<br \/>\nImitation of Life, <a href=\"http:\/\/www.paraform.ch\/\">Boris Nikitin<\/a> 2009<br \/>\nHeuschrecken, <a href=\"http:\/\/www.rimini-protokoll.de\/website\/de\/\">Stefan Kaegi<\/a> 2009<br \/>\nSicherheitskonferenz, <a href=\"http:\/\/www.rimini-protokoll.de\/website\/de\/\">Stefan Kaegi<\/a> 2009<br \/>\nFamilienbande, <a href=\"http:\/\/www.lolaarias.com.ar\/\">Lola Arias<\/a> 2009<br \/>\n&#8222;V\u00f9ng bi\u00ean gi\u00f3 i&#8220;, <a href=\"http:\/\/www.rimini-protokoll.de\/website\/de\/\">Rimini Protokoll<\/a> 2009<br \/>\nNoch Nicht, <a href=\"http:\/\/www.hofmannundlindholm.de\/\">Hofmann&amp;Lindholm<\/a> 2009<br \/>\nHeiler werden, <a href=\"http:\/\/www.capriconnection.ch\/\">Capri Connection<\/a> 2009<br \/>\nMausoleum Buffo, <a href=\"http:\/\/www.andco.de\/\">Andcompany<\/a> 2009<br \/>\nMarienbad:coming soon, <a href=\"http:\/\/www.bernhardmikeska.de\/\">mikeska:plus:blendwerk<\/a> 2009<br \/>\nDie letzten Tage der Ceausescus, <a href=\"http:\/\/www.international-institute.de\/\">Milo Rau <\/a>2009<br \/>\nWir retten Zu\u0308rich &#8211; Eine Evakuierung in 12 Schritten, <a href=\"http:\/\/www.gessnerallee.ch\/de\/festivals_reihen\/festival\/35\/index.html\">Theaterhaus Gessnerallee <\/a>2009\/2010<br \/>\nBest Before,<a href=\"http:\/\/www.rimini-protokoll.de\/website\/de\/\"> Rimini Protokoll<\/a> 2010<br \/>\nBasler Unruhen, <a href=\"http:\/\/www.hofmannundlindholm.de\/\">Hofmann&amp;Lindholm <\/a>2010<br \/>\n100 Prozent Wien, <a href=\"http:\/\/www.rimini-protokoll.de\/website\/de\/\">Rimini Protokoll<\/a> 2010<br \/>\nThe Making of Bull: The True Story, <a href=\"http:\/\/www.stacymakishi.com\/\">Stacy Makishi<\/a> 2010<br \/>\nMy State, <a href=\"http:\/\/faradaycage.ch\">Far A Day Cage<\/a>, 2010<br \/>\nMy Arm, <a href=\"http:\/\/www.connected-uk.org\/tim-crouch\/\">Tim Crouch<\/a>, 2010<br \/>\nDress Me Up In Your Love, <a href=\"http:\/\/www.theatrereplacement.org\/\">Theater Replacement<\/a>, 2010<br \/>\nThe Best Sex I&#8217;ve Ever Had, <a href=\"http:\/\/www.mammalian.ca\/template.php?content=home\">Mammalian Diving Reflex<\/a>, 2010<\/p>\n","protected":false},"excerpt":{"rendered":"<p>Wallenstein,\u00a0 Rimini Protokoll 2005 Prater Saga3, Ren\u00e9 Pollesch 2005 Woyzeck, Boris Nikitin 2007 Kitchen, Gob Squad 2007 Saving the World, Gob Squad 2007 V\u00e4ter, Alvis Hermanis 2007 Made in Paradise, Yan Duyvendak 2007 Othello, c`est qui, Gintersdorfer\/Klassen 2008 K\u00f6lner Affaire, Alvis Hermanis 2008 Muezzin, Stefan Kaegi 2008 Spectacular, Forced Entertainment 2008 Black Tie, Rimini Protokoll [&hellip;]<\/p>\n","protected":false},"author":157,"featured_media":0,"parent":0,"menu_order":2,"comment_status":"open","ping_status":"open","template":"","meta":{"ngg_post_thumbnail":0,"footnotes":""},"class_list":["post-75","page","type-page","status-publish","hentry"],"_links":{"self":[{"href":"https:\/\/blog.zhdk.ch\/authenticity\/wp-json\/wp\/v2\/pages\/75","targetHints":{"allow":["GET"]}}],"collection":[{"href":"https:\/\/blog.zhdk.ch\/authenticity\/wp-json\/wp\/v2\/pages"}],"about":[{"href":"https:\/\/blog.zhdk.ch\/authenticity\/wp-json\/wp\/v2\/types\/page"}],"author":[{"embeddable":true,"href":"https:\/\/blog.zhdk.ch\/authenticity\/wp-json\/wp\/v2\/users\/157"}],"replies":[{"embeddable":true,"href":"https:\/\/blog.zhdk.ch\/authenticity\/wp-json\/wp\/v2\/comments?post=75"}],"version-history":[{"count":9,"href":"https:\/\/blog.zhdk.ch\/authenticity\/wp-json\/wp\/v2\/pages\/75\/revisions"}],"predecessor-version":[{"id":160,"href":"https:\/\/blog.zhdk.ch\/authenticity\/wp-json\/wp\/v2\/pages\/75\/revisions\/160"}],"wp:attachment":[{"href":"https:\/\/blog.zhdk.ch\/authenticity\/wp-json\/wp\/v2\/media?parent=75"}],"curies":[{"name":"wp","href":"https:\/\/api.w.org\/{rel}","templated":true}]}}