{"id":1530,"date":"2018-09-20T14:33:29","date_gmt":"2018-09-20T14:33:29","guid":{"rendered":"https:\/\/blog.zhdk.ch\/bewahrenbesondererkulturgueter\/?page_id=1530"},"modified":"2024-07-28T21:14:37","modified_gmt":"2024-07-28T21:14:37","slug":"archiv-und-sammlung-hermann-rorschach","status":"publish","type":"page","link":"https:\/\/blog.zhdk.ch\/bewahrenbesondererkulturgueter\/archiv-und-sammlung-hermann-rorschach\/","title":{"rendered":"Rorschach-Archiv"},"content":{"rendered":"<p><!--:de--><div id=\"attachment_65\" style=\"width: 1333px\" class=\"wp-caption alignnone\"><a href=\"https:\/\/blog.zhdk.ch\/bewahrenbesondererkulturgueter\/galerie-archiv-und-sammlung-hermann-rorschacher\/\"><img loading=\"lazy\" decoding=\"async\" aria-describedby=\"caption-attachment-65\" class=\"wp-image-65\" src=\"https:\/\/blog.zhdk.ch\/bewahrenbesondererkulturgueter\/files\/2018\/09\/Nachlass_HR_Anonym_MeineHand_MeineFaust_crop.jpg\" alt=\"\" width=\"1323\" height=\"420\" \/><\/a><p id=\"caption-attachment-65\" class=\"wp-caption-text\">Galerie<\/p><\/div><\/p>\n<p><a href=\"https:\/\/blog.zhdk.ch\/bewahrenbesondererkulturgueter\/files\/2024\/07\/BE_Rorschach_Kulturgueterinventar_Liste.pdf\">Liste Kulturg\u00fcterinventar Archiv und Sammlung Hermann Rorschach<\/a><\/p>\n<p><strong>Rorschach-Archiv im Institut f\u00fcr Medizingeschichte der Universit\u00e4t Bern. Nachlass des Psychiaters Hermann Rorschach (1884\u20131922)<\/strong><\/p>\n<p>Hermann Rorschach war in den Jahren 1909\u20131922 vor allem in den psychiatrischen Anstalten Waldau, M\u00fcnsterlingen und Herisau t\u00e4tig. In den beiden letztgenannten Kliniken entwickelte er auch sein psychodiagnostisches Verfahren, den sogenannten Rorschach-Test. Befreundet mit Walter Morgenthaler, interessierte auch er sich wie dieser f\u00fcr die gestalterischen Arbeiten seiner Patient_innen. Als Sohn eines Zeichenlehrers und selbst ein begabter Zeichner regte er diese sowohl in der Waldau wie in M\u00fcnsterlingen und Herisau aktiv zum Zeichnen an. Im Rorschach-Archiv in Bern befinden sich rund 121 Zeichnungen von Patient_innen aus den Kliniken M\u00fcnsterlingen und Herisau. Ein Teil davon stammt aus dem Nachlass Hermann Rorschachs, ein anderer fand sich im Nachlass des Psychiaters Georg A. Roemer, der 1919 als Assistenzarzt in Herisau arbeitete, und wurde ebenfalls dem Rorschach-Archiv \u00fcbergeben. Er enthielt Zeichnungen der Herisauer Patienten Ulrich Engler und Jakob Adolf Guggenb\u00fchl. Das Archiv wurde 1957 auf Initiative von Walter Morgenthaler gegr\u00fcndet, der sich nach dem fr\u00fchen Tod Rorschachs auch f\u00fcr die Verbreitung des Rorschach-Tests einsetzte.<\/p>\n<p><strong>Ausstellungen<\/strong> <\/p>\n<p>2018\u20132019 &#8222;Extraordinaire! Unbekannte Werke aus psychiatrischen Einrichtungen in der Schweiz um 1900&#8220;, Sammlung Prinzhorn, Heidelberg, Kunstmuseum Thun, LENTOS Kunstmuseum Linz (Katalog d\/e)<\/p>\n<p>2014\u20132015 &#8222;Auf der Seeseite der Kunst. 175 Jahre Psychiatrische Klinik M\u00fcnsterlingen&#8220;,<br \/>\n1. Dezember 2014 bis 14. M\u00e4rz 2015 im Museum im Lagerhaus, St. Gallen<br \/>\n1. April 2015 bis 22. Mai 2015 im Staatsarchiv des Kantons Thurgau, Frauenfeld (Katalog)<\/p>\n<p><strong>Literatur<\/strong><\/p>\n<p>Blum, Iris und Witschi, Peter (Hrsg.): Olga und Hermann Rorschach. Ein ungew\u00f6hnliches Psychiater-Ehepaar. Herisau 2008<\/p>\n<p>Germann, Urs, &#8222;Bildermachen in der Anstalt. \u00dcberlegungen zur Produktion des Visuellen in der Psychiatrie um 1900&#8220;, in: Luchsinger, Katrin, Salath\u00e9, Andr\u00e9, Dammann, Gerhard, Jagfeld, Monika (Hrsg.), Auf der Seeseite der Kunst. Werke aus der Psychiatrischen Klinik M\u00fcnsterlingen 1894-1960, Z\u00fcrich 2015, S. 17-26<\/p>\n<p>Luchsinger, Katrin, Hirsch, Helen, R\u00f6ske Thomas (Hrsg.), Extraordinaire! Unbekannte Werke aus psychiatrischen Einrichtungen in der Schweiz um 1900 \/ Extraordinairy! Unknown works from Swiss Psychiatric Institutions, Z\u00fcrich 2018<\/p>\n<p>Rorschach, Hermann, Psychodiagnostik. Methodik und Ergebnis eines wahrnehmungsdiagnostischen Experiments (Deutenlassen von Zufallsformen), Bern 1921<\/p>\n<p>Rorschach, Hermann, Gesammelte Aufs\u00e4tze, Bash, K. W. (Hrsg.), Bern 1965<\/p>\n<p>Rorschach, Hermann (1884-1922), Briefwechsel. M\u00fcller, Christian, Signer, Rita (Hrsg.), Bern 2004<\/p>\n<p>Signer, Rita, In der Verr\u00fccktheit das allgemein Menschliche, im Unsinn den Sinn suchen. Welche Bedeutung hatten Werke von Patientinnen und Patienten f\u00fcr Hermann Rorschach?, in: ebd., 27-36<!--:--><!--:en--><div id=\"attachment_65\" style=\"width: 1333px\" class=\"wp-caption alignnone\"><a href=\"https:\/\/blog.zhdk.ch\/bewahrenbesondererkulturgueter\/galerie-archiv-und-sammlung-hermann-rorschacher\/\"><img loading=\"lazy\" decoding=\"async\" aria-describedby=\"caption-attachment-65\" class=\"wp-image-65\" src=\"https:\/\/blog.zhdk.ch\/bewahrenbesondererkulturgueter\/files\/2018\/09\/Nachlass_HR_Anonym_MeineHand_MeineFaust_crop.jpg\" alt=\"\" width=\"1323\" height=\"420\" \/><\/a><p id=\"caption-attachment-65\" class=\"wp-caption-text\">Galerie<\/p><\/div><\/p>\n<p><a href=\"https:\/\/blog.zhdk.ch\/bewahrenbesondererkulturgueter\/files\/2024\/07\/BE_Rorschach_Kulturgueterinventar_Liste.pdf\">Inventory Archive and collection of Hermann Rorschach<\/a><\/p>\n<p><strong>Rorschach Archive at the Institute for the History of Medicine at the University of Bern. Estate of the psychiatrist Hermann Rorschach (1884-1922)<\/strong><\/p>\n<p>Hermann Rorschach was primarily active in the years 1909\u20131922 at the psychiatric hospitals in Waldau, M\u00fcnsterlingen and Herisau. At the latter two institutions, he developed the well-known psychological diagnostic method called the Rorschach Test. A friend of Walter Morgenthaler\u2019s, he was also interested in the creative work of his patients. As the son of a drawing teacher and himself a gifted draftsman, he actively encouraged the patients at M\u00fcnsterlingen and Herisau to draw. The Rorschach Archive in Bern contains 121 drawings by patients from the hospitals M\u00fcnsterlingen and Herisau. Some of them come from the Estate of Hermann Rorschach, another was found in the estate of psychiatrist Georg A. Roemer, who worked in 1919 as an assistant doctor at Herisau, and were also handed over to the Rorschach Archive. It includes drawings by the Herisau patients Ulrich Engler and Jakob Adolf Guggenb\u00fchl. The archive was founded in 1957 at the initiative of Walter Morgenthaler, who worked after Rorschach\u2019s early death on the popularization of the Rorschach test.<\/p>\n<p><strong>Exhibitions<\/strong><\/p>\n<p>2018-2019 &#8222;Extraordinaire! Unbekannte Werke aus psychiatrischen Einrichtungen in der Schweiz um 1900\/Extraordinairy! Unknown Works from Psychiatric Institutions in Switzerland around 1900\u201c, Sammlung Prinzhorn, Heidelberg, Kunstmuseum Thun, LENTOS Kunstmuseum Linz (Catalogue d\/e)<\/p>\n<p>2014-2015 &#8222;Auf der Seeseite der Kunst. 175 Jahre Psychiatrische Klinik M\u00fcnsterlingen\u201c, 1. Dezember 2014 bis 14. M\u00e4rz 2015 im Museum im Lagerhaus, St. Gallen, 1.April 2015 bis 22. Mai 2015 im Staatsarchiv des Kantons Thurgau, Frauenfeld (Catalogue)<\/p>\n<p><strong>References<\/strong><\/p>\n<p>Blum, Iris und Witschi, Peter (eds.), Olga und Hermann Rorschach. Ein ungew\u00f6hnliches Psychiater-Ehepaar. Herisau 2008<\/p>\n<p>Germann, Urs, \u201eBildermachen in der Anstalt. \u00dcberlegungen zur Produktion des Visuellen in der Psychiatrie um 1900\u201c, in: Luchsinger, Katrin, Salath\u00e9, Andr\u00e9 Dammann, Gerhard, Jagfeld Monika (eds.), Auf der Seeseite der Kunst. Werke aus der Psychiatrischen Klinik M\u00fcnsterlingen 1894-1960, Z\u00fcrich 2015, S. 17-26<\/p>\n<p>Luchsinger, Katrin, Hirsch, Helen, R\u00f6ske Thomas (Hrsg.), Extraordinaire! Unbekannte Werke aus psychiatrischen Einrichtungen in der Schweiz um 1900 \/ Extraordinairy! Unknown works from Swiss Psychiatric Institutions around 1900, Z\u00fcrich 2018<\/p>\n<p>Rorschach, Hermann, Psychodiagnostik. Methodik und Ergebnis eines wahrnehmungsdiagnostischen Experiments (Deutenlassen von Zufallsformen). Bern 1921<\/p>\n<p>Rorschach, Hermann, Gesammelte Aufs\u00e4tze. K. W. Bash (ed.). Bern 1965<\/p>\n<p>Rorschach, Hermann (1884-1922), Briefwechsel. M\u00fcller, Christian, Signer, Rita (eds.), Bern 2004.<\/p>\n<p>Signer, Rita, &#8222;\u2018In der Verr\u00fccktheit das allgemein Menschliche, im Unsinn den Sinn suchen\u2018. Welche Bedeutung hatten Werke von Patientinnen und Patienten f\u00fcr Hermann Rorschach?\u201c, in: Luchsinger, Katrin, Salath\u00e9, Andr\u00e9 Dammann, Gerhard, Jagfeld Monika (eds.), Auf der Seeseite der Kunst. Werke aus der Psychiatrischen Klinik M\u00fcnsterlingen 1894-1960, Z\u00fcrich 2015, S. 27-36<br \/>\n<!--:--><!--:fr--><div id=\"attachment_65\" style=\"width: 1333px\" class=\"wp-caption alignnone\"><a href=\"https:\/\/blog.zhdk.ch\/bewahrenbesondererkulturgueter\/galerie-archiv-und-sammlung-hermann-rorschacher\/\"><img loading=\"lazy\" decoding=\"async\" aria-describedby=\"caption-attachment-65\" class=\"wp-image-65\" src=\"https:\/\/blog.zhdk.ch\/bewahrenbesondererkulturgueter\/files\/2018\/09\/Nachlass_HR_Anonym_MeineHand_MeineFaust_crop.jpg\" alt=\"\" width=\"1323\" height=\"420\" \/><\/a><p id=\"caption-attachment-65\" class=\"wp-caption-text\">Galerie<\/p><\/div><\/p>\n<p><a href=\"https:\/\/blog.zhdk.ch\/bewahrenbesondererkulturgueter\/files\/2018\/08\/SG_Rorschach_Kulturgueterinventar.pdf\">Inventaire des archives et collections Hermann Rorschach<\/a><\/p>\n<p><strong>La Collection Rorschach<\/strong><\/p>\n<p>Le psychiatre Hermann Rorschach (1884-1922) a travaill\u00e9 de 1909 \u00e0 1922 dans les institutions psychiatriques de Waldau, M\u00fcnsterlingen et Herisau. Dans ces deux derni\u00e8res, il a d\u00e9velopp\u00e9 sa m\u00e9thode diagnostique, la m\u00e9thode surnomm\u00e9e test de Rorschach. Li\u00e9 d\u2019amiti\u00e9 avec Walter Morgenthaler, il s\u2019est aussi int\u00e9ress\u00e9 durant sa courte vie aux travaux artistiques de ses patientes et patients. Fils d\u2019un professeur de dessin et lui-m\u00eame dessinateur talentueux, Rorschach a incit\u00e9 activement ses patients \u00e0 Waldau et \u00e0 M\u00fcnsterlingen \u00e0 dessiner. <\/p>\n<p>Dans l\u2019\u00ab Archive et Collection Hermann Rorschach \u00bb \u00e0 Berne se trouvent environ 100 dessins de patientes et de patients des cliniques de M\u00fcnsterlingen et de Herisau. L\u2019Archive Rorschach a \u00e9t\u00e9 fond\u00e9 en 1957 sur l\u2019initiative de Walter Morgenthaler. Apr\u00e8s la mort pr\u00e9coce de Rorschach, Morgenthaler s\u2019est engag\u00e9 sans rel\u00e2che \u00e0 la propagation et l\u2019institutionalisation du test de Rorschach. L\u2019Archive s\u2019est donn\u00e9 comme but d\u2019administrer l\u2019h\u00e9ritage de Hermann Rorschach et de le mettre \u00e0 dispositionde ses collaborateurs et de ses successeurs sous forme \u00e9lectronique. Il est soutenu par la Biblioth\u00e8que Universitaire de Berne, la Soci\u00e9t\u00e9 Internationale Rorschach et la maison d \u2018\u00e9dition Hans Huber. En 2007 l\u2019Archive a f\u00eat\u00e9 ses 50 ans d\u2019existence en organisant une grande exposition dans la Biblioth\u00e8que Universitaire de Berne. <\/p>\n<p>Le projet de recherche a int\u00e9gr\u00e9 les 100 \u0153uvres de la Collection Rorschach dans la banque de donn\u00e9es. <\/p>\n<p><strong>Expositions<\/strong><br \/>\nAuf der Seeseite der Kunst. 175 Jahre Psychiatrische Klinik M\u00fcnsterlingen,<br \/>\n1. Dezember 2014 bis 14. M\u00e4rz 2015 im Museum im Lagerhaus, St. Gallen<br \/>\n1.April 2015 bis 22. Mai 2015 im Staatsarchiv des Kantons Thurgau, Frauenfeld.<br \/>\nKatalog: Katrin Luchsinger, Andr\u00e9 Salath\u00e9, Gerhard Dammann, Monika Jagfeld (Hg.), Auf der Seeseite der Kunst. Werke aus der Psychiatrischen Klinik M\u00fcnsterlingen 1894-1960, Z\u00fcrich 2015. <\/p>\n<p><strong>R\u00e9f\u00e9rences<\/strong><br \/>\nhttp:\/\/biblio.unibe.ch\/rorschach\/<br \/>\nHermann Rorschach: Psychodiagnostik. Methodik und Ergebnis eines wahrnehmungsdiagnostischen Experiments (Deutenlassen von Zufallsformen). Bern 1921.<br \/>\nHermann Rorschach: Gesammelte Aufs\u00e4tze. Hg. Kennower W. Bash. Bern 1965.<br \/>\nHermann Rorschach (1884-1922): Briefwechsel. Christian M\u00fcller und Rita Signer (Hg.). Bern 2004.<br \/>\nIris Blum und Peter Witschi (Hg.): Olga und Hermann Rorschach. Ein ungew\u00f6hnliches Psychiater-Ehepaar. Herisau 2008.<!--:--><\/p>\n","protected":false},"excerpt":{"rendered":"<p>Liste Kulturg\u00fcterinventar Archiv und Sammlung Hermann Rorschach Rorschach-Archiv im Institut f\u00fcr Medizingeschichte der Universit\u00e4t Bern. Nachlass des Psychiaters Hermann Rorschach (1884\u20131922) Hermann Rorschach war in den Jahren 1909\u20131922 vor allem in den psychiatrischen Anstalten Waldau, M\u00fcnsterlingen und Herisau t\u00e4tig. In&hellip; <a href=\"https:\/\/blog.zhdk.ch\/bewahrenbesondererkulturgueter\/archiv-und-sammlung-hermann-rorschach\/\" class=\"more-link\">Weiterlesen <span class=\"meta-nav\">&rarr;<\/span><\/a><\/p>\n","protected":false},"author":3805,"featured_media":0,"parent":0,"menu_order":0,"comment_status":"closed","ping_status":"closed","template":"","meta":{"footnotes":""},"class_list":["post-1530","page","type-page","status-publish","hentry"],"_links":{"self":[{"href":"https:\/\/blog.zhdk.ch\/bewahrenbesondererkulturgueter\/wp-json\/wp\/v2\/pages\/1530","targetHints":{"allow":["GET"]}}],"collection":[{"href":"https:\/\/blog.zhdk.ch\/bewahrenbesondererkulturgueter\/wp-json\/wp\/v2\/pages"}],"about":[{"href":"https:\/\/blog.zhdk.ch\/bewahrenbesondererkulturgueter\/wp-json\/wp\/v2\/types\/page"}],"author":[{"embeddable":true,"href":"https:\/\/blog.zhdk.ch\/bewahrenbesondererkulturgueter\/wp-json\/wp\/v2\/users\/3805"}],"replies":[{"embeddable":true,"href":"https:\/\/blog.zhdk.ch\/bewahrenbesondererkulturgueter\/wp-json\/wp\/v2\/comments?post=1530"}],"version-history":[{"count":51,"href":"https:\/\/blog.zhdk.ch\/bewahrenbesondererkulturgueter\/wp-json\/wp\/v2\/pages\/1530\/revisions"}],"predecessor-version":[{"id":3522,"href":"https:\/\/blog.zhdk.ch\/bewahrenbesondererkulturgueter\/wp-json\/wp\/v2\/pages\/1530\/revisions\/3522"}],"wp:attachment":[{"href":"https:\/\/blog.zhdk.ch\/bewahrenbesondererkulturgueter\/wp-json\/wp\/v2\/media?parent=1530"}],"curies":[{"name":"wp","href":"https:\/\/api.w.org\/{rel}","templated":true}]}}