{"id":1542,"date":"2018-09-20T14:39:20","date_gmt":"2018-09-20T14:39:20","guid":{"rendered":"https:\/\/blog.zhdk.ch\/bewahrenbesondererkulturgueter\/?page_id=1542"},"modified":"2024-01-07T19:58:48","modified_gmt":"2024-01-07T19:58:48","slug":"zug","status":"publish","type":"page","link":"https:\/\/blog.zhdk.ch\/bewahrenbesondererkulturgueter\/zug\/","title":{"rendered":"<!--:de-->Zug<!--:--><!--:en-->Zug<!--:--><!--:fr-->Zug<!--:-->"},"content":{"rendered":"<p><!--:de--><\/p>\n<p>Keine Inventarliste als pdf zum download<\/p>\n<p><strong>Psychiatrische Klinik Zugersee<br \/>\nEine Institution der Barmherzigen Br\u00fcder von Maria-Hilf <\/strong><\/p>\n<p>Die Innerschweiz verf\u00fcgt im 19. Jahrhundert \u00fcber keine kantonale Irrenanstalt. Das Konkordat mit St. Urban in Luzern konnte h\u00e4ufig wegen der \u00dcberbelegung jener Klinik nicht eingel\u00f6st werden. Es gab also also Bedarf f\u00fcr eine weitere Innerschweizer Institution. Das \u201eSanatorium Franziskusheim\u201c in Zug wurde 1909 von dem r\u00fchrigen Kapuzinerpater Rufim Steimer (1866\u20131928) mit 60 Betten f\u00fcr m\u00e4nnliche \u201eGeistes- und Gem\u00fctskranke\u201c er\u00f6ffnet. Die Pflege \u00fcbernahmen Patres der Waldbruderschaft. Die Klinik war in den ersten Jahren unterbelegt und stand in der \u00f6ffentlichen Kritik, weil die psychiatrisch-fachliche Qualifikation des Direktors und der Br\u00fcder stark in Zweifel gezogen wurde. 1916 wurde Steimer abberufen. 1923 \u00fcbernahm die \u201eKongregation der Barmherziger Br\u00fcder von Maria-Hilf\u201c das Franziskusheim, das sich vergr\u00f6sserte und 1931 190 psychisch kranke M\u00e4nner versorgte. 1927 wurde im Kanton Zug auch eine (ebenfalls katholische) Frauenklinik, die Klinik Meisenberg, er\u00f6ffnet; 1931 \u00fcbernahm der Psychiater Baptist Manser (1898-1985) die Leitung beider Kliniken, die er bis 1961 (1965) innehatte. Erst seit 1980 werden in der \u201ePsychiatrische Klinik Oberwil\u201c, wie sich das Franziskusheim nun nannte, auch Frauen aufgenommen. Es kam zu mehreren Um- und Neubauten. Seit 2007 nennt sich die Klinik \u201ePsychiatrische Klinik Zugersee\u201c. Wir erhielten die Auskunft, es seien keine Zeichnungen im historischen Aktenbestand 1909\u20131930 aufbewahrt worden. Eine Recherche im Archiv wurde nicht durchgef\u00fchrt. <\/p>\n<p><strong>Literatur<\/strong><br \/>\nH\u00f6ck, Paul, Die Entwicklung der institutionellen Psychiatrie im Kanton Zug, Zug 1994.<!--:--><!--:en--><\/p>\n<p>No inventory list as pdf for download<\/p>\n<p><strong>Zugersee Psychiatric Clinic<br \/>\nA Charitable Institution of the Brothers of Mercy of Maria-Hilf<\/strong><\/p>\n<p>In the nineteenth century, there was no cantonal mental asylum in Central Switzerland. Overcrowding at St Urban asylum often stood in the way of the intercantonal concordat. Thus, a further institution was needed in Central Switzerland. In 1909, the enterprising Capuchin friar Rufim Steimer (1866\u20131928) opened the \u201cSanatorium Franziskusheim\u201d in Zug, providing sixty beds for \u201cinsane or emotionally disturbed\u201d patients. Patients were cared for by members of the Forest Brotherhood. In the first few years, occupancy was low and the asylum faced public criticism owing to strong doubts about the psychiatric and professional qualifications of the-then director and his fellow brothers. Steimer was dismissed from office in 1916. In 1923, the \u201cCongregation of the Brothers of Mercy of Maria-Hilf\u201d took over the home, which soon expanded and in 1931 housed 190 mentally ill male patients. In 1927, Meisenberg Clinic, an (also Catholic) clinic for female patients, was opened in the Canton of Zug. In 1931, the psychiatrist Baptist Manser (1898\u20131985) was appointed director of both clinics, which he served as until 1961 and 1965 respectively. It was not until 1980 that female patients were admitted to \u201cOberwil Psychiatric Clinic,\u201d as the Franciscan home was now called. Several conversions and extensions followed. Since 2007, the clinic has been known as \u201cZugersee Psychiatric Clinic.\u201d<\/p>\n<p>According to a statement received from the clinic, no drawings are held in the historical case files from the period 1909\u20131930. No archival research was conducted. <\/p>\n<p><strong>Reference<\/strong><br \/>\nH\u00f6ck, Paul, Die Entwicklung der institutionellen Psychiatrie im Kanton Zug, Zug 1994<br \/>\n<!--:--><!--:fr--><strong>Clinique psychiatrique Zugersee<br \/>\nUne institution des fr\u00e8res de la Charit\u00e9 de Maria Hilf <\/strong><\/p>\n<p>Au 19e si\u00e8cle, la Suisse centrale ne disposait pas d\u2019un asile cantonal pour ali\u00e9n\u00e9s. Le Concordat conclu avec la clinique de St. Urban \u00e0 Lucerne ne fonctionnait pas, vu que cette clinique \u00e9tait souvent surpeupl\u00e9e. Il \u00e9tait donc n\u00e9cessaire d\u2019ouvrir un \u00e9tablissement suppl\u00e9mentaire en Suisse centrale. Gr\u00e2ce au fr\u00e8re capucin Rufim Steiner (1866-1928) le \u00ab Sanatorium Franziskusheim \u00bb \u00e0 Zoug ouvrit ses portes en 1909 ses portes mettant \u00e0 disposition 60 lits pour des \u00ab Geistes- und Gem\u00fctskranke \u00bb (malades masculins aux troubles mentaux ou de d\u00e9pression). Les p\u00e8res de cette fraternit\u00e9 qui soignaient les patients. Pendant les premi\u00e8res ann\u00e9es, la clinique \u00e9tait sous-occup\u00e9e et elle faisait l\u2019objet de critiques publiques car on doutait fort des qualifications et du directeur et des fr\u00e8res. En 1916 Steiner fut limog\u00e9. En 1923 la \u00ab Kongregation der Barmherzigen Br\u00fcder von Maria Hilf \u00bb (congr\u00e9gation des fr\u00e8res de la Charit\u00e9 de Maria Hilf) reprit le Franziskusheim, qui s\u2019agrandit et accueillait en 1931 190 hommes atteints d\u2019une maladie psychique. En 1927 on ouvrit une clinique pour les femmes dans le Canton de Zoug (\u00e9galement catholique), la clinique Meisenberg. En 1931 le psychiatre Baptist Manser (1898-1985) prit la direction des deux cliniques et il l\u2019assurait jusqu\u2019en 1961 (1965). Ce n\u2019est que depuis 1980 que les femmes sont accueillies \u00e0 la \u00ab Psychiatrische Klinik Oberwil \u00bb (clinique psychiatrique d\u2019Oberwil), nom actuel de l\u2019ancien \u00ab Franziskusheim \u00bb.<br \/>\nD\u2019autres transformations et agrandissements suivirent. Depuis 2007 la clinique porte le nom de \u00ab Psychiatrische Klinik Zugersee \u00bb (clinique psychiatrique Zugersee). D\u2019apr\u00e8s les informations recueillies, la clinique n\u2019a pas conserv\u00e9 de dessins dans les dossiers historiques datant de 1909 \u00e0 1930. Nous n\u2019avons pas effectu\u00e9 une recherche dans l\u2019archive. <\/p>\n<p><strong>R\u00e9f\u00e9rence<\/strong><br \/>\nH\u00f6ck, Paul, Die Entwicklung der institutionellen Psychiatrie im Kanton Zug, Zug 1994.<!--:--><\/p>\n","protected":false},"excerpt":{"rendered":"<p>Keine Inventarliste als pdf zum download Psychiatrische Klinik Zugersee Eine Institution der Barmherzigen Br\u00fcder von Maria-Hilf Die Innerschweiz verf\u00fcgt im 19. Jahrhundert \u00fcber keine kantonale Irrenanstalt. Das Konkordat mit St. Urban in Luzern konnte h\u00e4ufig wegen der \u00dcberbelegung jener Klinik&hellip; <a href=\"https:\/\/blog.zhdk.ch\/bewahrenbesondererkulturgueter\/zug\/\" class=\"more-link\">Weiterlesen <span class=\"meta-nav\">&rarr;<\/span><\/a><\/p>\n","protected":false},"author":3805,"featured_media":0,"parent":0,"menu_order":0,"comment_status":"closed","ping_status":"closed","template":"","meta":{"footnotes":""},"class_list":["post-1542","page","type-page","status-publish","hentry"],"_links":{"self":[{"href":"https:\/\/blog.zhdk.ch\/bewahrenbesondererkulturgueter\/wp-json\/wp\/v2\/pages\/1542","targetHints":{"allow":["GET"]}}],"collection":[{"href":"https:\/\/blog.zhdk.ch\/bewahrenbesondererkulturgueter\/wp-json\/wp\/v2\/pages"}],"about":[{"href":"https:\/\/blog.zhdk.ch\/bewahrenbesondererkulturgueter\/wp-json\/wp\/v2\/types\/page"}],"author":[{"embeddable":true,"href":"https:\/\/blog.zhdk.ch\/bewahrenbesondererkulturgueter\/wp-json\/wp\/v2\/users\/3805"}],"replies":[{"embeddable":true,"href":"https:\/\/blog.zhdk.ch\/bewahrenbesondererkulturgueter\/wp-json\/wp\/v2\/comments?post=1542"}],"version-history":[{"count":8,"href":"https:\/\/blog.zhdk.ch\/bewahrenbesondererkulturgueter\/wp-json\/wp\/v2\/pages\/1542\/revisions"}],"predecessor-version":[{"id":3439,"href":"https:\/\/blog.zhdk.ch\/bewahrenbesondererkulturgueter\/wp-json\/wp\/v2\/pages\/1542\/revisions\/3439"}],"wp:attachment":[{"href":"https:\/\/blog.zhdk.ch\/bewahrenbesondererkulturgueter\/wp-json\/wp\/v2\/media?parent=1542"}],"curies":[{"name":"wp","href":"https:\/\/api.w.org\/{rel}","templated":true}]}}