{"id":1604,"date":"2018-09-20T15:01:17","date_gmt":"2018-09-20T15:01:17","guid":{"rendered":"https:\/\/blog.zhdk.ch\/bewahrenbesondererkulturgueter\/?page_id=1604"},"modified":"2023-12-31T22:28:37","modified_gmt":"2023-12-31T22:28:37","slug":"thurgau","status":"publish","type":"page","link":"https:\/\/blog.zhdk.ch\/bewahrenbesondererkulturgueter\/thurgau\/","title":{"rendered":"<!--:de-->Thurgau<!--:--><!--:en-->Thurgau<!--:--><!--:fr-->Thurgovie<!--:-->"},"content":{"rendered":"<p><!--:de--><div id=\"attachment_65\" style=\"width: 1333px\" class=\"wp-caption alignnone\"><a href=\"https:\/\/blog.zhdk.ch\/bewahrenbesondererkulturgueter\/galerie-thurgau\/\"><img loading=\"lazy\" decoding=\"async\" aria-describedby=\"caption-attachment-65\" class=\"wp-image-65\" src=\"https:\/\/blog.zhdk.ch\/bewahrenbesondererkulturgueter\/files\/2018\/09\/TG_Muensterlingen_FranzSch_IdealeStadt_crop.jpg\" alt=\"\" width=\"1323\" height=\"420\" \/><\/a><p id=\"caption-attachment-65\" class=\"wp-caption-text\">Galerie<\/p><\/div><\/p>\n<p><a href=\"https:\/\/blog.zhdk.ch\/bewahrenbesondererkulturgueter\/files\/2023\/12\/TG_Muensterlingen_Kulturgu\u0308terinventar_Liste.pdf\">Liste Kulturg\u00fcterinventar Thurgau<\/a><\/p>\n<p><strong>Psychiatrische Dienste Thurgau<br \/>\nSammlung M\u00fcnsterlingen im Staatsarchiv des Kantons Thurgau<\/strong><\/p>\n<p>Die &#8222;Thurgauische Irrenheilanstalt Mu\u0308nsterlingen&#8220; wurde 1840 im gleichnamigen Kloster direkt am Bodensee er\u00f6ffnet. W\u00e4hrend das Spital landeinw\u00e4rts erbaut wurde, nennt man die Irrenanstalt im Thurgau noch heute die &#8222;Seeseite&#8220;. Die alten Geb\u00e4ude waren feucht und w\u00e4hrend des Krieges litt man in Mu\u0308nsterlingen, wie in vielen Anstalten, Hunger. Der Psychiater Hermann Rorschach (1884\u20131922) arbeitete 1909\u20131913 als Assistenzarzt in Mu\u0308nsterlingen. Er verteilte Papier, Farbe und Lehm und inszenierte Theaterauffu\u0308hrungen. Er fotografierte Patient_innen, Umgebung oder festliche Anl\u00e4sse. Edouard F. (1875\u20131948), von Beruf Flachmaler, schuf hier ein grossformatiges \u00d6lbild des Abendmahls. Roland Kuhn (1912\u20132005; Oberarzt 1939\u20131971, Direktor 1971\u20131980) setzte das Zeichnen manchmal als Therapie ein. Kuhns Einsatz von Psychopharmaka wurde 2015 bis 2019 untersucht (\u00abTestfall M\u00fcnsterlingen\u00bb). Die Krankengeschichten befinden sich seit 2005 im Staatsarchiv Thurgau. Aus dem Zeitraum 1870 bis 1930 sind 249 Werke von 13 Patient_innen erhalten geblieben, drei Frauen und zehn M\u00e4nner. In der Akte von Meta Anderes (1874\u20131927) befindet sich ein Zeichenheft, vier Farbstiftzeichnungen von ihr sind in der Sammlung Prinzhorn (Prinzhorn 1922, S. 93 ff.), eine Zeichnung bewahrte Hermann Rorschach auf. Grosse Werkgruppen stammen von Konrad B. (1873\u20131949) (S. 133), Franz Schneider (1898\u20131977), einige Scherenschnitte von Luise B. (S. 145) und anderen Patient_innen.<\/p>\n<p><strong>Ausstellungen<\/strong><br \/>\n2018-2019 \u201eExtraordinaire! Unbekannte Werke aus psychiatrischen Einrichtungen in der Schweiz um 1900\u201c, Sammlung Prinzhorn, Heidelberg, Kunstmuseum Thun, LENTOS Kunstmuseum Linz (Katalog d\/e)<\/p>\n<p>2014-2015 &#8222;Auf der Seeseite der Kunst. 175 Jahre Psychiatrische Klinik M\u00fcnsterlingen&#8220;,<br \/>\n1. Dezember 2014 bis 14. M\u00e4rz 2015 im Museum im Lagerhaus, St. Gallen,<br \/>\n1.April 2015 bis 22. Mai 2015 im Staatsarchiv des Kantons Thurgau, Frauenfeld, (Katalog)<\/p>\n<p><strong>Literatur<\/strong><br \/>\nAmmann, J\u00fcrg, Studer, Karl (Hg.), 150 Jahre M\u00fcnsterlingen. Das Thurgauische Kantonsspital und die Psychiatrische Klinik 1840\u20131990. M\u00fcnsterlingen 1990 <\/p>\n<p>Brand-Claussen, Bettina, Michely, Viola (Hg.), Irre ist weiblich. K\u00fcnstlerische Interventionen von Frauen in der Psychiatrie um 1900. Heidelberg 2004 <\/p>\n<p>Luchsinger, Katrin, Hirsch, Helen, R\u00f6ske Thomas (Hrsg.), Extraordinaire! Unbekannte Werke aus psychiatrischen Einrichtungen in der Schweiz um 1900 \/ Extraordinairy! Unknown works from Swiss Psychiatric Institutions, Z\u00fcrich 2018<\/p>\n<p>Luchsinger, Katrin, Salath\u00e9, Andr\u00e9, Dammann, Gerhard, Jagfeld, Monika (Hrsg.), Auf der Seeseite der Kunst. Werke aus der Psychiatrischen Klinik M\u00fcnsterlingen 1894\u20131960, Z\u00fcrich 2015 <\/p>\n<p>Meier, Marietta, K\u00f6nig Mario, Tornay, Megaly, Testfall M\u00fcnsterlingen. Klinische Versuche in der Psychiatrie, 1940\u20131980, Z\u00fcrich 2019<\/p>\n<p>M\u00fcller, Christian, Signer Rita, (Hrsg.), Hermann Rorschach (1884\u20131922), Briefwechsel, Bern 2004<\/p>\n<p>Prinzhorn, Hans, Bildnerei der Geisteskranken. Ein Beitrag zur Psychologie und Psychopathologie der Gestaltung, Berlin 1922 <\/p>\n<p>Rorschach, Hermann, \u00ab\u00dcber Reflexhalluzinationen und verwandte Erscheinungen\u00bb. Dissertation in: Zeitschrift f\u00fcr die gesamte Neurologie und Psychiatrie 13, S. 357-400, 1912, auch in: Kenower Weimar Bash (Hrsg.), Hermann Rorschach, Gesammelte Aufs\u00e4tze, Bern, Stuttgart (1912) 1965, S. 105-154 <\/p>\n<p>Rorschach, Hermann, \u00abAnalytische Bemerkungen \u00fcber das Gem\u00e4lde eines Schizophrenen\u00bb. In: Zentralblatt f\u00fcr Psychoanalyse und Psychotherapie 3 (1913), S. 270-272 <\/p>\n<p>Rorschach, Hermann: \u00abAnalyse einer schizophrenen Zeichnung\u00bb. In: Zentralblatt f\u00fcr Psychoanalyse und Psychotherapie 4 (1914), S. 53-58 <\/p>\n<p>Thaten, Cornelia, Die Thurgauische Irrenanstalt M\u00fcnsterlingen zur Zeit von Dr. med. Hermann Rorschach von 1909\u20131913, Z\u00fcrich 2000<br \/>\n<!--:--><!--:en--><div id=\"attachment_65\" style=\"width: 1333px\" class=\"wp-caption alignnone\"><a href=\"https:\/\/blog.zhdk.ch\/bewahrenbesondererkulturgueter\/galerie-thurgau\/\"><img loading=\"lazy\" decoding=\"async\" aria-describedby=\"caption-attachment-65\" class=\"wp-image-65\" src=\"https:\/\/blog.zhdk.ch\/bewahrenbesondererkulturgueter\/files\/2018\/09\/TG_Muensterlingen_FranzSch_IdealeStadt_crop.jpg\" alt=\"\" width=\"1323\" height=\"420\" \/><\/a><p id=\"caption-attachment-65\" class=\"wp-caption-text\">Galerie<\/p><\/div><\/p>\n<p><a href=\"https:\/\/blog.zhdk.ch\/bewahrenbesondererkulturgueter\/files\/2023\/12\/TG_Muensterlingen_Kulturgu\u0308terinventar_Liste.pdf\">Inventory Thurgau<\/a><\/p>\n<p><strong>Psychiatric Services Thurgau<br \/>\nCollection M\u00fcnsterlingen in the Staatsarchiv of the canton Thurgau<\/strong><\/p>\n<p>The Thurgauische Irrenheilanstalt Mu\u0308nsterlingen was opened in the monastery of the same name located directly on Lake Constance. While the hospital was built facing away from the lake, the asylum in Thurgau is still today described as \u201clakeside.\u201d The old buildings were damp and during the war many at Mu\u0308nsterlingen were forced to go hungry, as was also the case at many similar institutions. Psychiatrist Hermann Rorschach (1884\u20131922) worked from 1909\u20131913 as an assistant doctor at Mu\u0308nsterlingen. He distributed paper, paint, and clay to the patients and staged theatrical performances. He took photographs of the patients, the surroundings, and of festive occasions. Edouard F. (1875\u20131948), by profession a housepainter, created a large format oil painting of the Last Supper. Roland Kuhn (1912\u20132005; head physician, 1939\u20131971, director, 1971\u20131980) sometimes used drawing as a therapy. Kuhn&#8217;s use of psychotropic drugs was investigated from 2015 to 2019 (&#8222;M\u00fcnsterlingen test case&#8220;). The patient files have been held in the Staatsarchiv Thurgau since 2005. From the period from 1870 through 1930, 249 works by thirteen patients remain extant, three women and ten men. The file of Meta Anderes (1874\u20131927) includes a notebook; four of her drawings in colored pencil are included in the Prinzhorn Collection (Prinzhorn 1922, p. 93 ff.). Hermann Rorschach kept a drawing. There are also large series of works by Konrad B. (1873\u20131949)(p. 133), Franz Schneider (1898\u20131977), some silhouettes by Luise B. (p. 145) and other patients.<\/p>\n<p><strong>Exhibitions<\/strong><br \/>\n2018-2019 &#8222;Extraordinaire! Unbekannte Werke aus psychiatrischen Einrichtungen in der Schweiz um 1900\/Extraordinairy! Unknown Works from Psychiatric Institutions in Switzerland around 1900\u201c, Sammlung Prinzhorn, Heidelberg, Kunstmuseum Thun, LENTOS Kunstmuseum Linz (Catalogue d\/e)<\/p>\n<p>2014-2015 &#8222;Auf der Seeseite der Kunst. 175 Jahre Psychiatrische Klinik M\u00fcnsterlingen\u201c,<br \/>\n1. Dezember 2014 bis 14. M\u00e4rz 2015 im Museum im Lagerhaus, St. Gallen,<br \/>\n1.April 2015 bis 22. Mai 2015 im Staatsarchiv des Kantons Thurgau, Frauenfeld, (Catalogue)<\/p>\n<p><strong>Literatur<\/strong><br \/>\nAmmann, J\u00fcrg, Studer, Karl (ed.), 150 Jahre M\u00fcnsterlingen. Das Thurgauische Kantonsspital und die Psychiatrische Klinik 1840-1990. M\u00fcnsterlingen 1990 <\/p>\n<p>Brand-Claussen, Bettina, Michely, Viola (ed.), Irre ist weiblich. K\u00fcnstlerische Interventionen von Frauen in der Psychiatrie um 1900. Heidelberg 2004 <\/p>\n<p>Luchsinger, Katrin, Hirsch, Helen, R\u00f6ske Thomas (eds.), Extraordinaire! Unbekannte Werke aus psychiatrischen Einrichtungen in der Schweiz um 1900 \/ Extraordinairy! Unknown works from Swiss Psychiatric Institutions around 1900, Z\u00fcrich 2018<\/p>\n<p>Luchsinger, Katrin, Salath\u00e9, Andr\u00e9, Dammann, Gerhard, Jagfeld, Monika (eds.), Auf der Seeseite der Kunst. Werke aus der Psychiatrischen Klinik M\u00fcnsterlingen 1894-1960, Z\u00fcrich 2015 <\/p>\n<p>Meier, Marietta, K\u00f6nig Mario, Tornay, Megaly, Testfall M\u00fcnsterlingen. Klinische Versuche in der Psychiatrie, 1940\u20131980, Z\u00fcrich 2019<\/p>\n<p>M\u00fcller, Christian, Signer Rita, (eds.), Hermann Rorschach (1884-1922), Briefwechsel, Bern 2004<\/p>\n<p>Prinzhorn, Hans, Bildnerei der Geisteskranken. Ein Beitrag zur Psychologie und Psychopathologie der Gestaltung, Berlin 1922 <\/p>\n<p>Rorschach, Hermann, \u00dcber Reflexhalluzinationen und verwandte Erscheinungen. Dissertation in: Zeitschrift f\u00fcr die gesamte Neurologie und Psychiatrie 13, S. 357-400, 1912, auch in: Kenower Weimar Bash (ed.), Hermann Rorschach, Gesammelte Aufs\u00e4tze, Bern, Stuttgart (1912) 1965, S. 105-154 <\/p>\n<p>Rorschach, Hermann, Analytische Bemerkungen \u00fcber das Gem\u00e4lde eines Schizophrenen. In: Zentralblatt f\u00fcr Psychoanalyse und Psychotherapie 3 (1913), S. 270-272 <\/p>\n<p>Rorschach, Hermann: Analyse einer schizophrenen Zeichnung. In: Zentralblatt f\u00fcr Psychoanalyse und Psychotherapie 4 (1914), S. 53-58 <\/p>\n<p>Thaten, Cornelia, Die Thurgauische Irrenanstalt M\u00fcnsterlingen zur Zeit von Dr. med. Hermann Rorschach von 1909-1913, Z\u00fcrich 2000<!--:--><!--:fr--><div id=\"attachment_65\" style=\"width: 1333px\" class=\"wp-caption alignnone\"><a href=\"https:\/\/blog.zhdk.ch\/bewahrenbesondererkulturgueter\/galerie-thurgau\/\"><img loading=\"lazy\" decoding=\"async\" aria-describedby=\"caption-attachment-65\" class=\"wp-image-65\" src=\"https:\/\/blog.zhdk.ch\/bewahrenbesondererkulturgueter\/files\/2018\/09\/TG_Muensterlingen_FranzSch_IdealeStadt_crop.jpg\" alt=\"\" width=\"1323\" height=\"420\" \/><\/a><p id=\"caption-attachment-65\" class=\"wp-caption-text\">Galerie<\/p><\/div><\/p>\n<p><a href=\"https:\/\/blog.zhdk.ch\/bewahrenbesondererkulturgueter\/files\/2018\/08\/TG_Muensterlingen_Kulturgueterinventar.pdf\">Inventaire Thurgovie<\/a><\/p>\n<p><strong>Services psychiatriques de la Thurgovie<br \/>\nCollection de M\u00fcnsterlingen<\/strong><\/p>\n<p>C\u2019est en 1840 que la \u201eThurgauische Irrenanstalt M\u00fcnsterlingen\u201c (asile d\u2019ali\u00e9n\u00e9s) ouvrit ses portes dans le couvent du m\u00eame nom. Un poste de m\u00e9decin des ali\u00e9n\u00e9s fut pourvu pour la premi\u00e8re fois en 1850 par Ludwig Binswanger p\u00e8re (1820-1860), qui fonda plus tard la clinique priv\u00e9e Bellevue \u00e0 Kreuzlingen. Par manque de place on transf\u00e9ra des patients dans l\u2019ancien couvent St. Katharinental, qui fut transform\u00e9 en asile en 1870. Ce fut principalemet Hermann Rorschach (1884-1922) qui invita ses patientes et patients \u00e0 des activit\u00e9s artistiques en leur distribuant du papier, des couleurs et de l\u2019argile ; alors qu\u2019il \u00e9tait assistant \u00e0 M\u00fcnsterlingen, de 1909 \u00e0 1913. Il y r\u00e9digea sa th\u00e8se intitul\u00e9e \u00ab \u00dcber Reflexhalluzinationen und verwandte Erscheinungen \u00bb. En 1913 il publia un article d\u2019orientation psychanalytique au sujet d\u2019un tableau du patient Edouard F. (1875-1948) montrant la C\u00e8ne \u00e0 l\u2019huile et dans un grand format (la toile est conserv\u00e9e aux archives d\u2019Etat de Thurgovie). Les dossiers m\u00e9dicaux de M\u00fcnsterlingen se trouvent depuis 2005 dans l\u2019archive d\u2019Etat \u00e0 Frauenfeld (StATG). Dans 19 de ces dossiers on retrouve un total de 249 oeuvres de patientes et patients. Ce fut surtout Roland Kuhn (1912-2005), m\u00e9decin assistant, nomm\u00e9 chef de clinique (1939-1971), puis directeur de M\u00fcnsterlingen (1971-1980) qui conservait ces oeuvres en les incluant aux dossiers. Par contre un nombre ind\u00e9termin\u00e9 d\u2019oeuvres qu\u2019on avait conserv\u00e9es en dehors des dossiers des malades se sont perdues, dont l\u2019ensemble de celles de Karl B. La collection historique de M\u00fcnsterlingen comporte un cahier de Meta Anderes (1874-1927), quatre de ses dessins en couleur figurent dans la collection Prinzhorn (Prinzhorn 1922, S. 93ff., Brand-Claussen 2004, S. 172, Taf. 61). De tr\u00e8s nombreuses oeuvres proviennent de Konrad B. (1873-1949), Karl H. (194-1971), Franz Sch. (1898-1977) et Rose G.-T. (1895-1960). A l\u2019occasion du jubil\u00e9 de 2015 une exposition sera organis\u00e9e afin de pr\u00e9senter au public les cr\u00e9ations anciennes et r\u00e9centes de la clinique de M\u00fcnsterlingen. <\/p>\n<p><strong>Expositions<\/strong><br \/>\nDie Seeseite der Kunst: M\u00fcnsterlingen (Arbeitstitel): 1.12.2014-14.3.2015 im Museum im Lagerhaus, St. Gallen<br \/>\n15.4.2015-30.6.2015 im Staatsarchiv des Kantons Thurgau, Frauenfeld. Zur Ausstellung erscheint eine Publikation. <\/p>\n<p><strong>R\u00e9f\u00e9rences<\/strong><br \/>\nAmmann, J\u00fcrg, Studer, Karl (Hg.): 150 Jahre M\u00fcnsterlingen. Das Thurgauische Kantonsspital und die Psychiatrische Klinik 1840-1990. M\u00fcnsterlingen 1990.<br \/>\nBrand-Claussen, Bettina, Michely, Viola (Hg.): Irre ist weiblich. K\u00fcnstlerische Interventionen von Frauen in der Psychiatrie um 1900. Heidelberg 2004.<br \/>\nChristian M\u00fcller, Rita Signer (Hg.), Hermann Rorschach (1884-1922), Briefwechsel, Bern 2004.<br \/>\nPrinzhorn, Hans, Bildnerei der Geisteskranken. Ein Beitrag zur Psychologie und Psychopathologie der Gestaltung, Berlin 1922.<br \/>\nRorschach, Hermann, \u00dcber Reflexhalluzinationen und verwandte Erscheinungen. Dissertation in: Zeitschrift f\u00fcr die gesamte Neurologie und Psychiatrie 13, S. 357-400, 1912, auch in: Kenower Weimar Bash (Hg.), Hermann Rorschach, Gesammelte Aufs\u00e4tze, Bern, Stuttgart (1912) 1965, S. 105-154.<br \/>\nRorschach, Hermann: Analytische Bemerkungen \u00fcber das Gem\u00e4lde eines Schizophrenen. In: Zentralblatt f\u00fcr Psychoanalyse und Psychotherapie 3 (1913), S. 270-272.<br \/>\nRorschach, Hermann: Analyse einer schizophrenen Zeichnung. In: Zentralblatt f\u00fcr Psychoanalyse und Psychotherapie 4 (1914), S. 53-58.<br \/>\nThaten, Cornelia: Die Thurgauische Irrenanstalt M\u00fcnsterlingen zur Zeit von Dr. med. Hermann Rorschach von 1909-1913, Z\u00fcrich 2000.<!--:--><\/p>\n","protected":false},"excerpt":{"rendered":"<p>Liste Kulturg\u00fcterinventar Thurgau Psychiatrische Dienste Thurgau Sammlung M\u00fcnsterlingen im Staatsarchiv des Kantons Thurgau Die &#8222;Thurgauische Irrenheilanstalt Mu\u0308nsterlingen&#8220; wurde 1840 im gleichnamigen Kloster direkt am Bodensee er\u00f6ffnet. W\u00e4hrend das Spital landeinw\u00e4rts erbaut wurde, nennt man die Irrenanstalt im Thurgau noch heute&hellip; <a href=\"https:\/\/blog.zhdk.ch\/bewahrenbesondererkulturgueter\/thurgau\/\" class=\"more-link\">Weiterlesen <span class=\"meta-nav\">&rarr;<\/span><\/a><\/p>\n","protected":false},"author":3805,"featured_media":0,"parent":0,"menu_order":0,"comment_status":"closed","ping_status":"closed","template":"","meta":{"footnotes":""},"class_list":["post-1604","page","type-page","status-publish","hentry"],"_links":{"self":[{"href":"https:\/\/blog.zhdk.ch\/bewahrenbesondererkulturgueter\/wp-json\/wp\/v2\/pages\/1604","targetHints":{"allow":["GET"]}}],"collection":[{"href":"https:\/\/blog.zhdk.ch\/bewahrenbesondererkulturgueter\/wp-json\/wp\/v2\/pages"}],"about":[{"href":"https:\/\/blog.zhdk.ch\/bewahrenbesondererkulturgueter\/wp-json\/wp\/v2\/types\/page"}],"author":[{"embeddable":true,"href":"https:\/\/blog.zhdk.ch\/bewahrenbesondererkulturgueter\/wp-json\/wp\/v2\/users\/3805"}],"replies":[{"embeddable":true,"href":"https:\/\/blog.zhdk.ch\/bewahrenbesondererkulturgueter\/wp-json\/wp\/v2\/comments?post=1604"}],"version-history":[{"count":11,"href":"https:\/\/blog.zhdk.ch\/bewahrenbesondererkulturgueter\/wp-json\/wp\/v2\/pages\/1604\/revisions"}],"predecessor-version":[{"id":3405,"href":"https:\/\/blog.zhdk.ch\/bewahrenbesondererkulturgueter\/wp-json\/wp\/v2\/pages\/1604\/revisions\/3405"}],"wp:attachment":[{"href":"https:\/\/blog.zhdk.ch\/bewahrenbesondererkulturgueter\/wp-json\/wp\/v2\/media?parent=1604"}],"curies":[{"name":"wp","href":"https:\/\/api.w.org\/{rel}","templated":true}]}}