{"id":1932,"date":"2018-09-26T09:28:26","date_gmt":"2018-09-26T09:28:26","guid":{"rendered":"https:\/\/blog.zhdk.ch\/bewahrenbesondererkulturgueter\/?page_id=1932"},"modified":"2018-09-26T09:28:26","modified_gmt":"2018-09-26T09:28:26","slug":"galerie-zuerich-burghoelzli","status":"publish","type":"page","link":"https:\/\/blog.zhdk.ch\/bewahrenbesondererkulturgueter\/galerie-zuerich-burghoelzli\/","title":{"rendered":"<!--:de-->Galerie Z\u00fcrich Burgh\u00f6lzli<!--:--><!--:en-->Gallery Z\u00fcrich Burgh\u00f6lzli<!--:--><!--:fr-->Galerie Z\u00fcrich Burgh\u00f6lzli<!--:-->"},"content":{"rendered":"<p><!--:de-->\n\t\t<style type=\"text\/css\">\n\t\t\t#gallery-1 {\n\t\t\t\tmargin: auto;\n\t\t\t}\n\t\t\t#gallery-1 .gallery-item {\n\t\t\t\tfloat: left;\n\t\t\t\tmargin-top: 10px;\n\t\t\t\ttext-align: center;\n\t\t\t\twidth: 33%;\n\t\t\t}\n\t\t\t#gallery-1 img {\n\t\t\t\tborder: 2px solid #cfcfcf;\n\t\t\t}\n\t\t\t#gallery-1 .gallery-caption {\n\t\t\t\tmargin-left: 0;\n\t\t\t}\n\t\t\t\/* see gallery_shortcode() in wp-includes\/media.php *\/\n\t\t<\/style>\n\t\t<div id='gallery-1' class='gallery galleryid-1932 gallery-columns-3 gallery-size-thumbnail'><dl class='gallery-item'>\n\t\t\t<dt class='gallery-icon portrait'>\n\t\t\t\t<a href='https:\/\/blog.zhdk.ch\/bewahrenbesondererkulturgueter\/files\/2018\/09\/ZH_Burghoelzli_02262_Ballon.jpg' rel=\"lightbox[1932]\"><img loading=\"lazy\" decoding=\"async\" width=\"150\" height=\"150\" src=\"https:\/\/blog.zhdk.ch\/bewahrenbesondererkulturgueter\/files\/2018\/09\/ZH_Burghoelzli_02262_Ballon-150x150.jpg\" class=\"attachment-thumbnail size-thumbnail\" alt=\"02262 m, keine weiteren Angaben\/No further information: Ohne Titel, Heissluftballone, Tinte auf Papier \/ untitled, hot-air balloons, 22,3 x 18 cm, um\/around 1885, Psychiatrische Universit\u00e4tsklinik, Sammlung Burgh\u00f6lzli, Inv. Nr. 7 recto, Staatsarchiv des Kantons Z\u00fcrich, Z 100 02262\" aria-describedby=\"gallery-1-1934\" srcset=\"https:\/\/blog.zhdk.ch\/bewahrenbesondererkulturgueter\/files\/2018\/09\/ZH_Burghoelzli_02262_Ballon-150x150.jpg 150w, https:\/\/blog.zhdk.ch\/bewahrenbesondererkulturgueter\/files\/2018\/09\/ZH_Burghoelzli_02262_Ballon-50x50.jpg 50w\" sizes=\"auto, (max-width: 150px) 100vw, 150px\" \/><\/a>\n\t\t\t<\/dt>\n\t\t\t\t<dd class='wp-caption-text gallery-caption' id='gallery-1-1934'>\n\t\t\t\t02262 m: Ohne Titel\n\t\t\t\t<\/dd><\/dl><dl class='gallery-item'>\n\t\t\t<dt class='gallery-icon portrait'>\n\t\t\t\t<a href='https:\/\/blog.zhdk.ch\/bewahrenbesondererkulturgueter\/files\/2018\/09\/ZH_Burghoelzli_02262.jpg' rel=\"lightbox[1932]\"><img loading=\"lazy\" decoding=\"async\" width=\"150\" height=\"150\" src=\"https:\/\/blog.zhdk.ch\/bewahrenbesondererkulturgueter\/files\/2018\/09\/ZH_Burghoelzli_02262-150x150.jpg\" class=\"attachment-thumbnail size-thumbnail\" alt=\"14573 m, keine weiteren Angaben\/No further information: Ohne Titel, Luchs, Bleistift auf Papier \/ untitled, Lynx, pencil on paper, 11 x 10,5 cm, undatiert\/undated, Psychiatrische Universit\u00e4tsklinik, Sammlung Burgh\u00f6lzli, Inv. Nr. 119, Staatsarchiv des Kantons Zu\u0308rich, Z 100 14573\" aria-describedby=\"gallery-1-1938\" srcset=\"https:\/\/blog.zhdk.ch\/bewahrenbesondererkulturgueter\/files\/2018\/09\/ZH_Burghoelzli_02262-150x150.jpg 150w, https:\/\/blog.zhdk.ch\/bewahrenbesondererkulturgueter\/files\/2018\/09\/ZH_Burghoelzli_02262-50x50.jpg 50w\" sizes=\"auto, (max-width: 150px) 100vw, 150px\" \/><\/a>\n\t\t\t<\/dt>\n\t\t\t\t<dd class='wp-caption-text gallery-caption' id='gallery-1-1938'>\n\t\t\t\t14573 m: Ohne Titel\n\t\t\t\t<\/dd><\/dl><dl class='gallery-item'>\n\t\t\t<dt class='gallery-icon landscape'>\n\t\t\t\t<a href='https:\/\/blog.zhdk.ch\/bewahrenbesondererkulturgueter\/files\/2018\/09\/ZH_Burghoelzli_07527_Blumen.jpg' rel=\"lightbox[1932]\"><img loading=\"lazy\" decoding=\"async\" width=\"150\" height=\"150\" src=\"https:\/\/blog.zhdk.ch\/bewahrenbesondererkulturgueter\/files\/2018\/09\/ZH_Burghoelzli_07527_Blumen-150x150.jpg\" class=\"attachment-thumbnail size-thumbnail\" alt=\"07527 m, keine weiteren Angaben\/No further information: Ohne Titel, Blumen, Farbstifte auf Papier \/ without title, flowers, 26,8 x 18,2 cm, 20.1.1914, Psychiatrische Universit\u00e4tsklinik, Sammlung Burgh\u00f6lzli, Inv. Nr. 12 verso, Staatsarchiv des Kantons Z\u00fcrich, Z 100 07527\" aria-describedby=\"gallery-1-1940\" srcset=\"https:\/\/blog.zhdk.ch\/bewahrenbesondererkulturgueter\/files\/2018\/09\/ZH_Burghoelzli_07527_Blumen-150x150.jpg 150w, https:\/\/blog.zhdk.ch\/bewahrenbesondererkulturgueter\/files\/2018\/09\/ZH_Burghoelzli_07527_Blumen-50x50.jpg 50w\" sizes=\"auto, (max-width: 150px) 100vw, 150px\" \/><\/a>\n\t\t\t<\/dt>\n\t\t\t\t<dd class='wp-caption-text gallery-caption' id='gallery-1-1940'>\n\t\t\t\t07527 m: Ohne Titel\n\t\t\t\t<\/dd><\/dl><br style=\"clear: both\" \/><dl class='gallery-item'>\n\t\t\t<dt class='gallery-icon landscape'>\n\t\t\t\t<a href='https:\/\/blog.zhdk.ch\/bewahrenbesondererkulturgueter\/files\/2018\/09\/ZH_Burghoelzli_13596_Wohnzimmer.jpg' rel=\"lightbox[1932]\"><img loading=\"lazy\" decoding=\"async\" width=\"150\" height=\"150\" src=\"https:\/\/blog.zhdk.ch\/bewahrenbesondererkulturgueter\/files\/2018\/09\/ZH_Burghoelzli_13596_Wohnzimmer-150x150.jpg\" class=\"attachment-thumbnail size-thumbnail\" alt=\"13596 m, keine weiteren Angaben\/No further information: Ohne Titel, Wohnzimmer, Bleistift auf Papier \/ without title, living room, 18 x 36 cm, 1919, Psychiatrische Universit\u00e4tsklinik, Sammlung Burgh\u00f6lzli, Inv. Nr. 70, Staatsarchiv des Kantons Z\u00fcrich, Z 100 13596\" aria-describedby=\"gallery-1-1942\" srcset=\"https:\/\/blog.zhdk.ch\/bewahrenbesondererkulturgueter\/files\/2018\/09\/ZH_Burghoelzli_13596_Wohnzimmer-150x150.jpg 150w, https:\/\/blog.zhdk.ch\/bewahrenbesondererkulturgueter\/files\/2018\/09\/ZH_Burghoelzli_13596_Wohnzimmer-50x50.jpg 50w\" sizes=\"auto, (max-width: 150px) 100vw, 150px\" \/><\/a>\n\t\t\t<\/dt>\n\t\t\t\t<dd class='wp-caption-text gallery-caption' id='gallery-1-1942'>\n\t\t\t\t13596 m: Ohne Titel\n\t\t\t\t<\/dd><\/dl><dl class='gallery-item'>\n\t\t\t<dt class='gallery-icon landscape'>\n\t\t\t\t<a href='https:\/\/blog.zhdk.ch\/bewahrenbesondererkulturgueter\/files\/2018\/09\/ZH_Burghoelzli_JNWintsch_Immortalite_B_1688.jpg' rel=\"lightbox[1932]\"><img loading=\"lazy\" decoding=\"async\" width=\"150\" height=\"150\" src=\"https:\/\/blog.zhdk.ch\/bewahrenbesondererkulturgueter\/files\/2018\/09\/ZH_Burghoelzli_JNWintsch_Immortalite_B_1688-150x150.jpg\" class=\"attachment-thumbnail size-thumbnail\" alt=\"Jeanne Natalie Wintsch, (1871-1944), Klavierlehrerin, Stickerin\/piano teacher, embroiderer: \u00abImmortalit\u00e9\u00bb\/\u00abBurgh\u00f6llzli\u00bb, Stickerei auf Leinen\/(Immortality\/Burgh\u00f6llzli), embroidery on linen, 38,1 x 67,8 cm, 1922, Psychiatrische Universit\u00e4tsklinik, Sammlung Burgh\u00f6lzli, Inv. Nr. B 1688, Staatsarchiv des Kantons Z\u00fcrich\" aria-describedby=\"gallery-1-1944\" srcset=\"https:\/\/blog.zhdk.ch\/bewahrenbesondererkulturgueter\/files\/2018\/09\/ZH_Burghoelzli_JNWintsch_Immortalite_B_1688-150x150.jpg 150w, https:\/\/blog.zhdk.ch\/bewahrenbesondererkulturgueter\/files\/2018\/09\/ZH_Burghoelzli_JNWintsch_Immortalite_B_1688-50x50.jpg 50w\" sizes=\"auto, (max-width: 150px) 100vw, 150px\" \/><\/a>\n\t\t\t<\/dt>\n\t\t\t\t<dd class='wp-caption-text gallery-caption' id='gallery-1-1944'>\n\t\t\t\tJeanne Natalie Wintsch: \u00abImmortalit\u00e9\u00bb\/\u00abBurgh\u00f6llzli\u00bb\n\t\t\t\t<\/dd><\/dl>\n\t\t\t<br style='clear: both' \/>\n\t\t<\/div>\n<!--:--><!--:en-->\n\t\t<style type=\"text\/css\">\n\t\t\t#gallery-2 {\n\t\t\t\tmargin: auto;\n\t\t\t}\n\t\t\t#gallery-2 .gallery-item {\n\t\t\t\tfloat: left;\n\t\t\t\tmargin-top: 10px;\n\t\t\t\ttext-align: center;\n\t\t\t\twidth: 33%;\n\t\t\t}\n\t\t\t#gallery-2 img {\n\t\t\t\tborder: 2px solid #cfcfcf;\n\t\t\t}\n\t\t\t#gallery-2 .gallery-caption {\n\t\t\t\tmargin-left: 0;\n\t\t\t}\n\t\t\t\/* see gallery_shortcode() in wp-includes\/media.php *\/\n\t\t<\/style>\n\t\t<div id='gallery-2' class='gallery galleryid-1932 gallery-columns-3 gallery-size-thumbnail'><dl class='gallery-item'>\n\t\t\t<dt class='gallery-icon portrait'>\n\t\t\t\t<a href='https:\/\/blog.zhdk.ch\/bewahrenbesondererkulturgueter\/files\/2018\/09\/ZH_Burghoelzli_02262_Ballon.jpg' rel=\"lightbox[1932]\"><img loading=\"lazy\" decoding=\"async\" width=\"150\" height=\"150\" src=\"https:\/\/blog.zhdk.ch\/bewahrenbesondererkulturgueter\/files\/2018\/09\/ZH_Burghoelzli_02262_Ballon-150x150.jpg\" class=\"attachment-thumbnail size-thumbnail\" alt=\"02262 m, keine weiteren Angaben\/No further information: Ohne Titel, Heissluftballone, Tinte auf Papier \/ untitled, hot-air balloons, 22,3 x 18 cm, um\/around 1885, Psychiatrische Universit\u00e4tsklinik, Sammlung Burgh\u00f6lzli, Inv. Nr. 7 recto, Staatsarchiv des Kantons Z\u00fcrich, Z 100 02262\" aria-describedby=\"gallery-2-1934\" srcset=\"https:\/\/blog.zhdk.ch\/bewahrenbesondererkulturgueter\/files\/2018\/09\/ZH_Burghoelzli_02262_Ballon-150x150.jpg 150w, https:\/\/blog.zhdk.ch\/bewahrenbesondererkulturgueter\/files\/2018\/09\/ZH_Burghoelzli_02262_Ballon-50x50.jpg 50w\" sizes=\"auto, (max-width: 150px) 100vw, 150px\" \/><\/a>\n\t\t\t<\/dt>\n\t\t\t\t<dd class='wp-caption-text gallery-caption' id='gallery-2-1934'>\n\t\t\t\t02262 m: Ohne Titel\n\t\t\t\t<\/dd><\/dl><dl class='gallery-item'>\n\t\t\t<dt class='gallery-icon portrait'>\n\t\t\t\t<a href='https:\/\/blog.zhdk.ch\/bewahrenbesondererkulturgueter\/files\/2018\/09\/ZH_Burghoelzli_02262.jpg' rel=\"lightbox[1932]\"><img loading=\"lazy\" decoding=\"async\" width=\"150\" height=\"150\" src=\"https:\/\/blog.zhdk.ch\/bewahrenbesondererkulturgueter\/files\/2018\/09\/ZH_Burghoelzli_02262-150x150.jpg\" class=\"attachment-thumbnail size-thumbnail\" alt=\"14573 m, keine weiteren Angaben\/No further information: Ohne Titel, Luchs, Bleistift auf Papier \/ untitled, Lynx, pencil on paper, 11 x 10,5 cm, undatiert\/undated, Psychiatrische Universit\u00e4tsklinik, Sammlung Burgh\u00f6lzli, Inv. Nr. 119, Staatsarchiv des Kantons Zu\u0308rich, Z 100 14573\" aria-describedby=\"gallery-2-1938\" srcset=\"https:\/\/blog.zhdk.ch\/bewahrenbesondererkulturgueter\/files\/2018\/09\/ZH_Burghoelzli_02262-150x150.jpg 150w, https:\/\/blog.zhdk.ch\/bewahrenbesondererkulturgueter\/files\/2018\/09\/ZH_Burghoelzli_02262-50x50.jpg 50w\" sizes=\"auto, (max-width: 150px) 100vw, 150px\" \/><\/a>\n\t\t\t<\/dt>\n\t\t\t\t<dd class='wp-caption-text gallery-caption' id='gallery-2-1938'>\n\t\t\t\t14573 m: Ohne Titel\n\t\t\t\t<\/dd><\/dl><dl class='gallery-item'>\n\t\t\t<dt class='gallery-icon landscape'>\n\t\t\t\t<a href='https:\/\/blog.zhdk.ch\/bewahrenbesondererkulturgueter\/files\/2018\/09\/ZH_Burghoelzli_07527_Blumen.jpg' rel=\"lightbox[1932]\"><img loading=\"lazy\" decoding=\"async\" width=\"150\" height=\"150\" src=\"https:\/\/blog.zhdk.ch\/bewahrenbesondererkulturgueter\/files\/2018\/09\/ZH_Burghoelzli_07527_Blumen-150x150.jpg\" class=\"attachment-thumbnail size-thumbnail\" alt=\"07527 m, keine weiteren Angaben\/No further information: Ohne Titel, Blumen, Farbstifte auf Papier \/ without title, flowers, 26,8 x 18,2 cm, 20.1.1914, Psychiatrische Universit\u00e4tsklinik, Sammlung Burgh\u00f6lzli, Inv. Nr. 12 verso, Staatsarchiv des Kantons Z\u00fcrich, Z 100 07527\" aria-describedby=\"gallery-2-1940\" srcset=\"https:\/\/blog.zhdk.ch\/bewahrenbesondererkulturgueter\/files\/2018\/09\/ZH_Burghoelzli_07527_Blumen-150x150.jpg 150w, https:\/\/blog.zhdk.ch\/bewahrenbesondererkulturgueter\/files\/2018\/09\/ZH_Burghoelzli_07527_Blumen-50x50.jpg 50w\" sizes=\"auto, (max-width: 150px) 100vw, 150px\" \/><\/a>\n\t\t\t<\/dt>\n\t\t\t\t<dd class='wp-caption-text gallery-caption' id='gallery-2-1940'>\n\t\t\t\t07527 m: Ohne Titel\n\t\t\t\t<\/dd><\/dl><br style=\"clear: both\" \/><dl class='gallery-item'>\n\t\t\t<dt class='gallery-icon landscape'>\n\t\t\t\t<a href='https:\/\/blog.zhdk.ch\/bewahrenbesondererkulturgueter\/files\/2018\/09\/ZH_Burghoelzli_13596_Wohnzimmer.jpg' rel=\"lightbox[1932]\"><img loading=\"lazy\" decoding=\"async\" width=\"150\" height=\"150\" src=\"https:\/\/blog.zhdk.ch\/bewahrenbesondererkulturgueter\/files\/2018\/09\/ZH_Burghoelzli_13596_Wohnzimmer-150x150.jpg\" class=\"attachment-thumbnail size-thumbnail\" alt=\"13596 m, keine weiteren Angaben\/No further information: Ohne Titel, Wohnzimmer, Bleistift auf Papier \/ without title, living room, 18 x 36 cm, 1919, Psychiatrische Universit\u00e4tsklinik, Sammlung Burgh\u00f6lzli, Inv. Nr. 70, Staatsarchiv des Kantons Z\u00fcrich, Z 100 13596\" aria-describedby=\"gallery-2-1942\" srcset=\"https:\/\/blog.zhdk.ch\/bewahrenbesondererkulturgueter\/files\/2018\/09\/ZH_Burghoelzli_13596_Wohnzimmer-150x150.jpg 150w, https:\/\/blog.zhdk.ch\/bewahrenbesondererkulturgueter\/files\/2018\/09\/ZH_Burghoelzli_13596_Wohnzimmer-50x50.jpg 50w\" sizes=\"auto, (max-width: 150px) 100vw, 150px\" \/><\/a>\n\t\t\t<\/dt>\n\t\t\t\t<dd class='wp-caption-text gallery-caption' id='gallery-2-1942'>\n\t\t\t\t13596 m: Ohne Titel\n\t\t\t\t<\/dd><\/dl><dl class='gallery-item'>\n\t\t\t<dt class='gallery-icon landscape'>\n\t\t\t\t<a href='https:\/\/blog.zhdk.ch\/bewahrenbesondererkulturgueter\/files\/2018\/09\/ZH_Burghoelzli_JNWintsch_Immortalite_B_1688.jpg' rel=\"lightbox[1932]\"><img loading=\"lazy\" decoding=\"async\" width=\"150\" height=\"150\" src=\"https:\/\/blog.zhdk.ch\/bewahrenbesondererkulturgueter\/files\/2018\/09\/ZH_Burghoelzli_JNWintsch_Immortalite_B_1688-150x150.jpg\" class=\"attachment-thumbnail size-thumbnail\" alt=\"Jeanne Natalie Wintsch, (1871-1944), Klavierlehrerin, Stickerin\/piano teacher, embroiderer: \u00abImmortalit\u00e9\u00bb\/\u00abBurgh\u00f6llzli\u00bb, Stickerei auf Leinen\/(Immortality\/Burgh\u00f6llzli), embroidery on linen, 38,1 x 67,8 cm, 1922, Psychiatrische Universit\u00e4tsklinik, Sammlung Burgh\u00f6lzli, Inv. Nr. B 1688, Staatsarchiv des Kantons Z\u00fcrich\" aria-describedby=\"gallery-2-1944\" srcset=\"https:\/\/blog.zhdk.ch\/bewahrenbesondererkulturgueter\/files\/2018\/09\/ZH_Burghoelzli_JNWintsch_Immortalite_B_1688-150x150.jpg 150w, https:\/\/blog.zhdk.ch\/bewahrenbesondererkulturgueter\/files\/2018\/09\/ZH_Burghoelzli_JNWintsch_Immortalite_B_1688-50x50.jpg 50w\" sizes=\"auto, (max-width: 150px) 100vw, 150px\" \/><\/a>\n\t\t\t<\/dt>\n\t\t\t\t<dd class='wp-caption-text gallery-caption' id='gallery-2-1944'>\n\t\t\t\tJeanne Natalie Wintsch: \u00abImmortalit\u00e9\u00bb\/\u00abBurgh\u00f6llzli\u00bb\n\t\t\t\t<\/dd><\/dl>\n\t\t\t<br style='clear: both' \/>\n\t\t<\/div>\n<!--:--><!--:fr-->\n\t\t<style type=\"text\/css\">\n\t\t\t#gallery-3 {\n\t\t\t\tmargin: auto;\n\t\t\t}\n\t\t\t#gallery-3 .gallery-item {\n\t\t\t\tfloat: left;\n\t\t\t\tmargin-top: 10px;\n\t\t\t\ttext-align: center;\n\t\t\t\twidth: 33%;\n\t\t\t}\n\t\t\t#gallery-3 img {\n\t\t\t\tborder: 2px solid #cfcfcf;\n\t\t\t}\n\t\t\t#gallery-3 .gallery-caption {\n\t\t\t\tmargin-left: 0;\n\t\t\t}\n\t\t\t\/* see gallery_shortcode() in wp-includes\/media.php *\/\n\t\t<\/style>\n\t\t<div id='gallery-3' class='gallery galleryid-1932 gallery-columns-3 gallery-size-thumbnail'><dl class='gallery-item'>\n\t\t\t<dt class='gallery-icon portrait'>\n\t\t\t\t<a href='https:\/\/blog.zhdk.ch\/bewahrenbesondererkulturgueter\/files\/2018\/09\/ZH_Burghoelzli_02262_Ballon.jpg' rel=\"lightbox[1932]\"><img loading=\"lazy\" decoding=\"async\" width=\"150\" height=\"150\" src=\"https:\/\/blog.zhdk.ch\/bewahrenbesondererkulturgueter\/files\/2018\/09\/ZH_Burghoelzli_02262_Ballon-150x150.jpg\" class=\"attachment-thumbnail size-thumbnail\" alt=\"02262 m, keine weiteren Angaben\/No further information: Ohne Titel, Heissluftballone, Tinte auf Papier \/ untitled, hot-air balloons, 22,3 x 18 cm, um\/around 1885, Psychiatrische Universit\u00e4tsklinik, Sammlung Burgh\u00f6lzli, Inv. Nr. 7 recto, Staatsarchiv des Kantons Z\u00fcrich, Z 100 02262\" aria-describedby=\"gallery-3-1934\" srcset=\"https:\/\/blog.zhdk.ch\/bewahrenbesondererkulturgueter\/files\/2018\/09\/ZH_Burghoelzli_02262_Ballon-150x150.jpg 150w, https:\/\/blog.zhdk.ch\/bewahrenbesondererkulturgueter\/files\/2018\/09\/ZH_Burghoelzli_02262_Ballon-50x50.jpg 50w\" sizes=\"auto, (max-width: 150px) 100vw, 150px\" \/><\/a>\n\t\t\t<\/dt>\n\t\t\t\t<dd class='wp-caption-text gallery-caption' id='gallery-3-1934'>\n\t\t\t\t02262 m: Ohne Titel\n\t\t\t\t<\/dd><\/dl><dl class='gallery-item'>\n\t\t\t<dt class='gallery-icon portrait'>\n\t\t\t\t<a href='https:\/\/blog.zhdk.ch\/bewahrenbesondererkulturgueter\/files\/2018\/09\/ZH_Burghoelzli_02262.jpg' rel=\"lightbox[1932]\"><img loading=\"lazy\" decoding=\"async\" width=\"150\" height=\"150\" src=\"https:\/\/blog.zhdk.ch\/bewahrenbesondererkulturgueter\/files\/2018\/09\/ZH_Burghoelzli_02262-150x150.jpg\" class=\"attachment-thumbnail size-thumbnail\" alt=\"14573 m, keine weiteren Angaben\/No further information: Ohne Titel, Luchs, Bleistift auf Papier \/ untitled, Lynx, pencil on paper, 11 x 10,5 cm, undatiert\/undated, Psychiatrische Universit\u00e4tsklinik, Sammlung Burgh\u00f6lzli, Inv. Nr. 119, Staatsarchiv des Kantons Zu\u0308rich, Z 100 14573\" aria-describedby=\"gallery-3-1938\" srcset=\"https:\/\/blog.zhdk.ch\/bewahrenbesondererkulturgueter\/files\/2018\/09\/ZH_Burghoelzli_02262-150x150.jpg 150w, https:\/\/blog.zhdk.ch\/bewahrenbesondererkulturgueter\/files\/2018\/09\/ZH_Burghoelzli_02262-50x50.jpg 50w\" sizes=\"auto, (max-width: 150px) 100vw, 150px\" \/><\/a>\n\t\t\t<\/dt>\n\t\t\t\t<dd class='wp-caption-text gallery-caption' id='gallery-3-1938'>\n\t\t\t\t14573 m: Ohne Titel\n\t\t\t\t<\/dd><\/dl><dl class='gallery-item'>\n\t\t\t<dt class='gallery-icon landscape'>\n\t\t\t\t<a href='https:\/\/blog.zhdk.ch\/bewahrenbesondererkulturgueter\/files\/2018\/09\/ZH_Burghoelzli_07527_Blumen.jpg' rel=\"lightbox[1932]\"><img loading=\"lazy\" decoding=\"async\" width=\"150\" height=\"150\" src=\"https:\/\/blog.zhdk.ch\/bewahrenbesondererkulturgueter\/files\/2018\/09\/ZH_Burghoelzli_07527_Blumen-150x150.jpg\" class=\"attachment-thumbnail size-thumbnail\" alt=\"07527 m, keine weiteren Angaben\/No further information: Ohne Titel, Blumen, Farbstifte auf Papier \/ without title, flowers, 26,8 x 18,2 cm, 20.1.1914, Psychiatrische Universit\u00e4tsklinik, Sammlung Burgh\u00f6lzli, Inv. Nr. 12 verso, Staatsarchiv des Kantons Z\u00fcrich, Z 100 07527\" aria-describedby=\"gallery-3-1940\" srcset=\"https:\/\/blog.zhdk.ch\/bewahrenbesondererkulturgueter\/files\/2018\/09\/ZH_Burghoelzli_07527_Blumen-150x150.jpg 150w, https:\/\/blog.zhdk.ch\/bewahrenbesondererkulturgueter\/files\/2018\/09\/ZH_Burghoelzli_07527_Blumen-50x50.jpg 50w\" sizes=\"auto, (max-width: 150px) 100vw, 150px\" \/><\/a>\n\t\t\t<\/dt>\n\t\t\t\t<dd class='wp-caption-text gallery-caption' id='gallery-3-1940'>\n\t\t\t\t07527 m: Ohne Titel\n\t\t\t\t<\/dd><\/dl><br style=\"clear: both\" \/><dl class='gallery-item'>\n\t\t\t<dt class='gallery-icon landscape'>\n\t\t\t\t<a href='https:\/\/blog.zhdk.ch\/bewahrenbesondererkulturgueter\/files\/2018\/09\/ZH_Burghoelzli_13596_Wohnzimmer.jpg' rel=\"lightbox[1932]\"><img loading=\"lazy\" decoding=\"async\" width=\"150\" height=\"150\" src=\"https:\/\/blog.zhdk.ch\/bewahrenbesondererkulturgueter\/files\/2018\/09\/ZH_Burghoelzli_13596_Wohnzimmer-150x150.jpg\" class=\"attachment-thumbnail size-thumbnail\" alt=\"13596 m, keine weiteren Angaben\/No further information: Ohne Titel, Wohnzimmer, Bleistift auf Papier \/ without title, living room, 18 x 36 cm, 1919, Psychiatrische Universit\u00e4tsklinik, Sammlung Burgh\u00f6lzli, Inv. Nr. 70, Staatsarchiv des Kantons Z\u00fcrich, Z 100 13596\" aria-describedby=\"gallery-3-1942\" srcset=\"https:\/\/blog.zhdk.ch\/bewahrenbesondererkulturgueter\/files\/2018\/09\/ZH_Burghoelzli_13596_Wohnzimmer-150x150.jpg 150w, https:\/\/blog.zhdk.ch\/bewahrenbesondererkulturgueter\/files\/2018\/09\/ZH_Burghoelzli_13596_Wohnzimmer-50x50.jpg 50w\" sizes=\"auto, (max-width: 150px) 100vw, 150px\" \/><\/a>\n\t\t\t<\/dt>\n\t\t\t\t<dd class='wp-caption-text gallery-caption' id='gallery-3-1942'>\n\t\t\t\t13596 m: Ohne Titel\n\t\t\t\t<\/dd><\/dl><dl class='gallery-item'>\n\t\t\t<dt class='gallery-icon landscape'>\n\t\t\t\t<a href='https:\/\/blog.zhdk.ch\/bewahrenbesondererkulturgueter\/files\/2018\/09\/ZH_Burghoelzli_JNWintsch_Immortalite_B_1688.jpg' rel=\"lightbox[1932]\"><img loading=\"lazy\" decoding=\"async\" width=\"150\" height=\"150\" src=\"https:\/\/blog.zhdk.ch\/bewahrenbesondererkulturgueter\/files\/2018\/09\/ZH_Burghoelzli_JNWintsch_Immortalite_B_1688-150x150.jpg\" class=\"attachment-thumbnail size-thumbnail\" alt=\"Jeanne Natalie Wintsch, (1871-1944), Klavierlehrerin, Stickerin\/piano teacher, embroiderer: \u00abImmortalit\u00e9\u00bb\/\u00abBurgh\u00f6llzli\u00bb, Stickerei auf Leinen\/(Immortality\/Burgh\u00f6llzli), embroidery on linen, 38,1 x 67,8 cm, 1922, Psychiatrische Universit\u00e4tsklinik, Sammlung Burgh\u00f6lzli, Inv. Nr. B 1688, Staatsarchiv des Kantons Z\u00fcrich\" aria-describedby=\"gallery-3-1944\" srcset=\"https:\/\/blog.zhdk.ch\/bewahrenbesondererkulturgueter\/files\/2018\/09\/ZH_Burghoelzli_JNWintsch_Immortalite_B_1688-150x150.jpg 150w, https:\/\/blog.zhdk.ch\/bewahrenbesondererkulturgueter\/files\/2018\/09\/ZH_Burghoelzli_JNWintsch_Immortalite_B_1688-50x50.jpg 50w\" sizes=\"auto, (max-width: 150px) 100vw, 150px\" \/><\/a>\n\t\t\t<\/dt>\n\t\t\t\t<dd class='wp-caption-text gallery-caption' id='gallery-3-1944'>\n\t\t\t\tJeanne Natalie Wintsch: \u00abImmortalit\u00e9\u00bb\/\u00abBurgh\u00f6llzli\u00bb\n\t\t\t\t<\/dd><\/dl>\n\t\t\t<br style='clear: both' \/>\n\t\t<\/div>\n<!--:--><\/p>\n","protected":false},"excerpt":{"rendered":"","protected":false},"author":3805,"featured_media":0,"parent":0,"menu_order":0,"comment_status":"closed","ping_status":"closed","template":"","meta":{"footnotes":""},"class_list":["post-1932","page","type-page","status-publish","hentry"],"_links":{"self":[{"href":"https:\/\/blog.zhdk.ch\/bewahrenbesondererkulturgueter\/wp-json\/wp\/v2\/pages\/1932","targetHints":{"allow":["GET"]}}],"collection":[{"href":"https:\/\/blog.zhdk.ch\/bewahrenbesondererkulturgueter\/wp-json\/wp\/v2\/pages"}],"about":[{"href":"https:\/\/blog.zhdk.ch\/bewahrenbesondererkulturgueter\/wp-json\/wp\/v2\/types\/page"}],"author":[{"embeddable":true,"href":"https:\/\/blog.zhdk.ch\/bewahrenbesondererkulturgueter\/wp-json\/wp\/v2\/users\/3805"}],"replies":[{"embeddable":true,"href":"https:\/\/blog.zhdk.ch\/bewahrenbesondererkulturgueter\/wp-json\/wp\/v2\/comments?post=1932"}],"version-history":[{"count":1,"href":"https:\/\/blog.zhdk.ch\/bewahrenbesondererkulturgueter\/wp-json\/wp\/v2\/pages\/1932\/revisions"}],"predecessor-version":[{"id":1948,"href":"https:\/\/blog.zhdk.ch\/bewahrenbesondererkulturgueter\/wp-json\/wp\/v2\/pages\/1932\/revisions\/1948"}],"wp:attachment":[{"href":"https:\/\/blog.zhdk.ch\/bewahrenbesondererkulturgueter\/wp-json\/wp\/v2\/media?parent=1932"}],"curies":[{"name":"wp","href":"https:\/\/api.w.org\/{rel}","templated":true}]}}