{"id":261,"date":"2017-07-13T08:35:18","date_gmt":"2017-07-13T08:35:18","guid":{"rendered":"https:\/\/blog.zhdk.ch\/kulturgueter\/?page_id=261"},"modified":"2024-01-07T19:53:25","modified_gmt":"2024-01-07T19:53:25","slug":"3-3-basel","status":"publish","type":"page","link":"https:\/\/blog.zhdk.ch\/bewahrenbesondererkulturgueter\/3-3-basel\/","title":{"rendered":"Basel"},"content":{"rendered":"<p><!--:de--><\/p>\n<p>Keine Inventarliste als pdf zum download<\/p>\n<p><strong>Universit\u00e4re Psychiatrische Klinken Basel, &#8222;Friedmatt\u201c<br \/>\n<\/strong><\/p>\n<p>Wie Z\u00fcrich oder Genf verf\u00fcgte Basel zwischen dem 16. bis 19. Jahrhundert \u00fcber eine Irrenabteilung im Spital, die hier &#8222;Almosen\u201c genannt wurde. Manche Geisteskranke wurden \u2013 wie andernorts \u2013 auch im &#8222;Schellenwerk\u201c, dem Gef\u00e4ngnis, verwahrt. Bereits 1875 wurde an der Universit\u00e4t Basel ein Lehrstuhl f\u00fcr Psychiatrie geschaffen, an den der deutsche Psychiater Ludwig Wille (1834-1912) berufen wurde. Wille hatte 1864 die Anstalt M\u00fcnsterlingen geleitet, 1867 die Pflegeanstalt Rheinau und 1873 die Irrenanstalt St. Urban, alle in ehemaligen Kl\u00f6stern eingerichtet, aufgebaut. 1886 wurde die Irrenanstalt Friedmatt er\u00f6ffnet. Ludwig Wille stand ihr bis 1904 als Direktor vor und war auch als Forensiker t\u00e4tig. Die \u201eFriedmatt\u201c bestand aus Pavillons, es gab Erst- Zweit- und Drittklasse-Patienten, von welchen erstere auch in den Genuss von Zeichen- und Musikunterricht kamen. Unter Willes Direktorium ist besonders deutlich nachvollziehbar, dass es um 1900 eine starke Antipsychiatriebewegung gab: Angeh\u00f6rige beanstandeten das restriktive Besuchsrecht, B\u00fcrgerinnen und B\u00fcrger f\u00fcrchteten die Nichtachtung von B\u00fcrgerrechten durch willk\u00fcrliche Einweisungen und die Verhinderung von Entlassung; ehemalige Patienten ver\u00f6ffentlichten Berichte \u00fcber mangelnde Hygiene, mangelhaftes Essen, gewaltt\u00e4tiges W\u00e4rterpersonal. Der heftigen Kritik musste mit allm\u00e4hlichen Reformen begegnet werden. Die Anstalt wurde erweitert, das Pflegepersonal ausgebildet, die Arbeitszeit verk\u00fcrzt und das Externat gestattet. Unter Prof. Dr. John Staehelin (1891-1969), der 1929 Direktor wurde und seine Ausbildung unter anderem am Z\u00fcrcher \u201eBurgh\u00f6lzli\u201c absolviert hatte, wurden die Arbeitsangebote weiter diversifiziert, man st\u00f6sst auf die Abbildung eines \u201eKunstgewerbeateliers\u201c (Staehelin 1933, Abb. 47) und die wissenschaftlichen Labors wurden ausgebaut. Medizinische \u201eKuren\u201c wurden ein wichtiger Bestandteil der psychiatrischen Behandlung. In der universit\u00e4ren psychiatrischen Klinik Basel wird eine bemerkenswerte Sammlung von mehreren Hundert Bildern von Patientinnen und Patienten aus den Jahrzehnten nach 1960 aufbewahrt. Es kann vermutet werden, dass auch den Krankenakten im historischen Archiv (Zeitraum 1886-1930) Zeichnungen beigelegt wurden. Ein Einblick ins Archiv war jedoch nicht m\u00f6glich.<\/p>\n<p><strong>Literatur<\/strong><\/p>\n<p>Staehelin, John, Die Erfahrungen der verk\u00fcrzten Arbeitszeit beim Pflegepersonal der Heil- und Pflegeanstalt Friedmatt Basel, in: Personal- und Anstaltsfragen. Beitr\u00e4ge zur Kranken- und Irrenpflege, Heft 4, Bern, Berlin 1930<\/p>\n<p>Ders., Kantonale Heil- und Pflegeanstalt Friedmatt, Basel, Eckhardt &amp; Pesch, Z\u00fcrich, 1933<\/p>\n<p>Haenel, Thomas, Wille, Ludwig, im Historischen Lexikon der Schweiz<\/p>\n<p>T\u00f6lle, Rainer, Ludwig Wille, Kliniker und Reformpsychiater, in: Schweizerisches Archiv f\u00fcr Neurologie und Psychiatrie, Bd. 156 (2005), S. 29-34<br \/>\n<!--:--><!--:en--><\/p>\n<p>No inventory list as pdf for download<\/p>\n<p><strong>Universit\u00e4re Psychiatrische Klinken Basel, &#8222;Friedmatt\u201c<br \/>\n<\/strong><\/p>\n<p>As in Zurich or Geneva, from the sixteenth to nineteenth centuries Basel hospital included a ward for the mentally insane, which was known as the \u201calmshouse.\u201d As elsewhere, some mentally insane patients were also kept at the \u201cSchellenwerk,\u201d a local prison. In 1865, Basel University established a chair of psychiatry, to which the German psychiatrist Ludwig Wille (1834\u20131912) was appointed. Wille had been director of M\u00fcnsterlingen asylum in 1864, as well as established asylums in Rheinau (1867) and St Urban (1973), which were all located in former monasteries. Friedmatt asylum was opened in 1886, where Wille served as director and forensic psychiatrist until 1904. Friedmatt consisted of pavillons providing accommodation for first-, second-, and third-class patients; first-class patients were offered drawing and music classes. While Wille was serving as director, a strong anti-psychiatric movement emerged around 1900: relatives complained about the restrictive visiting hours, citizens feared the non-observance of civil rights owing to arbitrary commitments to psychiatric wards; former patients published reports on lacking hygiene, substandard food, and violent nursing staff. Such fierce criticism was met with gradual reforms. Friedmatt asylum was expanded, staff received proper training, working hours were shortened, and outpatient status was permitted. Under Prof. Dr. John Staehelin (1891\u20131969), who was appointed director in 1929 and had received his training, among others, at the Burgh\u00f6lzli in Zurich, patient working opportunities were further diversified. An \u201carts and craft studio\u201d was established (Staehelin 1933, Fig. 47) and the scientific laboratories expanded. Medical \u201ccures\u201d now became an important part of psychiatric treatment. The clinic archives contain a remarkable collection of several hundred pictures by patients since the 1960s. Presumably, the patient records held in the historical archive (covering the period 1886\u20131930) also include drawings. The archive was not accessible. <\/p>\n<p><strong>References<\/strong><\/p>\n<p>Staehelin, John, Die Erfahrungen der verk\u00fcrzten Arbeitszeit beim Pflegepersonal der Heil- und Pflegeanstalt Friedmatt Basel, in: Personal- und Anstaltsfragen. Beitr\u00e4ge zur Kranken- und Irrenpflege, Heft 4, Bern, Berlin 1930<\/p>\n<p>Staehelin, John, Kantonale Heil- und Pflegeanstalt Friedmatt, Basel, Eckhardt &amp; Pesch, Z\u00fcrich, 1933<\/p>\n<p>Haenel, Thomas, Wille, Ludwig, im Historischen Lexikon der Schweiz<\/p>\n<p>T\u00f6lle, Rainer, Ludwig Wille, Kliniker und Reformpsychiater, in: Schweizerisches Archiv f\u00fcr Neurologie und Psychiatrie, Vol. 156 (2005), pp. 29\u201334<br \/>\n<!--:--><!--:fr--><strong>Cliniques Psychiatriques Universitaires de B\u00e2le<\/strong><\/p>\n<p>Du 16e au 19e si\u00e8cle l\u2019h\u00f4pital de B\u00e2le disposait \u2013 tout comme Gen\u00e8ve et Zurich \u2013 d\u2019un d\u00e9partement pour les ali\u00e9n\u00e9s ; nomm\u00e9 \u00ab Almosen \u00bb (aum\u00f4ne). Comme ailleurs certains ali\u00e9n\u00e9s \u00e9taient intern\u00e9s dans le \u00ab Schellenwerk \u00bb, donc dans la prison. C\u2019\u00e9tait en 1875 qu\u2019on cr\u00e9a \u00e0 l\u2019Universit\u00e9 de B\u00e2le une chaire de psychiatrie en nommant le psychiatre allemand Ludwig Wille (1834-1912) comme premier titulaire. Wille avait \u00e9t\u00e9 le directeur de l\u2019\u00e9tablissement de M\u00fcnsterlingen en 1864. En 1867 il mis sur pied l\u2019asile de la Rheinau, en 1873 l\u2019asile d\u2019ali\u00e9n\u00e9s de St. Urban, tous \u00e0 la place d\u2019anciens couvents. En 1886 l\u2019asile d\u2019ali\u00e9n\u00e9s Friedmatt fut inaugur\u00e9. Ludwig Wille en \u00e9tait le directeur jusqu\u2019en 1904, et il y travaillait \u00e9galement en tant que m\u00e9decin l\u00e9giste. La \u00ab Friedmatt \u00bb consistait de pavillons, il y avait des patients de premi\u00e8re, de deuxi\u00e8me et de troisi\u00e8me classe ; les formations en dessin et en musique \u00e9taient r\u00e9serv\u00e9es aux patients de premi\u00e8re classe. Sous la direction de Wille on peut particuli\u00e8rement bien observer la formation d\u2019un mouvement anti-ali\u00e9niste de plus en plus fort vers 1900: des proches critiquaient le droit de visite trop restrictif ; des citoyennes et des citoyens craignaient la violation de droits civils \u00e0 cause des internements arbitraires ou des sorties refus\u00e9es ; d\u2019anciens patients publiaient des rapports sur le manque d\u2019hygi\u00e8ne, la nourriture insuffisante ou la violence du personnel soignant. Avec des r\u00e9formes progressives on chercha \u00e0 apaiser ces critiques v\u00e9h\u00e9mentes. Le successeur de Ludwig Wille \u00e9tait Gustav Wolff. C\u2019\u00e9tait lui qui appliqua une interdiction compl\u00e8te de l\u2019alcool. Progressivement on agrandissait l\u2019asile, am\u00e9liorait la formation du personnel soignant, r\u00e9duisait ses heures de travail et lui permettait un domicile externe. Le professeur Dr. John Staehelin (1891-1969), nomm\u00e9 directeur en 1929 (apr\u00e8s une formation qu\u2019il\u2019avait men\u00e9 \u00e9galement au \u00ab Burgh\u00f6lzli \u00bb de Zurich). Il a multipli\u00e9 les offres de travail. On d\u00e9couvre par exemple la reproduction d\u2019un \u00ab Kunstgewerbeatelier \u00bb (atelier des arts appliqu\u00e9s et d\u00e9coratifs ; Staehelin 1933, Abb.47). Enfin on agrandissait les laboiratoires scientifiques. Des \u00ab cures \u00bb m\u00e9dicales constituaient alors une part essentielle du traitement psychiatrique. <\/p>\n<p>La Clinique Psychiatrique Universitaire de B\u00e2le h\u00e9berge une collection remarquable de plusieurs centaines de dessins cr\u00e9\u00e9s par des patientes et des patients dans les d\u00e9cennies apr\u00e8s 1960. On suppose que les dossiers des malades des archives historiques (qui couvrent la p\u00e9riode de 1886 \u00e0 1930) contiennent \u00e9galement des dessins, mais la consultation de ces archives n\u2019a pourtant pas \u00e9t\u00e9 possible. <\/p>\n<p><strong>R\u00e9f\u00e9rences<\/strong><br \/>\nStaehelin, John, Die Erfahrungen der verk\u00fcrzten Arbeitszeit beim Pflegepersonal der Heil- und Pflegeanstalt Friedmatt Basel, in: Personal- und Anstaltsfragen. Beitr\u00e4ge zur Kranken- und Irrenpflege, Heft 4, Bern, Berlin 1930.<br \/>\nStaehelin, John, Kantonale Heil- und Pflegeanstalt Friedmatt, Basel, Eckhardt&amp;Pesch, Z\u00fcrich, 1933<br \/>\nHaenel, Thomas, Wille, Ludwig, im Historischen Lexikon der Schweiz<br \/>\nT\u00f6lle, Rainer, Ludwig Wille, Kliniker und Reformpsychiater, in: Schweizerisches Archiv f\u00fcr Neurologie und Psychiatrie, Bd. 156 (2005), S. 29-34.<\/p>\n<p><!--:--><\/p>\n","protected":false},"excerpt":{"rendered":"<p>Keine Inventarliste als pdf zum download Universit\u00e4re Psychiatrische Klinken Basel, &#8222;Friedmatt\u201c Wie Z\u00fcrich oder Genf verf\u00fcgte Basel zwischen dem 16. bis 19. Jahrhundert \u00fcber eine Irrenabteilung im Spital, die hier &#8222;Almosen\u201c genannt wurde. Manche Geisteskranke wurden \u2013 wie andernorts \u2013&hellip; <a href=\"https:\/\/blog.zhdk.ch\/bewahrenbesondererkulturgueter\/3-3-basel\/\" class=\"more-link\">Weiterlesen <span class=\"meta-nav\">&rarr;<\/span><\/a><\/p>\n","protected":false},"author":1571,"featured_media":0,"parent":0,"menu_order":0,"comment_status":"closed","ping_status":"closed","template":"","meta":{"footnotes":""},"class_list":["post-261","page","type-page","status-publish","hentry"],"_links":{"self":[{"href":"https:\/\/blog.zhdk.ch\/bewahrenbesondererkulturgueter\/wp-json\/wp\/v2\/pages\/261","targetHints":{"allow":["GET"]}}],"collection":[{"href":"https:\/\/blog.zhdk.ch\/bewahrenbesondererkulturgueter\/wp-json\/wp\/v2\/pages"}],"about":[{"href":"https:\/\/blog.zhdk.ch\/bewahrenbesondererkulturgueter\/wp-json\/wp\/v2\/types\/page"}],"author":[{"embeddable":true,"href":"https:\/\/blog.zhdk.ch\/bewahrenbesondererkulturgueter\/wp-json\/wp\/v2\/users\/1571"}],"replies":[{"embeddable":true,"href":"https:\/\/blog.zhdk.ch\/bewahrenbesondererkulturgueter\/wp-json\/wp\/v2\/comments?post=261"}],"version-history":[{"count":14,"href":"https:\/\/blog.zhdk.ch\/bewahrenbesondererkulturgueter\/wp-json\/wp\/v2\/pages\/261\/revisions"}],"predecessor-version":[{"id":3423,"href":"https:\/\/blog.zhdk.ch\/bewahrenbesondererkulturgueter\/wp-json\/wp\/v2\/pages\/261\/revisions\/3423"}],"wp:attachment":[{"href":"https:\/\/blog.zhdk.ch\/bewahrenbesondererkulturgueter\/wp-json\/wp\/v2\/media?parent=261"}],"curies":[{"name":"wp","href":"https:\/\/api.w.org\/{rel}","templated":true}]}}