{"id":45,"date":"2017-12-04T09:34:10","date_gmt":"2017-12-04T09:34:10","guid":{"rendered":"https:\/\/blog.zhdk.ch\/cinememoire\/?page_id=45"},"modified":"2025-02-13T20:15:52","modified_gmt":"2025-02-13T20:15:52","slug":"portraitgalerie","status":"publish","type":"page","link":"https:\/\/blog.zhdk.ch\/cinememoire\/interviews\/portraitgalerie\/","title":{"rendered":"Portraitgalerie"},"content":{"rendered":"<h3>Portraitgalerie<\/h3>\n<p>Alle Interviewten des Projekts Cin\u00e9m\u00e9moire sind in den beiden Videos zu h\u00f6ren und mittels Filmstills zu sehen.<\/p>\n<h5>Teil 1<\/h5>\n<div class=\"ttfmake-embed-wrapper aligncenter\" style=\"max-width: 960px;\"><iframe loading=\"lazy\" src=\"https:\/\/player.vimeo.com\/video\/1056504353?h=c10b7ee9f9&amp;dnt=1&amp;app_id=122963\" width=\"960\" height=\"540\" frameborder=\"0\" allow=\"autoplay; fullscreen; picture-in-picture; clipboard-write; encrypted-media\"><\/iframe><\/div>\n<p>Teil 1 mit Andr\u00e9 Amsler, Alex B\u00e4nninger, Renato Berta, Anne-Marie Blanc, Ren\u00e9 Boeniger, Robert Boner, Pio Corradi, Philipp D\u00e9riaz, Hans Heinrich Egger, Vital Epelbaum, Madeleine Fonjallaz, Helmut F\u00f6rnbacher, Martin Fueter und Peter Christian Fueter, Mario Gerteis, Nicolas Gessner, Stefanie Glaser, Rob Gnant, Urs Graf und Peter Hellstern sowie Martin Hellstern.<\/p>\n<h5>Teil 2<\/h5>\n<div class=\"ttfmake-embed-wrapper aligncenter\" style=\"max-width: 960px;\"><iframe loading=\"lazy\" src=\"https:\/\/player.vimeo.com\/video\/98802321?dnt=1&amp;app_id=122963\" width=\"960\" height=\"540\" frameborder=\"0\" allow=\"autoplay; fullscreen; picture-in-picture; clipboard-write; encrypted-media\"><\/iframe><\/div>\n<p>&nbsp;<\/p>\n<p>Teil 2 mit Charlie Huser, Markus Imhoof, Georg Janett, Rolf Lyssy, Fritz E. Maeder, Hans Mehringer, Fredi M. Murer, Andr\u00e9 Pinkus, Georg Radanowicz, Urs Reinhart, Hans-Ulrich Schlumpf, Martin Schmassmann, Max Peter Ammann, Alexander J. Seiler, Viktor Sidler, Ilona Stamm, Franz Ulrich, Hermann Wetter, Eduard Winiger, und Yves Yersin.<\/p>\n<p><small><strong>Konzept und Interviews<\/strong>: Thomas Sch\u00e4rer\u00a0\u0399\u00a0<\/small><small><strong>Filmstills<\/strong>: Eric Stitzel\u00a0\u0399\u00a0<\/small><small><strong>Arrangement<\/strong>: Benny Jaberg<\/small><\/p>\n<hr \/>\n<h5>Auftrittscollage<\/h5>\n<div class=\"ttfmake-embed-wrapper aligncenter\" style=\"max-width: 960px;\"><iframe loading=\"lazy\" src=\"https:\/\/player.vimeo.com\/video\/1056504244?dnt=1&amp;app_id=122963\" width=\"960\" height=\"540\" frameborder=\"0\" allow=\"autoplay; fullscreen; picture-in-picture; clipboard-write; encrypted-media\"><\/iframe><\/div>\n","protected":false},"excerpt":{"rendered":"<p>Portraitgalerie Alle Interviewten des Projekts Cin\u00e9m\u00e9moire sind in den beiden Videos zu h\u00f6ren und mittels Filmstills zu sehen. Teil 1 Teil 1 mit Andr\u00e9 Amsler, Alex B\u00e4nninger, Renato Berta, Anne-Marie Blanc, Ren\u00e9 Boeniger, Robert Boner, Pio Corradi, Philipp D\u00e9riaz, Hans Heinrich Egger, Vital Epelbaum, Madeleine Fonjallaz, Helmut F\u00f6rnbacher, Martin Fueter und Peter Christian Fueter, Mario &hellip;<\/p>\n","protected":false},"author":3675,"featured_media":0,"parent":11,"menu_order":0,"comment_status":"closed","ping_status":"closed","template":"","meta":{"footnotes":""},"class_list":["post-45","page","type-page","status-publish","hentry"],"_links":{"self":[{"href":"https:\/\/blog.zhdk.ch\/cinememoire\/wp-json\/wp\/v2\/pages\/45","targetHints":{"allow":["GET"]}}],"collection":[{"href":"https:\/\/blog.zhdk.ch\/cinememoire\/wp-json\/wp\/v2\/pages"}],"about":[{"href":"https:\/\/blog.zhdk.ch\/cinememoire\/wp-json\/wp\/v2\/types\/page"}],"author":[{"embeddable":true,"href":"https:\/\/blog.zhdk.ch\/cinememoire\/wp-json\/wp\/v2\/users\/3675"}],"replies":[{"embeddable":true,"href":"https:\/\/blog.zhdk.ch\/cinememoire\/wp-json\/wp\/v2\/comments?post=45"}],"version-history":[{"count":20,"href":"https:\/\/blog.zhdk.ch\/cinememoire\/wp-json\/wp\/v2\/pages\/45\/revisions"}],"predecessor-version":[{"id":534,"href":"https:\/\/blog.zhdk.ch\/cinememoire\/wp-json\/wp\/v2\/pages\/45\/revisions\/534"}],"up":[{"embeddable":true,"href":"https:\/\/blog.zhdk.ch\/cinememoire\/wp-json\/wp\/v2\/pages\/11"}],"wp:attachment":[{"href":"https:\/\/blog.zhdk.ch\/cinememoire\/wp-json\/wp\/v2\/media?parent=45"}],"curies":[{"name":"wp","href":"https:\/\/api.w.org\/{rel}","templated":true}]}}