{"id":474,"date":"2025-02-13T13:10:36","date_gmt":"2025-02-13T13:10:36","guid":{"rendered":"https:\/\/blog.zhdk.ch\/cinememoire\/?page_id=474"},"modified":"2025-03-24T14:28:55","modified_gmt":"2025-03-24T14:28:55","slug":"cinememoire-ch","status":"publish","type":"page","link":"https:\/\/blog.zhdk.ch\/cinememoire\/","title":{"rendered":"cin\u00e9m\u00e9moire.ch"},"content":{"rendered":"<p><a href=\"https:\/\/blog.zhdk.ch\/cinememoire\/files\/2017\/12\/cinememoire.jpg\"><img loading=\"lazy\" decoding=\"async\" class=\"alignnone wp-image-23\" src=\"https:\/\/blog.zhdk.ch\/cinememoire\/files\/2017\/12\/cinememoire.jpg\" alt=\"\" width=\"910\" height=\"319\" srcset=\"https:\/\/blog.zhdk.ch\/cinememoire\/files\/2017\/12\/cinememoire.jpg 728w, https:\/\/blog.zhdk.ch\/cinememoire\/files\/2017\/12\/cinememoire-300x105.jpg 300w\" sizes=\"auto, (max-width: 910px) 100vw, 910px\" \/><\/a><\/p>\n<p>Cin\u00e9m\u00e9moire.ch \u2013 Teil 1: Deutschschweiz<br \/>\n<a href=\"https:\/\/blog.zhdk.ch\/cinememoire\/interviews\/\">https:\/\/blog.zhdk.ch\/cinememoire\/interviews\/<\/a><\/p>\n<p>Cin\u00e9m\u00e9moire.ch, Teil 2: Suisse Romande &#8211; La production en Suisse romande \u00e0 l\u2019\u00e9poque du \u00ab nouveau cin\u00e9ma \u00bb (ann\u00e9es 1960-70), t\u00e9l\u00e9vision et r\u00e9seaux.<br \/>\n<a title=\"https:\/\/www2.unil.ch\/cinememoire\/index.html\" href=\"https:\/\/www2.unil.ch\/cinememoire\/index.html\" target=\"_self\" data-outlook-id=\"845fac8d-e130-4d37-acac-cf764c42d7c3\">https:\/\/www2.unil.ch\/cinememoire\/index.html<\/a><\/p>\n<p>\u00dcbersicht aller Interviewdaten (Fokus Deutschschweiz):<br \/>\n<a href=\"https:\/\/medienarchiv.zhdk.ch\/sets\/cinememoire\/more_data\">https:\/\/medienarchiv.zhdk.ch\/sets\/cinememoire\/more_data<\/a><\/p>\n<h3><small>Projektorganisation Teil 1<\/small><\/h3>\n<p><strong><small>Gesuchsteller SNF<\/small><\/strong><br \/>\n<small>Prof. Bernhard Lehner<\/small><br \/>\n<strong><small>Projektleitung und Interviews\u00a0<\/small><\/strong><br \/>\n<small>Thomas Sch\u00e4rer<\/small><br \/>\n<small><strong>Wissenschaftliche Mitarbeit<\/strong><\/small><br \/>\n<small>Nicole Greuter, Claudia Ramseier, Graziella Bomio<\/small><br \/>\n<strong><small>Kamera<\/small><\/strong><br \/>\n<small>Eric Stitzel (Camille Budin, Roni Ulmann)<\/small><\/p>\n<p>&nbsp;<\/p>\n<h3><small>Forschungsprojekte<\/small><\/h3>\n<p><small><a href=\"https:\/\/www.zhdk.ch\/forschungsprojekt\/cinememoire-eine-oral-history-des-schweizer-films-426804\">Cin\u00e9m\u00e9moire: Eine Oral History des Schweizer Films<\/a><\/small><\/p>\n<p><small><a href=\"https:\/\/www.zhdk.ch\/forschungsprojekt\/548377\">M\u00fcndliche Filmgeschichte(n): Ein Online-Archiv zur Schweizer Filmgeschichte<\/a><\/small><\/p>\n","protected":false},"excerpt":{"rendered":"<p>Cin\u00e9m\u00e9moire.ch \u2013 Teil 1: Deutschschweiz https:\/\/blog.zhdk.ch\/cinememoire\/interviews\/ Cin\u00e9m\u00e9moire.ch, Teil 2: Suisse Romande &#8211; La production en Suisse romande \u00e0 l\u2019\u00e9poque du \u00ab nouveau cin\u00e9ma \u00bb (ann\u00e9es 1960-70), t\u00e9l\u00e9vision et r\u00e9seaux. https:\/\/www2.unil.ch\/cinememoire\/index.html \u00dcbersicht aller Interviewdaten (Fokus Deutschschweiz): https:\/\/medienarchiv.zhdk.ch\/sets\/cinememoire\/more_data Projektorganisation Teil 1 Gesuchsteller SNF Prof. Bernhard Lehner Projektleitung und Interviews\u00a0 Thomas Sch\u00e4rer Wissenschaftliche Mitarbeit Nicole Greuter, Claudia Ramseier, &hellip;<\/p>\n","protected":false},"author":6330,"featured_media":0,"parent":0,"menu_order":0,"comment_status":"closed","ping_status":"closed","template":"","meta":{"footnotes":""},"class_list":["post-474","page","type-page","status-publish","hentry"],"_links":{"self":[{"href":"https:\/\/blog.zhdk.ch\/cinememoire\/wp-json\/wp\/v2\/pages\/474","targetHints":{"allow":["GET"]}}],"collection":[{"href":"https:\/\/blog.zhdk.ch\/cinememoire\/wp-json\/wp\/v2\/pages"}],"about":[{"href":"https:\/\/blog.zhdk.ch\/cinememoire\/wp-json\/wp\/v2\/types\/page"}],"author":[{"embeddable":true,"href":"https:\/\/blog.zhdk.ch\/cinememoire\/wp-json\/wp\/v2\/users\/6330"}],"replies":[{"embeddable":true,"href":"https:\/\/blog.zhdk.ch\/cinememoire\/wp-json\/wp\/v2\/comments?post=474"}],"version-history":[{"count":16,"href":"https:\/\/blog.zhdk.ch\/cinememoire\/wp-json\/wp\/v2\/pages\/474\/revisions"}],"predecessor-version":[{"id":559,"href":"https:\/\/blog.zhdk.ch\/cinememoire\/wp-json\/wp\/v2\/pages\/474\/revisions\/559"}],"wp:attachment":[{"href":"https:\/\/blog.zhdk.ch\/cinememoire\/wp-json\/wp\/v2\/media?parent=474"}],"curies":[{"name":"wp","href":"https:\/\/api.w.org\/{rel}","templated":true}]}}