{"id":23,"date":"2013-02-05T12:03:47","date_gmt":"2013-02-05T12:03:47","guid":{"rendered":"https:\/\/blog.zhdk.ch\/darstellungsformate\/?page_id=23"},"modified":"2013-03-18T14:18:51","modified_gmt":"2013-03-18T14:18:51","slug":"entstehung","status":"publish","type":"page","link":"https:\/\/blog.zhdk.ch\/darstellungsformate\/entstehung\/","title":{"rendered":"Entstehung"},"content":{"rendered":"<p><strong>Entstehung<\/strong><br \/>\nDie Webpublikation wurde durch das Jahresthema \u00abDarstellungsformate<br \/>\nim\u00a0Wandel\u00bb der <a href=\"http:\/\/www.zhdk.ch\/index.php?id=36559\" target=\"_blank\">Plattform Z+<\/a> der <a href=\"http:\/\/www.zhdk.ch\/\" target=\"_blank\">Z\u00fcrcher Hochschule der K\u00fcnste<\/a> initiiert,<br \/>\ndie disziplinen-\u00fcbergreifende Themen praktisch, theoretisch, k\u00fcnstlerisch<br \/>\nund gestalterisch zur Diskussion stellt. Die Webpublikation beinhaltet<br \/>\neinzelne Beitr\u00e4ge der Tagung <a href=\"http:\/\/www.zhdk.ch\/fileadmin\/data_subsites\/data_zplus\/AgenturZ\/Flyers\/ZHdK_Tagung_Kuenstlerische_Darstellungsformate_im_Wandel.pdf\" target=\"_blank\">\u00abK\u00fcnstlerische Darstellungsformate im<br \/>\nWandel\u00bb<\/a>\u00a0(28.\u201329. September 2012, ZHdK) sowie neue Beitr\u00e4ge, die f\u00fcr<br \/>\ndie\u00a0Webpublikation erstellt wurden. Die Mischung aus K\u00fcnstlerbeitr\u00e4gen,<br \/>\nInterviews\u00a0und theoretischen Beitr\u00e4gen soll eine Palette unterschiedlicher<br \/>\nSichtweisen\u00a0erzeugen, die gegenseitig produktiv aufeinander einwirken.<\/p>\n","protected":false},"excerpt":{"rendered":"<p>Entstehung Die Webpublikation wurde durch das Jahresthema \u00abDarstellungsformate im\u00a0Wandel\u00bb der Plattform Z+ der Z\u00fcrcher Hochschule der K\u00fcnste initiiert, die disziplinen-\u00fcbergreifende Themen praktisch, theoretisch, k\u00fcnstlerisch und gestalterisch zur Diskussion stellt. Die Webpublikation beinhaltet einzelne Beitr\u00e4ge der Tagung \u00abK\u00fcnstlerische Darstellungsformate im Wandel\u00bb\u00a0(28.\u201329. September 2012, ZHdK) sowie neue Beitr\u00e4ge, die f\u00fcr die\u00a0Webpublikation erstellt wurden. Die Mischung aus K\u00fcnstlerbeitr\u00e4gen,&#8230;  <a href=\"https:\/\/blog.zhdk.ch\/darstellungsformate\/entstehung\/\" title=\"Read Entstehung\">Read more &raquo;<\/a><\/p>\n","protected":false},"author":869,"featured_media":0,"parent":0,"menu_order":0,"comment_status":"closed","ping_status":"open","template":"","meta":{"footnotes":""},"class_list":["post-23","page","type-page","status-publish","hentry"],"_links":{"self":[{"href":"https:\/\/blog.zhdk.ch\/darstellungsformate\/wp-json\/wp\/v2\/pages\/23","targetHints":{"allow":["GET"]}}],"collection":[{"href":"https:\/\/blog.zhdk.ch\/darstellungsformate\/wp-json\/wp\/v2\/pages"}],"about":[{"href":"https:\/\/blog.zhdk.ch\/darstellungsformate\/wp-json\/wp\/v2\/types\/page"}],"author":[{"embeddable":true,"href":"https:\/\/blog.zhdk.ch\/darstellungsformate\/wp-json\/wp\/v2\/users\/869"}],"replies":[{"embeddable":true,"href":"https:\/\/blog.zhdk.ch\/darstellungsformate\/wp-json\/wp\/v2\/comments?post=23"}],"version-history":[{"count":15,"href":"https:\/\/blog.zhdk.ch\/darstellungsformate\/wp-json\/wp\/v2\/pages\/23\/revisions"}],"predecessor-version":[{"id":805,"href":"https:\/\/blog.zhdk.ch\/darstellungsformate\/wp-json\/wp\/v2\/pages\/23\/revisions\/805"}],"wp:attachment":[{"href":"https:\/\/blog.zhdk.ch\/darstellungsformate\/wp-json\/wp\/v2\/media?parent=23"}],"curies":[{"name":"wp","href":"https:\/\/api.w.org\/{rel}","templated":true}]}}