{"id":455,"date":"2014-05-19T15:04:37","date_gmt":"2014-05-19T13:04:37","guid":{"rendered":"https:\/\/blog.zhdk.ch\/designsocialimpact\/?page_id=455"},"modified":"2014-11-14T04:28:12","modified_gmt":"2014-11-14T02:28:12","slug":"projektbeispiele","status":"publish","type":"page","link":"https:\/\/blog.zhdk.ch\/designsocialimpact\/projektbeispiele\/","title":{"rendered":"Projektbeispiele"},"content":{"rendered":"<h3><span style=\"color: #0000ff\"><span style=\"text-decoration: underline\"><span style=\"text-decoration: underline\"><a title=\"From Feces To Fuel\" href=\"https:\/\/blog.zhdk.ch\/designsocialimpact\/from-feces-to-fuel\/\"><span style=\"text-decoration: underline;color: #0000ff\">From Feces To Fuel<\/span><\/a><\/span><\/span><a title=\"From Feces To Fuel\" href=\"https:\/\/blog.zhdk.ch\/designsocialimpact\/from-feces-to-fuel\/\"><span style=\"color: #0000ff\">\u00a0<\/span><\/a>\u00a0<\/span><\/h3>\n<pre><span style=\"color: #0000ff\"><em>Sanitation service to transform human feces into solild biofuel<\/em><\/span><\/pre>\n<pre><span style=\"color: #0000ff\">Kenya\r\n\r\n<\/span><\/pre>\n<h3 class=\"p1\"><span style=\"text-decoration: underline;color: #0000ff\"><span style=\"text-decoration: underline\"><a title=\"Brunnen und Trinkwasser Verkauf\" href=\"https:\/\/blog.zhdk.ch\/designsocialimpact\/projektbeispiele\/brunnen-und-trinkwasser-verkauf\/\"><span style=\"text-decoration: underline;color: #0000ff\">Brunnen und Trinkwasser<\/span><\/a><\/span><\/span><\/h3>\n<pre><span style=\"color: #0000ff\"><em>Kampagne zur Verbesserung der hygienischen Umst\u00e4nde f\u00fcr Frauen<\/em><\/span><\/pre>\n<pre><span style=\"color: #0000ff\">Indien\r\n\r\n<\/span><\/pre>\n<h3 class=\"p1\"><span style=\"text-decoration: underline;color: #0000ff\"><a title=\"Safir Wasserfilter \u2013 Gravity Driven Membrane\" href=\"https:\/\/blog.zhdk.ch\/designsocialimpact\/safir-wasserfilter-gravity-driven-membrane\/\"><span style=\"text-decoration: underline;color: #0000ff\">Safir Wasserfilter \u00a0&#8211; Gravity Driven Membrane<\/span><\/a><\/span><\/h3>\n<pre><span style=\"color: #0000ff\"><em>Usability Testing und Produktentwicklung in Zusammenarbeit mit der eawag<\/em><\/span><\/pre>\n<pre><span style=\"color: #0000ff\">Kenya und Bolivien<\/span><\/pre>\n<h3><span style=\"color: #0000ff\"><br \/>\n<\/span><a title=\"Laboratorium Mo\u00e7ambique\" href=\"https:\/\/blog.zhdk.ch\/designsocialimpact\/laboratorium-mocambique\/\"><span style=\"text-decoration: underline;color: #0000ff\">Laboratorium Mo\u00e7ambique<\/span><\/a><\/h3>\n<pre class=\"p1\" style=\"font-weight: inherit;color: #181818\"><span style=\"font-weight: inherit;font-style: inherit;color: #0000ff\"><em>Aufbau eines Designstudiums im S\u00fcdwesten Afrikas<\/em>\r\nMo\u00e7ambique\r\n\r\n<\/span><\/pre>\n<h3><a title=\"Pragnancy Kit\" href=\"https:\/\/blog.zhdk.ch\/designsocialimpact\/pragnancy-kit\/\"><span style=\"text-decoration: underline\"><span style=\"color: #0000ff;text-decoration: underline\">Pregnancy Kit<\/span><\/span><\/a><\/h3>\n<pre class=\"p1\"><\/pre>\n<pre><span style=\"color: #0000ff\"><em>Enabling non-verbal communication to ensure international comprehension\r\n\r\n<\/em><\/span><\/pre>\n<h3><a title=\"Minenopfer in Angola. Kulturelle Techniken im Umgang mit besch\u00e4digter Identit\u00e4t\" href=\"https:\/\/blog.zhdk.ch\/designsocialimpact\/minenopfer-in-angola-kulturelle-techniken-im-umgang-mit-beschaedigter-identitaet\/\"><span style=\"text-decoration: underline;color: #0000ff\">Minenopfer in Angola<\/span><\/a><\/h3>\n<pre><\/pre>\n<pre><span style=\"font-weight: inherit;font-style: inherit;color: #0000ff\"><span style=\"color: #0000ff\"><em>Kulturelle Techniken im Umgang mit besch\u00e4digter Identit\u00e4t<\/em> Angola\r\n\r\n<\/span><\/span><\/pre>\n<pre><\/pre>\n<h3><span style=\"text-decoration: underline\"><a href=\"https:\/\/blog.zhdk.ch\/designsocialimpact\/autargo\/\"><span style=\"color: #0000ff;text-decoration: underline\">Autargo\u00a0 &#8211;\u00a0Sauerstoff- und Stromproduktion in Einem<\/span><\/a><\/span><\/h3>\n<pre style=\"color: #063ff4\"><i>Medizinische Grundversorgung in Krisen- und Katastrophengebieten\r\n\r\n<\/i><\/pre>\n<h3 class=\"p1\"><a title=\"Guidelines for the Conception of a Wayfinding System for Refugee Camps\" href=\"https:\/\/blog.zhdk.ch\/designsocialimpact\/guidelines-for-the-conception-of-a-wayfinding-system-for-refugee-camps\/\"><span style=\"text-decoration: underline;color: #0000ff\"><span style=\"text-decoration: underline\">Guidelines for the Conception of a Wayfinding\u00a0System for Refugee Camps Graphic Manual<\/span><\/span><\/a><\/h3>\n<pre><em><span style=\"color: #0000ff\">A graphic proposal for <\/span><\/em><span style=\"color: #0000ff\"><i>signalization issues in rwanda<\/i><\/span><\/pre>\n<pre><span style=\"color: #0000ff\">Rwanda<\/span><\/pre>\n<pre style=\"color: #063ff4\"><i>\u00a0<\/i><\/pre>\n<pre><\/pre>\n<pre class=\"p1\" style=\"font-weight: inherit;color: #181818\"><\/pre>\n<pre><\/pre>\n<pre class=\"p1\" style=\"font-weight: inherit;color: #181818\"><span style=\"font-weight: inherit;font-style: inherit;color: #0000ff\">\u00a0<\/span><\/pre>\n<p>&nbsp;<\/p>\n<p>&nbsp;<\/p>\n<p>&nbsp;<\/p>\n","protected":false},"excerpt":{"rendered":"<p>From Feces To Fuel\u00a0\u00a0 Sanitation service to transform human feces into solild biofuel Kenya Brunnen und Trinkwasser Kampagne zur Verbesserung der hygienischen Umst\u00e4nde f\u00fcr Frauen Indien Safir Wasserfilter \u00a0&#8211; Gravity Driven Membrane Usability Testing und Produktentwicklung in Zusammenarbeit mit der eawag Kenya und Bolivien Laboratorium Mo\u00e7ambique Aufbau eines Designstudiums im S\u00fcdwesten Afrikas Mo\u00e7ambique Pregnancy Kit [&hellip;]<\/p>\n","protected":false},"author":661,"featured_media":0,"parent":0,"menu_order":0,"comment_status":"closed","ping_status":"closed","template":"","meta":{"footnotes":""},"class_list":["post-455","page","type-page","status-publish","hentry"],"_links":{"self":[{"href":"https:\/\/blog.zhdk.ch\/designsocialimpact\/wp-json\/wp\/v2\/pages\/455","targetHints":{"allow":["GET"]}}],"collection":[{"href":"https:\/\/blog.zhdk.ch\/designsocialimpact\/wp-json\/wp\/v2\/pages"}],"about":[{"href":"https:\/\/blog.zhdk.ch\/designsocialimpact\/wp-json\/wp\/v2\/types\/page"}],"author":[{"embeddable":true,"href":"https:\/\/blog.zhdk.ch\/designsocialimpact\/wp-json\/wp\/v2\/users\/661"}],"replies":[{"embeddable":true,"href":"https:\/\/blog.zhdk.ch\/designsocialimpact\/wp-json\/wp\/v2\/comments?post=455"}],"version-history":[{"count":48,"href":"https:\/\/blog.zhdk.ch\/designsocialimpact\/wp-json\/wp\/v2\/pages\/455\/revisions"}],"predecessor-version":[{"id":1383,"href":"https:\/\/blog.zhdk.ch\/designsocialimpact\/wp-json\/wp\/v2\/pages\/455\/revisions\/1383"}],"wp:attachment":[{"href":"https:\/\/blog.zhdk.ch\/designsocialimpact\/wp-json\/wp\/v2\/media?parent=455"}],"curies":[{"name":"wp","href":"https:\/\/api.w.org\/{rel}","templated":true}]}}