{"id":702,"date":"2022-10-15T16:07:20","date_gmt":"2022-10-15T16:07:20","guid":{"rendered":"https:\/\/blog.zhdk.ch\/dssblog\/?page_id=702"},"modified":"2024-06-24T07:21:49","modified_gmt":"2024-06-24T07:21:49","slug":"impressum","status":"publish","type":"page","link":"https:\/\/blog.zhdk.ch\/digital-skills\/impressum\/","title":{"rendered":"Impressum"},"content":{"rendered":"\n<p>Das Programm Digital Skills &amp; Spaces wird von Renato Soldenhoff geleitet.<\/p>\n\n\n\n<p>ZHdK Z\u00fcrcher Hochschule der K\u00fcnste<br>Digital Skills &amp; Spaces<br>Toni-Areal, Pfingstweidstrasse 96<br>CH-8005 Z\u00fcrich<br><br>Tel.&nbsp;<a rel=\"noreferrer noopener\" href=\"tel:0041434463271\" target=\"_blank\">+41 43 446 32 71<\/a><br><br><br>F\u00fcrs Blog verantwortlich ist Grit Wolany.<br><a href=\"mailto:grit.wolany@zhdk.ch\" target=\"_blank\" rel=\"noreferrer noopener\">grit.wolany@zhdk.ch<\/a><\/p>\n\n\n\n<div style=\"height:100px\" aria-hidden=\"true\" class=\"wp-block-spacer\"><\/div>\n","protected":false},"excerpt":{"rendered":"<p>Das Programm Digital Skills &amp; Spaces wird von Renato Soldenhoff geleitet. ZHdK Z\u00fcrcher Hochschule der K\u00fcnsteDigital Skills &amp; SpacesToni-Areal, Pfingstweidstrasse 96CH-8005 Z\u00fcrich Tel.&nbsp;+41 43 446 32 71 F\u00fcrs Blog verantwortlich ist Grit Wolany.grit.wolany@zhdk.ch<\/p>\n","protected":false},"author":6368,"featured_media":106,"parent":0,"menu_order":0,"comment_status":"closed","ping_status":"closed","template":"","meta":{"footnotes":""},"class_list":["post-702","page","type-page","status-publish","has-post-thumbnail","hentry"],"_links":{"self":[{"href":"https:\/\/blog.zhdk.ch\/digital-skills\/wp-json\/wp\/v2\/pages\/702","targetHints":{"allow":["GET"]}}],"collection":[{"href":"https:\/\/blog.zhdk.ch\/digital-skills\/wp-json\/wp\/v2\/pages"}],"about":[{"href":"https:\/\/blog.zhdk.ch\/digital-skills\/wp-json\/wp\/v2\/types\/page"}],"author":[{"embeddable":true,"href":"https:\/\/blog.zhdk.ch\/digital-skills\/wp-json\/wp\/v2\/users\/6368"}],"replies":[{"embeddable":true,"href":"https:\/\/blog.zhdk.ch\/digital-skills\/wp-json\/wp\/v2\/comments?post=702"}],"version-history":[{"count":1,"href":"https:\/\/blog.zhdk.ch\/digital-skills\/wp-json\/wp\/v2\/pages\/702\/revisions"}],"predecessor-version":[{"id":3069,"href":"https:\/\/blog.zhdk.ch\/digital-skills\/wp-json\/wp\/v2\/pages\/702\/revisions\/3069"}],"wp:featuredmedia":[{"embeddable":true,"href":"https:\/\/blog.zhdk.ch\/digital-skills\/wp-json\/wp\/v2\/media\/106"}],"wp:attachment":[{"href":"https:\/\/blog.zhdk.ch\/digital-skills\/wp-json\/wp\/v2\/media?parent=702"}],"curies":[{"name":"wp","href":"https:\/\/api.w.org\/{rel}","templated":true}]}}