{"id":1217,"date":"2016-02-02T11:57:05","date_gmt":"2016-02-02T10:57:05","guid":{"rendered":"https:\/\/blog.zhdk.ch\/disabilityonstage\/?page_id=1217"},"modified":"2016-08-17T12:16:42","modified_gmt":"2016-08-17T10:16:42","slug":"freie-republik-hora-phase-3","status":"publish","type":"page","link":"https:\/\/blog.zhdk.ch\/disabilityonstage\/freie-republik-hora-phase-3\/","title":{"rendered":"Freie Republik HORA, Phase 3"},"content":{"rendered":"<p>Mit dem\u00a0Langzeit-Projekt Freie Republik HORA (2013-2017) wagt sich das Theater HORA an eine Pionierleistung auf dem Feld des integrativen Theaters: Die Etablierung von RegisseurInnen, ChoreografInnen und Performance-K\u00fcnstlerInnen mit einer &#8222;geistigen\u00a0Behinderung&#8220;.<\/p>\n<p>In der Phase 3 (kurz: FRH, Phase 3) sollen sechs HORA-RegisseurInnen, welche von einer externen Fachjury ausgew\u00e4hlt wurden, nicht nur jeweils eine Probenwoche lang die HORA-R\u00e4umlichkeiten (und je nach Bedarf auch den Rest des Ensembles) exklusiv f\u00fcr die Realisierung ihres eigenen Inszenierungsprojekts nutzen k\u00f6nnen &#8211; sie sollen auch ein eigenes Produktionsbudget erhalten, mit der Bedingung, dass sie\u00a0externe Theaterschaffende\u00a0(SchauspielerInnen, B\u00fchnen- oder\u00a0Kost\u00fcmbildnerInnen, MusikerInnen, DramaturgInnen ohne sogenannte geistige Behinderung) hinzuengagieren.<\/p>\n<p>Wie in Phase 1 und 2\u00a0sind s\u00e4mtliche k\u00fcnstlerische Entscheidungen den jeweiligen K\u00fcnstlerInnen selbst \u00fcberlassen &#8211; der Einfluss des HORA-Teams ohne sogenannte geistige Behinderung beschr\u00e4nkt sich auf das Formulieren von wenigen Bedingungen, von denen vier f\u00fcr alle verbindliche,\u00a0weitgehend organisatorische Spielregeln sind und lediglich die f\u00fcnfte individuell auf das k\u00fcnstlerische Profil der\/des jeweiligen RegisseurIn mit geistiger Behinderung\u00a0zugeschnitten ist. Das HORA-Team\u00a0wird\u00a0hier konsequent versuchen, so wenig wie m\u00f6glich einzugreifen und keine\u00a0Bewertungen zu geben.<\/p>\n<p><strong>Projektleitung\/Assistenz<\/strong>: Michael Elber, Nele Jahnke \/\u00a0<strong>Produktion:<\/strong>\u00a0Katharina Balzer, Ketty Ghnassia,\u00a0Conny Marinucci, Giancarlo Marinucci\u00a0\/\u00a0<strong>Gef\u00f6rdert durch:<\/strong>\u00a0Gemeinn\u00fctzige Stiftung Symphasis, Hamasil Stiftung,\u00a0Alexis Viktor Thalberg Stiftung<\/p>\n<p>(Quelle: <a href=\"http:\/\/www.hora.ch\/2013\/index.php?s=1&amp;l1=485\">Theater HORA &#8211; Z\u00fcriwerk<\/a>)<\/p>\n","protected":false},"excerpt":{"rendered":"<p>Mit dem\u00a0Langzeit-Projekt Freie Republik HORA (2013-2017) wagt sich das Theater HORA an eine Pionierleistung auf dem Feld des integrativen Theaters: Die Etablierung von RegisseurInnen, ChoreografInnen und Performance-K\u00fcnstlerInnen mit einer &#8222;geistigen\u00a0Behinderung&#8220;. In der Phase 3 (kurz: FRH, Phase 3) sollen sechs &hellip; <a href=\"https:\/\/blog.zhdk.ch\/disabilityonstage\/freie-republik-hora-phase-3\/\">Weiterlesen <span class=\"meta-nav\">&rarr;<\/span><\/a><\/p>\n","protected":false},"author":3008,"featured_media":0,"parent":0,"menu_order":14,"comment_status":"closed","ping_status":"closed","template":"","meta":{"ngg_post_thumbnail":0,"footnotes":""},"class_list":["post-1217","page","type-page","status-publish","hentry"],"_links":{"self":[{"href":"https:\/\/blog.zhdk.ch\/disabilityonstage\/wp-json\/wp\/v2\/pages\/1217","targetHints":{"allow":["GET"]}}],"collection":[{"href":"https:\/\/blog.zhdk.ch\/disabilityonstage\/wp-json\/wp\/v2\/pages"}],"about":[{"href":"https:\/\/blog.zhdk.ch\/disabilityonstage\/wp-json\/wp\/v2\/types\/page"}],"author":[{"embeddable":true,"href":"https:\/\/blog.zhdk.ch\/disabilityonstage\/wp-json\/wp\/v2\/users\/3008"}],"replies":[{"embeddable":true,"href":"https:\/\/blog.zhdk.ch\/disabilityonstage\/wp-json\/wp\/v2\/comments?post=1217"}],"version-history":[{"count":3,"href":"https:\/\/blog.zhdk.ch\/disabilityonstage\/wp-json\/wp\/v2\/pages\/1217\/revisions"}],"predecessor-version":[{"id":2971,"href":"https:\/\/blog.zhdk.ch\/disabilityonstage\/wp-json\/wp\/v2\/pages\/1217\/revisions\/2971"}],"wp:attachment":[{"href":"https:\/\/blog.zhdk.ch\/disabilityonstage\/wp-json\/wp\/v2\/media?parent=1217"}],"curies":[{"name":"wp","href":"https:\/\/api.w.org\/{rel}","templated":true}]}}