{"id":1253,"date":"2016-02-25T11:01:28","date_gmt":"2016-02-25T10:01:28","guid":{"rendered":"https:\/\/blog.zhdk.ch\/disabilityonstage\/?page_id=1253"},"modified":"2016-10-07T13:40:44","modified_gmt":"2016-10-07T11:40:44","slug":"ueber-leben-auf-der-strasse-regie-sara-hess-2","status":"publish","type":"page","link":"https:\/\/blog.zhdk.ch\/disabilityonstage\/ueber-leben-auf-der-strasse-regie-sara-hess-2\/","title":{"rendered":"\u00dcber Leben auf der Strasse (Regie: Sara Hess)"},"content":{"rendered":"<p>Es gibt Obdachlose auf der Strasse sie haben kein Dach \u00fcber dem Kopf die Obdachlosen haben nur Kinderwagen f\u00fcr Hab und Gut sie verstecken in den H\u00e4usern, dass nichts geklaut wird. Sie betteln, trinken Alkohol, kiffen und leben in den Tag rein und klauen. Und w\u00fchlen in den M\u00fclleimern rum und eine Pfand-Flasche vielleicht finden sie zu Geld machen zu k\u00f6nnen. Schl\u00e4gereien ist an der Tagesordnung. Es geht wieder ein Tag zu Ende und suchen wieder ein neuen Schlafplatz und schlafen, wie es gut wie geht bis am Morgen. Sie haben immer den gleichen Ablauf. Eines Tages organisiert die Stadt ein Konzert f\u00fcr die Obdachlose und die gehen alle dorthin die Schauspieler und lernen alle sich kennen und gehen alle gemeinsam durchs Leben nach dem Konzert.\u00a0Alle sind ausgelassen am Konzert und vergessen die Sorgen. Und geniessen. Und starten gemeinsam am n\u00e4chsten Morgen den Tag lernen sich besser kennen. Und l\u00e4uft immer noch den gleichen Muster wie vorher gehabt haben. Irgendwann fanden sie das langweilig fanden und beschliessen sich ein Musical zu machen. Und gehen darin auf und sind gl\u00fccklich. Und ver\u00e4ndern das Leben von allen die Menschen beachten sie wer sie sind. Endlich Beachtung.\u00a0Jupi Lesig.<\/p>\n<p>(Text von Sara Hess)<\/p>\n<p>Bedingung der Projektleitung: 20 Kinderwagen<\/p>\n<p><strong>Regie:<\/strong> Sara Hess \/ <strong>Spiel:<\/strong> Noha Badir, Remo Beuggert, Gianni Blumer,\u00a0Matthias Br\u00fccker, Nikolai Gralak,\u00a0Julia H\u00e4nni,\u00a0Tiziana Pagliaro, Frank\u00a0Thomas, Nora Tosconi,\u00a0Fabienne Villiger,\u00a0Remo Zarantonello \/ <strong>B\u00fchnenbild &amp;\u00a0Kost\u00fcme:<\/strong> Caroline Benz<\/p>\n<p><strong>Premiere:<\/strong> 16. Januar 2016 im Backstein der Roten Fabrik<\/p>\n","protected":false},"excerpt":{"rendered":"<p>Es gibt Obdachlose auf der Strasse sie haben kein Dach \u00fcber dem Kopf die Obdachlosen haben nur Kinderwagen f\u00fcr Hab und Gut sie verstecken in den H\u00e4usern, dass nichts geklaut wird. Sie betteln, trinken Alkohol, kiffen und leben in den &hellip; <a href=\"https:\/\/blog.zhdk.ch\/disabilityonstage\/ueber-leben-auf-der-strasse-regie-sara-hess-2\/\">Weiterlesen <span class=\"meta-nav\">&rarr;<\/span><\/a><\/p>\n","protected":false},"author":3008,"featured_media":0,"parent":0,"menu_order":18,"comment_status":"closed","ping_status":"closed","template":"","meta":{"ngg_post_thumbnail":0,"footnotes":""},"class_list":["post-1253","page","type-page","status-publish","hentry"],"_links":{"self":[{"href":"https:\/\/blog.zhdk.ch\/disabilityonstage\/wp-json\/wp\/v2\/pages\/1253","targetHints":{"allow":["GET"]}}],"collection":[{"href":"https:\/\/blog.zhdk.ch\/disabilityonstage\/wp-json\/wp\/v2\/pages"}],"about":[{"href":"https:\/\/blog.zhdk.ch\/disabilityonstage\/wp-json\/wp\/v2\/types\/page"}],"author":[{"embeddable":true,"href":"https:\/\/blog.zhdk.ch\/disabilityonstage\/wp-json\/wp\/v2\/users\/3008"}],"replies":[{"embeddable":true,"href":"https:\/\/blog.zhdk.ch\/disabilityonstage\/wp-json\/wp\/v2\/comments?post=1253"}],"version-history":[{"count":4,"href":"https:\/\/blog.zhdk.ch\/disabilityonstage\/wp-json\/wp\/v2\/pages\/1253\/revisions"}],"predecessor-version":[{"id":4473,"href":"https:\/\/blog.zhdk.ch\/disabilityonstage\/wp-json\/wp\/v2\/pages\/1253\/revisions\/4473"}],"wp:attachment":[{"href":"https:\/\/blog.zhdk.ch\/disabilityonstage\/wp-json\/wp\/v2\/media?parent=1253"}],"curies":[{"name":"wp","href":"https:\/\/api.w.org\/{rel}","templated":true}]}}