{"id":2725,"date":"2016-04-19T16:46:26","date_gmt":"2016-04-19T14:46:26","guid":{"rendered":"https:\/\/blog.zhdk.ch\/disabilityonstage\/?page_id=2725"},"modified":"2016-10-07T13:44:57","modified_gmt":"2016-10-07T11:44:57","slug":"no-limits-internationales-theaterfestival-berlin","status":"publish","type":"page","link":"https:\/\/blog.zhdk.ch\/disabilityonstage\/no-limits-internationales-theaterfestival-berlin\/","title":{"rendered":"No Limits \u2013 Internationales Festival Berlin"},"content":{"rendered":"<p style=\"text-align: justify\">5. &#8211; 15. November 2015<\/p>\n<p style=\"text-align: justify\">Im Rahmen des diesj\u00e4hrigen NO LIMITS Theaterfestival Berlin wird das Forschungsteam\u00a0 an einer Plattform zusammen mit Theater HORA und anderen europ\u00e4ischen Theater-und Tanzkompanien mitwirken:<\/p>\n<p style=\"text-align: justify\">Wen k\u00fcmmert\u2019s, wer spricht? 2: &#8222;Geistig behinderte&#8220; Regisseur_innen, Choreograf_innen, Autor_innen<br \/>\n6.-8. November 2015, Theater F40 in Berlin-Kreuzberg (Fidicinstr. 40), Berlin-Kreuzberg<br \/>\nTag 1: Showroom (\u00f6ffentliche Veranstaltung), Tag 2 &amp; 3: Think Tank (geschlossene Veranstaltung)<\/p>\n<p style=\"text-align: justify\">Theaterinstitutionen mit geistig behinderten Darsteller_innen sind im Wandel. W\u00e4hrend in den vergangenen zwanzig Jahren K\u00fcnstler_innen mit einer geistigen Behinderung vor allem als Darsteller_innen im Theater und Tanz aktiv waren, setzen sich derzeit Kompanien in Berlin, Hamburg, Wales und Z\u00fcrich unabh\u00e4ngig voneinander und auf unterschiedlichen Wegen mit dem Spannungsfeld zwischen der Autor_innenschaft der behinderten Darsteller_innen einerseits und der Entscheidungskompetenz und Verantwortlichkeit der k\u00fcnstlerischen Leitung auseinander \u2013\u00a0 indem Ensemblemitglieder Regie f\u00fchren sollen und etablierte Strukturen aufgebrochen werden. Die Plattform m\u00f6chte einen Austausch \u00fcber diese aktuellen Entwicklungen in der Theaterpraxis bef\u00f6rdern, um gemeinsam mit den Theatergruppen anhand ihrer Erfahrungen \u00fcber Schwierigkeiten und Chancen zu diskutieren. Begleitet von sogenannten \u201eZaunv\u00f6geln\u201c \u2013 Expert_innen aus der Theaterpraxis und Wissenschaft f\u00fcr Themen wie \u201e\u00e4sthetische Verantwortlichkeit\u201c und Hierarchien im Theater, die Diskussionen zusammenfassen und Impulse geben \u2013 entwickeln die Teilnehmenden der Plattform St\u00fcck f\u00fcr St\u00fcck einen &#8222;Werkzeugkasten&#8220; zum produktiven Umgang mit Risiken und ungel\u00f6sten Fragen in der Theaterarbeit von geistig behinderten Darsteller_innen.<\/p>\n<p style=\"text-align: justify\">Sprachen: Deutsch, englisch, einfache Sprache \/\/ Konzept und Leitung: Dr. Yvonne Schmidt \/\/ N\u00e4here Infos: www.no-limits-festival.de\/ oder direkt \u00fcber den <a href=\"https:\/\/blog.zhdk.ch\/disabilityonstage\/files\/2015\/09\/nl15_fb_showr_endv.pdf\">Flyer<\/a>.<\/p>\n","protected":false},"excerpt":{"rendered":"<p>5. &#8211; 15. November 2015 Im Rahmen des diesj\u00e4hrigen NO LIMITS Theaterfestival Berlin wird das Forschungsteam\u00a0 an einer Plattform zusammen mit Theater HORA und anderen europ\u00e4ischen Theater-und Tanzkompanien mitwirken: Wen k\u00fcmmert\u2019s, wer spricht? 2: &#8222;Geistig behinderte&#8220; Regisseur_innen, Choreograf_innen, Autor_innen 6.-8. &hellip; <a href=\"https:\/\/blog.zhdk.ch\/disabilityonstage\/no-limits-internationales-theaterfestival-berlin\/\">Weiterlesen <span class=\"meta-nav\">&rarr;<\/span><\/a><\/p>\n","protected":false},"author":3008,"featured_media":0,"parent":0,"menu_order":11,"comment_status":"closed","ping_status":"closed","template":"","meta":{"ngg_post_thumbnail":0,"footnotes":""},"class_list":["post-2725","page","type-page","status-publish","hentry"],"_links":{"self":[{"href":"https:\/\/blog.zhdk.ch\/disabilityonstage\/wp-json\/wp\/v2\/pages\/2725","targetHints":{"allow":["GET"]}}],"collection":[{"href":"https:\/\/blog.zhdk.ch\/disabilityonstage\/wp-json\/wp\/v2\/pages"}],"about":[{"href":"https:\/\/blog.zhdk.ch\/disabilityonstage\/wp-json\/wp\/v2\/types\/page"}],"author":[{"embeddable":true,"href":"https:\/\/blog.zhdk.ch\/disabilityonstage\/wp-json\/wp\/v2\/users\/3008"}],"replies":[{"embeddable":true,"href":"https:\/\/blog.zhdk.ch\/disabilityonstage\/wp-json\/wp\/v2\/comments?post=2725"}],"version-history":[{"count":3,"href":"https:\/\/blog.zhdk.ch\/disabilityonstage\/wp-json\/wp\/v2\/pages\/2725\/revisions"}],"predecessor-version":[{"id":4495,"href":"https:\/\/blog.zhdk.ch\/disabilityonstage\/wp-json\/wp\/v2\/pages\/2725\/revisions\/4495"}],"wp:attachment":[{"href":"https:\/\/blog.zhdk.ch\/disabilityonstage\/wp-json\/wp\/v2\/media?parent=2725"}],"curies":[{"name":"wp","href":"https:\/\/api.w.org\/{rel}","templated":true}]}}