{"id":6781,"date":"2019-03-05T13:21:43","date_gmt":"2019-03-05T12:21:43","guid":{"rendered":"https:\/\/blog.zhdk.ch\/disabilityonstage\/?page_id=6781"},"modified":"2019-03-12T13:42:21","modified_gmt":"2019-03-12T12:42:21","slug":"leichte-sprache","status":"publish","type":"page","link":"https:\/\/blog.zhdk.ch\/disabilityonstage\/leichte-sprache\/","title":{"rendered":"Leichte Sprache"},"content":{"rendered":"\n<h1 class=\"wp-block-heading\"> Wer ist auf der B\u00fchne zu sehen?<br> Und wer entscheidet?<\/h1>\n\n\n\n<p><em>Prof. Carrie Sandahl<\/em><\/p>\n\n\n\n<p>Carrie Sandahl hat diesen Text\ngeschrieben.<br>\nSie schreibt \u00fcber 20 Jahre Behinderten-Theater in verschiedenen L\u00e4ndern.<br>\nSie schreibt \u00fcber die beiden Fragen:<\/p>\n\n\n\n<ul class=\"wp-block-list\"><li>Wer\nist auf der B\u00fchne zu sehen?<\/li><li>Wer\nentscheidet, was auf der B\u00fchne passiert?<br>\nWer hat die Macht?<\/li><\/ul>\n\n\n\n<p>Diese Fragen sind schwer zu beantworten.<br>\nManchmal passen die Antworten nicht zusammen.<br>\nEs ist ein R\u00e4tsel.<\/p>\n\n\n\n<p>Es gibt Schauspieler und Schauspielerinnen\nmit Behinderung.<br>\nCarrie Sandahl beschreibt Beispiele daf\u00fcr.<br>\nDiese Beispiele kommen aus westlichen L\u00e4ndern.<br>\nDas hei\u00dft: <br>\nZum Beispiel aus diesen L\u00e4ndern:<\/p>\n\n\n\n<ul class=\"wp-block-list\"><li>USA \u2013\nDie Vereinigten Staaten von Amerika<\/li><li>Grossbritannien<\/li><\/ul>\n\n\n\n<p>Welche Probleme haben Schauspieler und\nSchauspielerinnen mit Behinderung?<\/p>\n\n\n\n<ul class=\"wp-block-list\"><li>Nur wenige Menschen mit Behinderung k\u00f6nnen\neine Ausbildung als Profi-Schauspieler oder Profi-Schauspielerin machen.<br>\nSie k\u00f6nnen nicht einfach in die Schauspiel-Schule gehen.<\/li><li>Viele Menschen ohne Behinderung wissen\nnoch nicht:<br>\nWie klappt die Zusammen-Arbeit mit Schauspielern und Schauspielerinnen mit\nBehinderung?<\/li><li>Wer stellt Schauspielern und\nSchauspielerinnen mit Behinderung ein?<br>\nWie k\u00f6nnen sie sich auf eine Stelle bewerben?<\/li><li>Wie erleben die Zuschauer und\nZuschauerinnen Menschen mit Behinderung auf der B\u00fchne?<br>\nWie sehen sie sie?<br>\nEs ist ungewohnt f\u00fcr viele Menschen.<\/li><li>Im echten Leben sind Menschen sehr\nverschieden.<br>\nSie sind verschieden alt.<br>\nSie kommen aus verschiedenen L\u00e4ndern.<br>\nSie haben eine Behinderung.<br>\nOder sie haben keine Behinderung.<br>\nSie sehen verschieden aus.<br>\nUnd sie haben verschiedene Leben.<br>\nAber Menschen auf der B\u00fchne sind oft nicht so verschieden wie im echten Leben.<\/li><li>Viele Zeitungen wissen nicht:<br>\nWie schreibe ich \u00fcber die B\u00fchnen-Kunst von Menschen mit Behinderung?<\/li><\/ul>\n\n\n\n<p>Carrie Sandahl sagt aber auch:<br>\nEs gibt schon gute Beispiele.<br>\nEinige Menschen haben schon zu diesem Thema gearbeitet.<br>\nEs sind B\u00fchnen-K\u00fcnstler und B\u00fchnen-K\u00fcnstlerinnen.<br>\nUnd es sind Wissenschaftler und Wissenschaftlerinnen.<\/p>\n\n\n\n<p>Diese Beispiele zeigen:<br>\nEs gibt spannende B\u00fchnen-Kunst von Menschen mit Behinderung.<br>\nManche der Fragen aus diesem Text kann man beantworten.<br>\n<br>\n<\/p>\n\n\n\n<h1 class=\"wp-block-heading\">\u00dcber K\u00f6rper mit Behinderung sprechen<\/h1>\n\n\n\n<p><em>Prof. Demis Quadri &amp; Sara Bocchini<\/em><\/p>\n\n\n\n<p>Das\nProjekt \u00ab\u00dcber K\u00f6rper mit\nBehinderung sprechen\u00bb geh\u00f6rt zu DisAbility on Stage.<br>\n[<em>\u00fcbersetzt: Behinderung auf der B\u00fchne<\/em>]<br>\nDas Projekt erforscht Theater mit Schauspielern und Schauspielerinnen mit\nBehinderung.<br>\nWas passiert auf der B\u00fchne?<br>\nUnd was passiert in der Zusammen-Arbeit?<br>\nIm Projekt wurde ein Theater-Workshop untersucht.<br>\nEin Workshop mit der Theater-Gruppe Teatro Danzabile und mit Studenten und\nStudentinnen.<br>\nSie wollten zusammen heraus-finden: <br>\nWelche Fragen gibt es zum Theater mit Schauspielern und Schauspielerinnen mit\nBehinderung?<br>\nWas kann man damit erreichen?<br>\nWelche M\u00f6glichkeiten gibt es?<br>\nGibt es Grenzen?<br>\nWie kann man diese Grenzen \u00fcberwinden?<\/p>\n\n\n\n<p>In einer\nTheater-Gruppe sind ganz unterschiedliche Menschen.<br>\nSie haben unterschiedliche W\u00fcnsche und Vorstellungen.<br>\nSie haben verschiedene Sprachen.<br>\nSie haben verschiedene Dinge erlebt.<br>\nSie haben verschiedene Meinungen und unterschiedliche Gef\u00fchle.<br>\nSie k\u00f6nnen unterschiedliche Sachen gut oder nicht so gut.<br>\nSie finden unterschiedliche L\u00f6sungen.<br>\nWas macht das alles mit der Zusammen-Arbeit?<br>\nDas ist die Frage im Projekt.<\/p>\n\n\n\n<h1 class=\"wp-block-heading\">Freie Republik HORA <br> Wie probt das Theater HORA?<br> Und was sagt das Publikum dazu?<\/h1>\n\n\n\n<p><em>Dr. Yvonne Schmidt, Nele Jahnke, Sarah Marinucci, Remo Beuggert &amp; Gianni Blumer<\/em><\/p>\n\n\n\n<p>Das\nB\u00fchnen-Ereignis Freie Republik HORA gibt\nes schon sehr lange.<\/p>\n\n\n\n<p>Worum geht es bei Freie Republik HORA?<br>\nEs geht darum, zusammen etwas auszuprobieren.<br>\nUnd es geht um Arbeits-Teilung.<br>\nWer entscheidet im Theater?<br>\nWer spielt welche Rolle?<br>\nUnd wer leitet das Spiel?<br>\nUnd was sagt das Publikum dazu?<\/p>\n\n\n\n<p>Jetzt machen 6 Regisseure und Regisseurinnen eigene\nSt\u00fccke.<br>\nSie entscheiden: Was passiert auf der B\u00fchne?<br>\nWer spielt welche Rolle?<br>\nUnd es geht um die Fragen:<br>\nWie arbeiten die Mitglieder der Gruppe zusammen?<br>\nUnd: Welche Rolle haben die Assistenten und Assistentinnen?<\/p>\n\n\n\n<p>Darum geht es in dem Vortrag. <\/p>\n\n\n\n<h1 class=\"wp-block-heading\">Salon zum Verr\u00fccken<\/h1>\n\n\n\n<p><em>Prof. Georges Pfr\u00fcnder, Prof. Ulla&nbsp;Klingovsky &amp; Edwin&nbsp;Ramirez<\/em><\/p>\n\n\n\n<p>Ein Salon ist ein Raum.<br>\nIn diesem Raum gibt es Gespr\u00e4che.<br>\nMan tauscht sich aus.<br>\nMan redet \u00fcber schwierige Fragen.<\/p>\n\n\n\n<p>Im Salon zum Verr\u00fccken geht es um diese\nFragen:<\/p>\n\n\n\n<ul class=\"wp-block-list\"><li>Was\npassiert auf der B\u00fchne?<\/li><li>Wer\nnimmt sich Raum?<\/li><li>Wer\nredet auf der B\u00fchne?<br>\nUnd wer redet nicht?<\/li><li>Was\nwird gesagt? <br>\nUnd was wird nicht gesagt?<\/li><li>Wer\nh\u00f6rt zu?<\/li><li>Welche\nSprache kann man auf der B\u00fchne verstehen?<\/li><\/ul>\n\n\n\n<p><br>\n3 Personen leiten das Gespr\u00e4ch im Salon: Ulla Klingovsky, Edwin Ramirez und\nGeorges Pfr\u00fcnder.<\/p>\n\n\n\n<h1 class=\"wp-block-heading\">Workshop \u201cZerbrechlichkeit verwandeln\u201d <\/h1>\n\n\n\n<p><em>Laura Cant\u00f9 &amp; Daniele Zanella<\/em><\/p>\n\n\n\n<h2 class=\"wp-block-heading\">Ich&#8230;. Pinocchio<\/h2>\n\n\n\n<p>Hatten\nSie schon mal das Gef\u00fchl: <br>\nMein K\u00f6rper geh\u00f6rt nicht zu mir?<br>\nIch wohne nicht in meinem eigenen K\u00f6rper?<\/p>\n\n\n\n<p>Pinocchio\nist eine Figur aus einem Kinder-Buch.<br>\nEr ist eine Holz-Figur.<br>\nAber er will lieber ein &#8222;normales&#8220; Kind werden.<br>\nUnd das schafft er auch.<br>\nAber: Er ist auch zerbrechlich.<br>\nDarum l\u00fcgt er.<br>\nSo versteckt er seine Verletzlichkeit.<\/p>\n\n\n\n<p>Menschen\nmit Behinderungen kennen dieses Gef\u00fchl.<br>\nAndere Menschen sagen oft: Sie sind zerbrechlich.<\/p>\n\n\n\n<p>Was\nhei\u00dft: Zerbrechlich sein?<br>\nHei\u00dft das: Man ist schwach.<br>\nVielleicht nicht.<br>\nWie kann man damit umgehen, dass man zerbrechlich ist?<br>\nDas muss man lernen.<br>\nDann ist es eine St\u00e4rke. <\/p>\n\n\n\n<p>Man\nkann auf verschiedene Arten zerbrechlich sein.<br>\nAm K\u00f6rper. Oder an der Seele.<br>\nAber durch Kunst kann man die Zerbrechlichkeit verwandeln.<br>\nSo kann sie zu Kunst werden.<br>\n<br>\nWie kann man das machen?<br>\nMan kann am eigenen K\u00f6rper arbeiten. <br>\nMan kann die eigene Zerbrechlichkeit hervor-heben.<br>\n[<em>Hervor-heben ist ein anderes Wort f\u00fcr\nbetonen.<\/em>]<br>\nMan kann sich ver\u00e4ndern.<br>\nMan kann die Ver\u00e4nderung erleben.<br>\nMan kann sich verwandeln.<\/p>\n\n\n\n<p>Was\npassiert in diesem Workshop?<br>\nDie Teilnehmer und Teilnehmerinnen lernen:<br>\nWie kann man als K\u00fcnstler oder K\u00fcnstlerin mit Behinderung mit dem eigenen\nK\u00f6rper arbeiten?<br>\nWie kann man den eigenen K\u00f6rper in der Kunst benutzen?<br>\nWie kann man die Vorstellungen der Zuschauer und Zuschauerinnen ver\u00e4ndern?<\/p>\n\n\n\n<h1 class=\"wp-block-heading\">Freie Republik HORA \u2013 Ein Workshop<\/h1>\n\n\n\n<p><em>Nele Jahnke &amp; Gianni Blumer<\/em><\/p>\n\n\n\n<p>Das\nB\u00fchnen-Ereignis Freie Republik HORA gibt\nes schon sehr lange.<\/p>\n\n\n\n<p>Worum geht es bei Freie Republik HORA?<br>\nEs geht darum, zusammen etwas auszuprobieren.<br>\nUnd es geht um Arbeits-Teilung.<br>\nWer entscheidet im Theater?<br>\nWer spielt welche Rolle?<br>\nUnd wer leitet das Spiel?<br>\nUnd was sagt das Publikum dazu?<\/p>\n\n\n\n<p>Braucht man jemanden, der sagt, was\npassiert?<\/p>\n\n\n\n<p>Das HORA-Team hat zusammen vieles\nausprobiert.<br>\nZum Beispiel:<br>\nEine Gruppe bestimmt, was auf der B\u00fchne passiert.<br>\nOder:<br>\nEine einzelne Person bestimmt, was auf der B\u00fchne passiert.<br>\nDar\u00fcber haben alle geredet.<br>\nUnd sie haben es in \u00dcbungen ausprobiert.<br>\nSo wird es auch im Workshop sein.<\/p>\n\n\n\n<p>Gianni Blumer ist Schauspieker beim\nTheater HORA.<br>\nNele Jahnke ist Regisseurin beim Theater HORA.<br>\n[<em>Statt Regisseurin kann man auch\nSpiel-Leiterin sagen.<\/em>]<br>\nNele Jahnke ist auch Co-K\u00fcnstlerische Leiterin vom Theater HORA.<br>\nMan kann dazu auch stell-vertretende Leiterin sagen.<br>\nSie war von Anfang an bei Freie Republik HORA dabei.<br>\nDas war im Jahr 2013. <\/p>\n\n\n\n<p>Nele Jahnke und Gianni Blumer m\u00f6chten in\ndiesem Workshop zeigen:<br>\nSo wurde bei Freie Republik HORA zusammen-gearbeitet.<br>\nUnd sie wollen es mit den Teilnehmern und Teilnehmerinnen ausprobieren.<\/p>\n","protected":false},"excerpt":{"rendered":"<p>Wer ist auf der B\u00fchne zu sehen? Und wer entscheidet? Prof. Carrie Sandahl Carrie Sandahl hat diesen Text geschrieben. Sie schreibt \u00fcber 20 Jahre Behinderten-Theater in verschiedenen L\u00e4ndern. Sie schreibt \u00fcber die beiden Fragen: Wer ist auf der B\u00fchne zu &hellip; <a href=\"https:\/\/blog.zhdk.ch\/disabilityonstage\/leichte-sprache\/\">Weiterlesen <span class=\"meta-nav\">&rarr;<\/span><\/a><\/p>\n","protected":false},"author":3008,"featured_media":0,"parent":0,"menu_order":0,"comment_status":"closed","ping_status":"closed","template":"","meta":{"ngg_post_thumbnail":0,"footnotes":""},"class_list":["post-6781","page","type-page","status-publish","hentry"],"_links":{"self":[{"href":"https:\/\/blog.zhdk.ch\/disabilityonstage\/wp-json\/wp\/v2\/pages\/6781","targetHints":{"allow":["GET"]}}],"collection":[{"href":"https:\/\/blog.zhdk.ch\/disabilityonstage\/wp-json\/wp\/v2\/pages"}],"about":[{"href":"https:\/\/blog.zhdk.ch\/disabilityonstage\/wp-json\/wp\/v2\/types\/page"}],"author":[{"embeddable":true,"href":"https:\/\/blog.zhdk.ch\/disabilityonstage\/wp-json\/wp\/v2\/users\/3008"}],"replies":[{"embeddable":true,"href":"https:\/\/blog.zhdk.ch\/disabilityonstage\/wp-json\/wp\/v2\/comments?post=6781"}],"version-history":[{"count":4,"href":"https:\/\/blog.zhdk.ch\/disabilityonstage\/wp-json\/wp\/v2\/pages\/6781\/revisions"}],"predecessor-version":[{"id":6809,"href":"https:\/\/blog.zhdk.ch\/disabilityonstage\/wp-json\/wp\/v2\/pages\/6781\/revisions\/6809"}],"wp:attachment":[{"href":"https:\/\/blog.zhdk.ch\/disabilityonstage\/wp-json\/wp\/v2\/media?parent=6781"}],"curies":[{"name":"wp","href":"https:\/\/api.w.org\/{rel}","templated":true}]}}