{"id":74,"date":"2015-09-25T10:37:38","date_gmt":"2015-09-25T08:37:38","guid":{"rendered":"https:\/\/blog.zhdk.ch\/disabilityonstage\/?page_id=74"},"modified":"2017-02-03T10:32:38","modified_gmt":"2017-02-03T09:32:38","slug":"team","status":"publish","type":"page","link":"https:\/\/blog.zhdk.ch\/disabilityonstage\/team\/","title":{"rendered":"About"},"content":{"rendered":"<h2><strong><br \/>\nLeading House:<\/strong><\/h2>\n<h3>Z\u00fcrcher Hochschule der K\u00fcnste, Institute for the Performing Arts and Film<\/h3>\n<p><a href=\"https:\/\/www.zhdk.ch\/?ipf\" target=\"_blank\"><img loading=\"lazy\" decoding=\"async\" class=\"wp-image-4123 alignnone\" src=\"https:\/\/blog.zhdk.ch\/disabilityonstage\/files\/2016\/09\/logo_Institute-for-the-Performing-Arts-and-Film-300x96.png\" alt=\"logo_Institute for the Performing Arts and Film\" height=\"47\" width=\"146\" srcset=\"https:\/\/blog.zhdk.ch\/disabilityonstage\/files\/2016\/09\/logo_Institute-for-the-Performing-Arts-and-Film-300x96.png 300w, https:\/\/blog.zhdk.ch\/disabilityonstage\/files\/2016\/09\/logo_Institute-for-the-Performing-Arts-and-Film.png 442w\" sizes=\"auto, (max-width: 146px) 100vw, 146px\" \/><br \/>\n<\/a><\/p>\n<h2><strong><br \/>\nForschungspartner:<\/strong><\/h2>\n<h3>Accademia Teatro Dimitri, Verscio<\/h3>\n<p><a href=\"http:\/\/www.accademiadimitri.ch\/\" target=\"_blank\"><img loading=\"lazy\" decoding=\"async\" class=\"wp-image-4121 alignnone\" src=\"https:\/\/blog.zhdk.ch\/disabilityonstage\/files\/2016\/09\/Logo_Dimitri_New-300x214.png\" alt=\"Logo_Dimitri_New\" height=\"64\" width=\"90\" srcset=\"https:\/\/blog.zhdk.ch\/disabilityonstage\/files\/2016\/09\/Logo_Dimitri_New-300x214.png 300w, https:\/\/blog.zhdk.ch\/disabilityonstage\/files\/2016\/09\/Logo_Dimitri_New-768x547.png 768w, https:\/\/blog.zhdk.ch\/disabilityonstage\/files\/2016\/09\/Logo_Dimitri_New-1024x730.png 1024w, https:\/\/blog.zhdk.ch\/disabilityonstage\/files\/2016\/09\/Logo_Dimitri_New.png 1789w\" sizes=\"auto, (max-width: 90px) 100vw, 90px\" \/><\/a><\/p>\n<h3>Universit\u00e4t Bern, Institut f\u00fcr Theaterwissenschaft<\/h3>\n<p><a href=\"http:\/\/www.theaterwissenschaft.unibe.ch\/\" target=\"_blank\"><img loading=\"lazy\" decoding=\"async\" class=\"wp-image-4119 alignnone\" src=\"https:\/\/blog.zhdk.ch\/disabilityonstage\/files\/2016\/09\/Logo-Uni-Bern-300x231.png\" alt=\"Logo Uni Bern\" height=\"64\" width=\"83\" srcset=\"https:\/\/blog.zhdk.ch\/disabilityonstage\/files\/2016\/09\/Logo-Uni-Bern-300x231.png 300w, https:\/\/blog.zhdk.ch\/disabilityonstage\/files\/2016\/09\/Logo-Uni-Bern.png 332w\" sizes=\"auto, (max-width: 83px) 100vw, 83px\" \/><\/a><a href=\"http:\/\/www.theaterwissenschaft.unibe.ch\/\" target=\"_blank\"><img loading=\"lazy\" decoding=\"async\" class=\"wp-image-4117 alignnone\" src=\"https:\/\/blog.zhdk.ch\/disabilityonstage\/files\/2016\/09\/ITW-Logo-Pinselstrich-rot--300x222.png\" alt=\"ITW Logo Pinselstrich rot\" height=\"61\" width=\"82\" srcset=\"https:\/\/blog.zhdk.ch\/disabilityonstage\/files\/2016\/09\/ITW-Logo-Pinselstrich-rot--300x222.png 300w, https:\/\/blog.zhdk.ch\/disabilityonstage\/files\/2016\/09\/ITW-Logo-Pinselstrich-rot--768x568.png 768w, https:\/\/blog.zhdk.ch\/disabilityonstage\/files\/2016\/09\/ITW-Logo-Pinselstrich-rot--1024x757.png 1024w\" sizes=\"auto, (max-width: 82px) 100vw, 82px\" \/><\/a><\/p>\n<h3>Universit\u00e4t Basel, Seminar f\u00fcr Kulturwissenschaft und Europ\u00e4ische Ethnologie<\/h3>\n<p><a href=\"https:\/\/kulturwissenschaft.unibas.ch\/home\/\" target=\"_blank\"><img loading=\"lazy\" decoding=\"async\" class=\"wp-image-4129 alignnone\" src=\"https:\/\/blog.zhdk.ch\/disabilityonstage\/files\/2016\/09\/UniBas_Logo_DE_Schwarz_RGB_65.png\" alt=\"UniBas_Logo_DE_Schwarz_RGB_65\" height=\"36\" width=\"113\"><\/a><\/p>\n<h3>Schweizerische Gesellschaft f\u00fcr Volkskunde SGV\/SSTP, Basel<\/h3>\n<p><a href=\"http:\/\/www.cult-soc.ch\/fachportal\/members\/sgv.html\" target=\"_blank\"><img loading=\"lazy\" decoding=\"async\" class=\"alignnone wp-image-4127\" src=\"https:\/\/blog.zhdk.ch\/disabilityonstage\/files\/2016\/09\/SGV_Logo_pos-300x120.png\" alt=\"SGV_Logo_pos\" height=\"50\" width=\"125\" srcset=\"https:\/\/blog.zhdk.ch\/disabilityonstage\/files\/2016\/09\/SGV_Logo_pos-300x120.png 300w, https:\/\/blog.zhdk.ch\/disabilityonstage\/files\/2016\/09\/SGV_Logo_pos-768x307.png 768w, https:\/\/blog.zhdk.ch\/disabilityonstage\/files\/2016\/09\/SGV_Logo_pos-1024x410.png 1024w\" sizes=\"auto, (max-width: 125px) 100vw, 125px\" \/><\/a><\/p>\n<h2><strong><br \/>\nF\u00f6rderung:<\/strong><\/h2>\n<h3>SNF-Schweizerischer Nationalfonds<\/h3>\n<p><a href=\"http:\/\/www.snf.ch\/de\/Seiten\/default.aspx\" target=\"_blank\"><img loading=\"lazy\" decoding=\"async\" class=\"alignnone wp-image-4125\" src=\"https:\/\/blog.zhdk.ch\/disabilityonstage\/files\/2016\/09\/Logo_SNF-300x100.png\" alt=\"Logo_SNF\" height=\"53\" width=\"159\" srcset=\"https:\/\/blog.zhdk.ch\/disabilityonstage\/files\/2016\/09\/Logo_SNF-300x100.png 300w, https:\/\/blog.zhdk.ch\/disabilityonstage\/files\/2016\/09\/Logo_SNF.png 381w\" sizes=\"auto, (max-width: 159px) 100vw, 159px\" \/><\/a><\/p>\n<h3>Eidgen\u00f6ssisches B\u00fcro f\u00fcr die Gleichstellung von Menschen mit Behinderungen (EBGB)<\/h3>\n<p><a href=\"https:\/\/www.edi.admin.ch\/ebgb\" target=\"_blank\"><img loading=\"lazy\" decoding=\"async\" class=\"alignnone wp-image-4837\" src=\"https:\/\/blog.zhdk.ch\/disabilityonstage\/files\/2015\/09\/EBGB_d_CMYK_pos_hoch-300x113.png\" alt=\"Logo_EGBG\" height=\"64\" width=\"170\" srcset=\"https:\/\/blog.zhdk.ch\/disabilityonstage\/files\/2015\/09\/EBGB_d_CMYK_pos_hoch-300x113.png 300w, https:\/\/blog.zhdk.ch\/disabilityonstage\/files\/2015\/09\/EBGB_d_CMYK_pos_hoch.png 389w\" sizes=\"auto, (max-width: 170px) 100vw, 170px\" \/><\/a><\/p>\n<h3>Stiftung Corymbo<\/h3>\n<p><a href=\"https:\/\/corymbo.ch\/\" target=\"_blank\"><img loading=\"lazy\" decoding=\"async\" class=\"alignnone wp-image-4845\" src=\"https:\/\/blog.zhdk.ch\/disabilityonstage\/files\/2015\/09\/corymbo_logo_d_2farbig-300x49.png\" alt=\"\" height=\"32\" width=\"196\" srcset=\"https:\/\/blog.zhdk.ch\/disabilityonstage\/files\/2015\/09\/corymbo_logo_d_2farbig-300x49.png 300w, https:\/\/blog.zhdk.ch\/disabilityonstage\/files\/2015\/09\/corymbo_logo_d_2farbig.png 491w\" sizes=\"auto, (max-width: 196px) 100vw, 196px\" \/><\/a><\/p>\n<h3>Oertli-Stiftung<\/h3>\n<p><a href=\"http:\/\/www.oertlistiftung.ch\/\" target=\"_blank\"><img loading=\"lazy\" decoding=\"async\" class=\"wp-image-4849 alignnone\" src=\"https:\/\/blog.zhdk.ch\/disabilityonstage\/files\/2015\/09\/logo_oertli_stiftung-228x300.png\" alt=\"\" height=\"98\" width=\"75\" srcset=\"https:\/\/blog.zhdk.ch\/disabilityonstage\/files\/2015\/09\/logo_oertli_stiftung-228x300.png 228w, https:\/\/blog.zhdk.ch\/disabilityonstage\/files\/2015\/09\/logo_oertli_stiftung.png 332w\" sizes=\"auto, (max-width: 75px) 100vw, 75px\" \/><\/a><\/p>\n<h3><a href=\"https:\/\/www.zhdk.ch\/beratung-und-projekte-669\" target=\"_blank\">Fachstelle Gleichstellung &amp; Diversity, ZHdK<\/a><\/h3>\n<h2><strong><br \/>\nPraxispartner:<\/strong><\/h2>\n<h3>IntegrART, Migros Kulturprozent<\/h3>\n<p><a href=\"http:\/\/www.integrart.ch\/\" target=\"_blank\"><img loading=\"lazy\" decoding=\"async\" class=\"alignnone wp-image-4543\" src=\"https:\/\/blog.zhdk.ch\/disabilityonstage\/files\/2016\/10\/Logo_IntegrART_klein-300x57.jpg\" alt=\"logo_integrart_klein\" height=\"27\" width=\"142\" srcset=\"https:\/\/blog.zhdk.ch\/disabilityonstage\/files\/2016\/10\/Logo_IntegrART_klein-300x57.jpg 300w, https:\/\/blog.zhdk.ch\/disabilityonstage\/files\/2016\/10\/Logo_IntegrART_klein.jpg 556w\" sizes=\"auto, (max-width: 142px) 100vw, 142px\" \/><\/a><\/p>\n<h3>Wildwuchs Festival, Basel<\/h3>\n<p><a href=\"http:\/\/www.wildwuchs.ch\/\" target=\"_blank\"><img loading=\"lazy\" decoding=\"async\" class=\"alignnone size-full wp-image-4999\" src=\"https:\/\/blog.zhdk.ch\/disabilityonstage\/files\/2015\/09\/ww_allgemein.jpg\" alt=\"\" height=\"46\" width=\"175\"><\/a><\/p>\n<h3>ORME Festival &amp; Danz\u2019Abile, Lugano<\/h3>\n<p><a href=\"http:\/\/www.ormefestival.ch\/\" target=\"_blank\"><img loading=\"lazy\" decoding=\"async\" class=\"wp-image-4159 alignleft\" src=\"https:\/\/blog.zhdk.ch\/disabilityonstage\/files\/2016\/09\/Logo_Orme_positivo-300x300.png\" alt=\"Logo_Orme_positivo\" height=\"54\" width=\"54\" srcset=\"https:\/\/blog.zhdk.ch\/disabilityonstage\/files\/2016\/09\/Logo_Orme_positivo-300x300.png 300w, https:\/\/blog.zhdk.ch\/disabilityonstage\/files\/2016\/09\/Logo_Orme_positivo-150x150.png 150w, https:\/\/blog.zhdk.ch\/disabilityonstage\/files\/2016\/09\/Logo_Orme_positivo-768x768.png 768w, https:\/\/blog.zhdk.ch\/disabilityonstage\/files\/2016\/09\/Logo_Orme_positivo-1024x1024.png 1024w, https:\/\/blog.zhdk.ch\/disabilityonstage\/files\/2016\/09\/Logo_Orme_positivo.png 1106w\" sizes=\"auto, (max-width: 54px) 100vw, 54px\" \/><\/a><a href=\"http:\/\/www.teatrodanzabile.ch\/td\/La_Compagnia.html\" target=\"_blank\"><img loading=\"lazy\" decoding=\"async\" class=\"wp-image-4157 alignnone\" src=\"https:\/\/blog.zhdk.ch\/disabilityonstage\/files\/2016\/09\/logo-colore-piccolo-con-scritta-300x156.png\" alt=\"logo colore piccolo con scritta\" height=\"51\" width=\"98\" srcset=\"https:\/\/blog.zhdk.ch\/disabilityonstage\/files\/2016\/09\/logo-colore-piccolo-con-scritta-300x156.png 300w, https:\/\/blog.zhdk.ch\/disabilityonstage\/files\/2016\/09\/logo-colore-piccolo-con-scritta.png 662w\" sizes=\"auto, (max-width: 98px) 100vw, 98px\" \/><\/a><\/p>\n<h3>Theater HORA \u2013 Stiftung Z\u00fcriwerk, Z\u00fcrich<\/h3>\n<p><a href=\"http:\/\/www.hora.ch\/2013\/index.php\" target=\"_blank\"><img loading=\"lazy\" decoding=\"async\" class=\"alignnone wp-image-4155\" src=\"https:\/\/blog.zhdk.ch\/disabilityonstage\/files\/2016\/09\/Hora-Logo_Final-300x81.png\" alt=\"Hora Logo_Final\" height=\"34\" width=\"125\" srcset=\"https:\/\/blog.zhdk.ch\/disabilityonstage\/files\/2016\/09\/Hora-Logo_Final-300x81.png 300w, https:\/\/blog.zhdk.ch\/disabilityonstage\/files\/2016\/09\/Hora-Logo_Final.png 718w\" sizes=\"auto, (max-width: 125px) 100vw, 125px\" \/><\/a><\/p>\n<h3>BewegGrund. Das Festival, Bern<\/h3>\n<p><a href=\"http:\/\/www.beweggrund.org\/\" target=\"_blank\"><img loading=\"lazy\" decoding=\"async\" class=\"alignnone wp-image-4153\" src=\"https:\/\/blog.zhdk.ch\/disabilityonstage\/files\/2016\/09\/BewegGrund-300x77.png\" alt=\"BewegGrund\" height=\"35\" width=\"136\" srcset=\"https:\/\/blog.zhdk.ch\/disabilityonstage\/files\/2016\/09\/BewegGrund-300x77.png 300w, https:\/\/blog.zhdk.ch\/disabilityonstage\/files\/2016\/09\/BewegGrund.png 595w\" sizes=\"auto, (max-width: 136px) 100vw, 136px\" \/><\/a><\/p>\n<h3>Festival Out of the Box, Genf<\/h3>\n<p><a href=\"http:\/\/biennaleoutofthebox.ch\/\" target=\"_blank\"><img loading=\"lazy\" decoding=\"async\" class=\"alignnone wp-image-5049\" src=\"https:\/\/blog.zhdk.ch\/disabilityonstage\/files\/2015\/09\/OOTB_logo_26.01.2017-248x300.png\" alt=\"\" height=\"99\" width=\"82\" srcset=\"https:\/\/blog.zhdk.ch\/disabilityonstage\/files\/2015\/09\/OOTB_logo_26.01.2017-248x300.png 248w, https:\/\/blog.zhdk.ch\/disabilityonstage\/files\/2015\/09\/OOTB_logo_26.01.2017.png 360w\" sizes=\"auto, (max-width: 82px) 100vw, 82px\" \/><\/a><\/p>\n<h3><a href=\"https:\/\/www.zhdk.ch\/?bachelor_contemporarydance\" target=\"_blank\">Bachelor Contemporary Dance, ZHdK<\/a><\/h3>\n<h2><strong><br \/>\nWissenschaftliche Vernetzung:<\/strong><\/h2>\n<h3><a href=\"http:\/\/www.mobilities.ca\/arseli-dokumaci\/\" target=\"_blank\">Mobile Media Lab, Concordia University Montr\u00e9al (Dr. Arseli Documaki)<\/a><\/h3>\n","protected":false},"excerpt":{"rendered":"<p>Leading House: Z\u00fcrcher Hochschule der K\u00fcnste, Institute for the Performing Arts and Film Forschungspartner: Accademia Teatro Dimitri, Verscio Universit\u00e4t Bern, Institut f\u00fcr Theaterwissenschaft Universit\u00e4t Basel, Seminar f\u00fcr Kulturwissenschaft und Europ\u00e4ische Ethnologie Schweizerische Gesellschaft f\u00fcr Volkskunde SGV\/SSTP, Basel F\u00f6rderung: SNF-Schweizerischer Nationalfonds &hellip; <a href=\"https:\/\/blog.zhdk.ch\/disabilityonstage\/team\/\">Weiterlesen <span class=\"meta-nav\">&rarr;<\/span><\/a><\/p>\n","protected":false},"author":3008,"featured_media":0,"parent":0,"menu_order":4,"comment_status":"closed","ping_status":"closed","template":"","meta":{"ngg_post_thumbnail":0,"footnotes":""},"class_list":["post-74","page","type-page","status-publish","hentry"],"_links":{"self":[{"href":"https:\/\/blog.zhdk.ch\/disabilityonstage\/wp-json\/wp\/v2\/pages\/74","targetHints":{"allow":["GET"]}}],"collection":[{"href":"https:\/\/blog.zhdk.ch\/disabilityonstage\/wp-json\/wp\/v2\/pages"}],"about":[{"href":"https:\/\/blog.zhdk.ch\/disabilityonstage\/wp-json\/wp\/v2\/types\/page"}],"author":[{"embeddable":true,"href":"https:\/\/blog.zhdk.ch\/disabilityonstage\/wp-json\/wp\/v2\/users\/3008"}],"replies":[{"embeddable":true,"href":"https:\/\/blog.zhdk.ch\/disabilityonstage\/wp-json\/wp\/v2\/comments?post=74"}],"version-history":[{"count":38,"href":"https:\/\/blog.zhdk.ch\/disabilityonstage\/wp-json\/wp\/v2\/pages\/74\/revisions"}],"predecessor-version":[{"id":5053,"href":"https:\/\/blog.zhdk.ch\/disabilityonstage\/wp-json\/wp\/v2\/pages\/74\/revisions\/5053"}],"wp:attachment":[{"href":"https:\/\/blog.zhdk.ch\/disabilityonstage\/wp-json\/wp\/v2\/media?parent=74"}],"curies":[{"name":"wp","href":"https:\/\/api.w.org\/{rel}","templated":true}]}}