{"id":608,"date":"2017-09-04T13:00:35","date_gmt":"2017-09-04T13:00:35","guid":{"rendered":"https:\/\/blog.zhdk.ch\/epistemischebilder\/?page_id=608"},"modified":"2017-09-21T07:19:56","modified_gmt":"2017-09-21T07:19:56","slug":"esther-schoenenberger","status":"publish","type":"page","link":"https:\/\/blog.zhdk.ch\/epistemischebilder\/home\/esther-schoenenberger\/","title":{"rendered":"Esther Sch\u00f6nenberger"},"content":{"rendered":"<section id=\"builder-section-1504540660871\" class=\"builder-section builder-section-first builder-section-text builder-section-next-text builder-text-columns-2\" style=\"background-size: cover; background-repeat: no-repeat;background-position: center center;\">\n<div class=\"builder-section-content\">\n<div class=\"builder-text-row\">\n<div class=\"builder-text-column builder-text-column-1\" id=\"builder-section-1504540660871-column-1\">\n<div class=\"builder-text-content\">\n<h2><a href=\"https:\/\/blog.zhdk.ch\/epistemischebilder\/home\/bruno-zgraggen\/\">&lt;<\/a> Esther Sch\u00f6nenberger <a href=\"https:\/\/blog.zhdk.ch\/epistemischebilder\/home\/petros-koumoutsakos\/\">&gt;<\/a><\/h2>\n<h3>ARCHAEOVIS &#8211; Visualisierung schafft Wissen<\/h3>\n<\/p><\/div>\n<\/p><\/div>\n<div class=\"builder-text-column builder-text-column-2\" id=\"builder-section-1504540660871-column-2\">\n<div class=\"builder-text-content\">\n<h3 style=\"text-align: right\"><a href=\"https:\/\/blog.zhdk.ch\/epistemischebilder\/#programm\">Zur\u00fcck zur \u00dcbersicht<\/a><\/h3>\n<\/p><\/div>\n<\/p><\/div>\n<\/p><\/div>\n<\/p><\/div>\n<\/section>\n<section id=\"builder-section-1504539484340\" class=\"builder-section builder-section-prev-text builder-section-text builder-section-next-text builder-text-columns-1\" style=\"background-size: cover; background-repeat: no-repeat;background-position: center center;\">\n<div class=\"builder-section-content\">\n<div class=\"builder-text-row\">\n<div class=\"builder-text-column builder-text-column-1\" id=\"builder-section-1504539484340-column-1\">\n<div class=\"builder-text-content\">\n<p><img loading=\"lazy\" decoding=\"async\" class=\"alignnone wp-image-1064 size-full\" src=\"https:\/\/blog.zhdk.ch\/epistemischebilder\/files\/2017\/09\/Schoenenberger_Archaeovis.jpg\" alt=\"\" width=\"1200\" height=\"800\" srcset=\"https:\/\/blog.zhdk.ch\/epistemischebilder\/files\/2017\/09\/Schoenenberger_Archaeovis.jpg 1200w, https:\/\/blog.zhdk.ch\/epistemischebilder\/files\/2017\/09\/Schoenenberger_Archaeovis-300x200.jpg 300w, https:\/\/blog.zhdk.ch\/epistemischebilder\/files\/2017\/09\/Schoenenberger_Archaeovis-768x512.jpg 768w, https:\/\/blog.zhdk.ch\/epistemischebilder\/files\/2017\/09\/Schoenenberger_Archaeovis-1024x683.jpg 1024w\" sizes=\"auto, (max-width: 1200px) 100vw, 1200px\" \/><\/p>\n<p><small><strong>Archaeovis &#8211; Rekonstruktion der r\u00f6mischen Heilthermen im Badener B\u00e4derquartier<\/strong>. Masterarbeit von Esther Sch\u00f6nenberger in Erkennnistvisualisierung, ZHdK, 2013<br \/><\/small><\/p>\n<\/p><\/div>\n<\/p><\/div>\n<\/p><\/div>\n<\/p><\/div>\n<\/section>\n<section id=\"builder-section-1504540664286\" class=\"builder-section builder-section-prev-text builder-section-text builder-section-last builder-text-columns-2\" style=\"background-size: cover; background-repeat: no-repeat;background-position: center center;\">\n<div class=\"builder-section-content\">\n<div class=\"builder-text-row\">\n<div class=\"builder-text-column builder-text-column-1\" id=\"builder-section-1504540664286-column-1\">\n<div class=\"builder-text-content\">\n<p><strong>Abstract<\/strong><\/p>\n<p><strong>Wie kann eine digitale 3D-Rekonstruktion die arch\u00e4ologische Auswertung der r\u00f6mischen Heilthermen im BadenerB\u00e4derquartier unterst\u00fctzen?<\/strong><\/p>\n<p><strong>Im Badener B\u00e4derquartier werden zur Zeit \u00dcberreste der gr\u00f6ssten r\u00f6mischen<br \/>Thermalbadanlagen der Schweiz ausgegraben. Der instabile Untergrund hat zur Folge, dass die Strukturen auseinander gerissen wurden. Um sie besser zu verstehen, stellt dieses Projekt sie mittels eines digitalen 3D-Modells wieder in ihren konstruktiven Zusammenhang. Anschliessend wird eine m\u00f6gliche Version der Geb\u00e4ude rekonstruiert.<br \/>Konventionell werden mit arch\u00e4ologischen Rekonstruktionen Forschungsresultate<br \/>illustriert. Diese Arbeit hingegen setzt sie als Mittel zum Erkenntnisgewinn ein. In enger<br \/>Zusammenarbeit mit den im B\u00e4derquartier t\u00e4tigen Arch\u00e4ologen wurden Hypothesen diskutiert und Zusammenh\u00e4nge beobachtet. Weil die Rekonstruktion im Fr\u00fchstadium der Auswertung erstellt wurde, konnte das so gewonnene Wissen direkt in die arch\u00e4ologische Auswertung einfiessen. Unter anderem f\u00f6rderten eine fexible Struktur und klare Gestaltung des 3D-Modells den Wissensgewinn.<\/strong><\/p>\n<\/p><\/div>\n<\/p><\/div>\n<div class=\"builder-text-column builder-text-column-2\" id=\"builder-section-1504540664286-column-2\">\n<div class=\"builder-text-content\">\n<p><strong>Zur Person<\/strong><\/p>\n<p>Esther Sch\u00f6nenberger hat an der Z\u00fcrcher Hochschule f\u00fcr K\u00fcnste Erkenntnis-Visualisierung studiert. W\u00e4hrend ihrer Masterarbeit hat sie sich mit der Visualisierung von komplexen 3D-Modellen in der Arch\u00e4ologie besch\u00e4ftigt. Seit 4 Jahren arbeitet sie bei der Kantonsarch\u00e4ologie Z\u00fcrich im Aufgabengebiet der visuellen Dokumentation arch\u00e4ologischer Befunde von der Grabung bis zum GIS-Browser, wobei der Schwerpunkt im Erstellen von GIS-Arbeitspl\u00e4nen besteht. Seit 2017 ist die Ressortleiterin im Bereich Technik wo sie als Hauptaufgabe die Einf\u00fchrung der digitalen Dokumentation auf der Ausgrabung \u00fcbernimmt.<\/p>\n<\/p><\/div>\n<\/p><\/div>\n<\/p><\/div>\n<\/p><\/div>\n<\/section>\n","protected":false},"excerpt":{"rendered":"<p>&lt; Esther Sch\u00f6nenberger &gt; ARCHAEOVIS &#8211; Visualisierung schafft Wissen Zur\u00fcck zur \u00dcbersicht Archaeovis &#8211; Rekonstruktion der r\u00f6mischen Heilthermen im Badener B\u00e4derquartier. Masterarbeit von Esther Sch\u00f6nenberger in Erkennnistvisualisierung, ZHdK, 2013 Abstract Wie kann eine digitale 3D-Rekonstruktion die arch\u00e4ologische Auswertung der r\u00f6mischen Heilthermen im BadenerB\u00e4derquartier unterst\u00fctzen? Im Badener B\u00e4derquartier werden zur Zeit \u00dcberreste der gr\u00f6ssten r\u00f6mischenThermalbadanlagen der &hellip;<\/p>\n","protected":false},"author":3684,"featured_media":0,"parent":11,"menu_order":0,"comment_status":"closed","ping_status":"closed","template":"template-builder.php","meta":{"footnotes":""},"class_list":["post-608","page","type-page","status-publish","hentry"],"_links":{"self":[{"href":"https:\/\/blog.zhdk.ch\/epistemischebilder\/wp-json\/wp\/v2\/pages\/608","targetHints":{"allow":["GET"]}}],"collection":[{"href":"https:\/\/blog.zhdk.ch\/epistemischebilder\/wp-json\/wp\/v2\/pages"}],"about":[{"href":"https:\/\/blog.zhdk.ch\/epistemischebilder\/wp-json\/wp\/v2\/types\/page"}],"author":[{"embeddable":true,"href":"https:\/\/blog.zhdk.ch\/epistemischebilder\/wp-json\/wp\/v2\/users\/3684"}],"replies":[{"embeddable":true,"href":"https:\/\/blog.zhdk.ch\/epistemischebilder\/wp-json\/wp\/v2\/comments?post=608"}],"version-history":[{"count":17,"href":"https:\/\/blog.zhdk.ch\/epistemischebilder\/wp-json\/wp\/v2\/pages\/608\/revisions"}],"predecessor-version":[{"id":1116,"href":"https:\/\/blog.zhdk.ch\/epistemischebilder\/wp-json\/wp\/v2\/pages\/608\/revisions\/1116"}],"up":[{"embeddable":true,"href":"https:\/\/blog.zhdk.ch\/epistemischebilder\/wp-json\/wp\/v2\/pages\/11"}],"wp:attachment":[{"href":"https:\/\/blog.zhdk.ch\/epistemischebilder\/wp-json\/wp\/v2\/media?parent=608"}],"curies":[{"name":"wp","href":"https:\/\/api.w.org\/{rel}","templated":true}]}}