{"id":18,"date":"2010-06-01T16:25:51","date_gmt":"2010-06-01T15:25:51","guid":{"rendered":"https:\/\/blog.zhdk.ch\/forschungindenkuensten\/?page_id=18"},"modified":"2010-11-12T13:57:49","modified_gmt":"2010-11-12T12:57:49","slug":"texte","status":"publish","type":"page","link":"https:\/\/blog.zhdk.ch\/forschungindenkuensten\/texte\/","title":{"rendered":"Materialien"},"content":{"rendered":"<p>Um den Austausch von Materialien zu erm\u00f6glichen haben wir von dieser Seite ausgehend links zu materialspezifischen Seiten. Wenn Du etwas einf\u00fcgen m\u00f6chtest, dann bitte direkt auf den Seiten der verschiedenen Formate:<\/p>\n<p style=\"text-align: center\"><a href=\"https:\/\/blog.zhdk.ch\/forschungindenkuensten\/materialien-bild\/\" target=\"_self\">Bild<\/a> | <a href=\"https:\/\/blog.zhdk.ch\/forschungindenkuensten\/materialien-video\/\" target=\"_self\">Video<\/a> | <a href=\"https:\/\/blog.zhdk.ch\/forschungindenkuensten\/materialien-audio\/\" target=\"_self\">Audio<\/a> | <a href=\"https:\/\/blog.zhdk.ch\/forschungindenkuensten\/materialien-dateien\/\" target=\"_self\">Dateien<\/a> | <a href=\"https:\/\/blog.zhdk.ch\/forschungindenkuensten\/materialien-forschungsbibliographie\/\" target=\"_self\">Forschungsbibliographie<\/a><\/p>\n","protected":false},"excerpt":{"rendered":"<p>Um den Austausch von Materialien zu erm\u00f6glichen haben wir von dieser Seite ausgehend links zu materialspezifischen Seiten. Wenn Du etwas einf\u00fcgen m\u00f6chtest, dann bitte direkt auf den Seiten der verschiedenen Formate: Bild | Video | Audio | Dateien | Forschungsbibliographie<\/p>\n","protected":false},"author":346,"featured_media":0,"parent":0,"menu_order":0,"comment_status":"closed","ping_status":"closed","template":"","meta":{"footnotes":""},"class_list":["post-18","page","type-page","status-publish","hentry"],"_links":{"self":[{"href":"https:\/\/blog.zhdk.ch\/forschungindenkuensten\/wp-json\/wp\/v2\/pages\/18","targetHints":{"allow":["GET"]}}],"collection":[{"href":"https:\/\/blog.zhdk.ch\/forschungindenkuensten\/wp-json\/wp\/v2\/pages"}],"about":[{"href":"https:\/\/blog.zhdk.ch\/forschungindenkuensten\/wp-json\/wp\/v2\/types\/page"}],"author":[{"embeddable":true,"href":"https:\/\/blog.zhdk.ch\/forschungindenkuensten\/wp-json\/wp\/v2\/users\/346"}],"replies":[{"embeddable":true,"href":"https:\/\/blog.zhdk.ch\/forschungindenkuensten\/wp-json\/wp\/v2\/comments?post=18"}],"version-history":[{"count":17,"href":"https:\/\/blog.zhdk.ch\/forschungindenkuensten\/wp-json\/wp\/v2\/pages\/18\/revisions"}],"predecessor-version":[{"id":49,"href":"https:\/\/blog.zhdk.ch\/forschungindenkuensten\/wp-json\/wp\/v2\/pages\/18\/revisions\/49"}],"wp:attachment":[{"href":"https:\/\/blog.zhdk.ch\/forschungindenkuensten\/wp-json\/wp\/v2\/media?parent=18"}],"curies":[{"name":"wp","href":"https:\/\/api.w.org\/{rel}","templated":true}]}}