{"id":2639,"date":"2018-03-05T14:26:20","date_gmt":"2018-03-05T13:26:20","guid":{"rendered":"https:\/\/blog.zhdk.ch\/iaejournal\/?page_id=2639"},"modified":"2019-02-26T13:03:00","modified_gmt":"2019-02-26T12:03:00","slug":"aer14-2018-kunst-rassismuskritik-vermittlung-ueber-fragilitaet-und-widerstaendigkeit","status":"publish","type":"page","link":"https:\/\/blog.zhdk.ch\/iaejournal\/aer14-2018-kunst-rassismuskritik-vermittlung-ueber-fragilitaet-und-widerstaendigkeit\/","title":{"rendered":"Art Education Research \u00b014"},"content":{"rendered":"<h1><strong>Kunst | Rassismuskritik | Vermittlung<\/strong><strong><br \/>\n\u00dc<\/strong><strong>ber Fragilit<\/strong><strong>\u00e4<\/strong><strong>t und Widerst<\/strong><strong>\u00e4<\/strong><strong>ndigkeit<\/strong><\/h1>\n<h3>Herausgeberin: Nanna L\u00fcth<\/h3>\n<p>Nanna L\u00fcth hat diese neue Ausgabe von Art Education Research zusammengestellt, die sich, unter dem Eindruck der j\u00fcngsten politischen Entwicklungen in Europa \u2013 dem Erstarken rechter Parteien und der Zunahme von \u00abIdeologien der Ungleichwertigkeit\u00bb (Heinrich B\u00f6ll Stiftung 2016) &#8211; den Herausforderungen von rassismuskritisch positionierter Arbeit in Kunst und Vermittlung widmet. <strong>A<\/strong><strong>\u00ef<\/strong><strong>cha<\/strong><strong> Diallo und Danja Erni<\/strong>, die seit Sommer 2016 gemeinsam die <em>KontextSchule,<\/em> eine Fortbildung f\u00fcr Berliner Lehrer*innen und K\u00fcnstler*innen leiten, reflektieren \u00fcber den Prozess, eine diskriminierungskritische Ausrichtung in der KontextSchule umzusetzen. Ausgehend von den eigenen \u00abBildern im Kopf\u00bb skizzieren sie Utopien und Erfolge, aber auch die Grenzen, Verletzbarkeiten und das \u00abStolpern im Lernprozess\u00bb. Auch <strong>Nana Adusei-Poku<\/strong> widmet sich in \u00abAlle m\u00fcssen alles lernen, oder emotionale Arbeit\u00bb Rassismuskritik in der Institutionsentwicklung, basierend auf dem Projekt \u00abWdKA makes a difference \u00bb in Rotterdam. <strong>Pascal Schwaighofers<\/strong> Artikel \u00fcber einen nicht realisierten Auftrag f\u00fcr ein k\u00fcnstlerisches Projekt in einem Empfangs- und Verfahrenszentrum f\u00fcr Asylsuchende im Tessin gibt seltene Einblicke in Diskussionen vor dem Zustandekommen eines solchen Auftrags f\u00fcr \u00f6ffentliche Kunst&nbsp;und verweist auf das Zusammenspiel von Repr\u00e4sentation und Entrechtung. <strong>Ay<\/strong><strong>\u015f<\/strong><strong>e G<\/strong><strong>\u00fc<\/strong><strong>le<\/strong><strong>\u00e7<\/strong> stellt Ma\u00dfnahmen gegen das Leise-Stellen von migrantisch situiertem Wissen \u00fcber den <em>NSU-Komplex<\/em> im Rahmen von Ausstellung und Vermittlung auf der documenta 14 dar.<\/p>\n<hr>\n<h1><strong>Art | A Critical Perspective on Racism | Art Education <\/strong><strong><br \/>\n<\/strong><strong>On Fragility and Resistance<\/strong><\/h1>\n<h3>Editor: Nanna L\u00fcth<\/h3>\n<p>Recent political developments in Europe\u2014the growing strength of right-wing parties and the growth of \u201cideologies of inequality\u201d (Heinrich B\u00f6ll Foundation 2016)\u2014motivated <strong>Nanna L<\/strong><strong>\u00fcth<\/strong> to edit this issue of Art Education Research that focuses on the challenges related to work in art and art education that takes a critical perspective on racism. Since summer 2016, <strong>A<\/strong><strong>\u00efcha Diallo and Danja Erni<\/strong> have been directing the KontextSchule in Berlin, a place for the continuing education of teachers and artists. In this issue, they reflect on their experience of integrating a critique of discriminatory practices into the KontextSchule\u2019s program. Aware of their own \u201cmental images,\u201d they chart not only utopias and triumphs but also the borders, points of vulnerability, and \u201cstumbling blocks in the learning process.\u201d Based on a project in Rotterdam, \u201cWdKA makes a difference,\u201d in her contribution, \u201cEveryone has to learn everthing, or: emotional labor,\u201d <strong>Nana Adusei-Poku <\/strong>also addresses issues related to developing a critical perspective on racism within the context of institutional development. <strong>Pascal Schwaighofer<\/strong>, in his article about a commission for an unrealized art project that was to have taken place in a reception and registration center for asylum seekers in the Swiss canton of Ticino, provides insights into the discussions that take place before commissions for such public art projects even come into being, and points to the connection between representation and the denial of rights. <strong>Ay<\/strong><strong>\u015fe G\u00fcle\u00e7<\/strong> considers ways to combat the silencing of migrant-situated knowledge about the terror committed by the \u201cNational Socialist Underground\u201c (NSU) and the institutionalized racism, upon which it is based, within the framework of an exhibition and presentation at documenta 14.<\/p>\n<hr>\n<p><strong> \u2192 Nanna L\u00fcth<b>&nbsp;\u2013<\/b> <a href=\"https:\/\/blog.zhdk.ch\/iaejournal\/files\/2018\/03\/AER14_Demokratiebildung_Kunst_Vermittlung_gegen_Rassismus_Editorial.pdf\">Demokratiebildung. Kunst\/Vermittlung gegen Rassismus (Editorial)<\/a><\/strong><\/p>\n<p class=\"p2\"><strong>\u2192&nbsp;Nana Adusei-Poku&nbsp;\u2013&nbsp;<a href=\"https:\/\/blog.zhdk.ch\/iaejournal\/2018\/03\/02\/n14_alle-muessen-alles-lernen-oder-emotionale-arbeit\/\">Alle m\u00fcssen alles lernen oder: emotionale Arbeit<\/a><\/strong><\/p>\n<p class=\"p2\"><b><strong>\u2192&nbsp;<\/strong>A\u00efcha Diallo und&nbsp;<\/b><b>Danja Erni&nbsp;<strong>\u2013<\/strong> <\/b><a href=\"https:\/\/blog.zhdk.ch\/iaejournal\/2018\/03\/03\/n14_lernprozesse-in-der-diskriminierungskritischen-kulturellen-bildungsarbeit\/\"><b>Lernprozesse <\/b><b>in der diskriminierungskritischen Kulturellen Bildungsarbeit<\/b><\/a><\/p>\n<p class=\"p2\"><b><strong>\u2192&nbsp;<\/strong>Ay\u015fe G\u00fcle\u00e7&nbsp;<strong>\u2013&nbsp;<\/strong><\/b><a href=\"https:\/\/blog.zhdk.ch\/iaejournal\/2018\/03\/03\/n14_vermittlung-von-realitaeten-the-society-of-friends-of-halit\/\"><b>Vermittlung von Realit\u00e4ten: <i>The Society of Friends of Halit<\/i><\/b><\/a><\/p>\n<p class=\"p2\"><b><strong>\u2192&nbsp;<\/strong>Pascal Schwaighofer &#8211;&nbsp;<\/b><a href=\"https:\/\/blog.zhdk.ch\/iaejournal\/2018\/03\/03\/n14_ausgesaet-durch-wilde-zerstreuung-reflexionen-ueber-einen-nicht-realisierten-auftrag-fuer-ein-kuenstlerisches-projekt-in-einem-asylzentrum\/\"><b>Ausges\u00e4t durch (wilde) Zerstreuung: Reflexionen \u00fcber einen nicht-realisierten Auftrag f\u00fcr ein k\u00fcnstlerisches Projekt in einem Asylzentrum (DE)<\/b> \/&nbsp;<b>Sown by Scattering<\/b><b>: Reflections on an Unrealized Commission for an Artistic Project at an Asylum Center (EN)<\/b><\/a><\/p>\n<p><b><strong>\u2192&nbsp;&nbsp;<a href=\"https:\/\/blog.zhdk.ch\/iaejournal\/category\/kurzbiografien-der-autor_innen\/aer14_kurzbiografien-der-autor_innen\/\">Zu den&nbsp;Kurzbiografien&nbsp;der Autor_innen \/ Bio notes of all authors<\/a><\/strong><\/b><\/p>\n<hr>\n<p><strong>Redaktion<br \/>\n<\/strong>Nanna L\u00fcth mit Unterst\u00fctzung von Nora Landkammer und Sascha Willenbacher<\/p>\n<p><strong>\u00dcbersetzung<br \/>\n<\/strong>Michele Faguet (engl.&nbsp;revision), Laura Somann (en-dt), Michelle Standley (dt-en)<\/p>\n<p><strong>Lektorat und Korrektorat<br \/>\n<\/strong>Birge Heiland<\/p>\n<p><strong>Layout<br \/>\n<\/strong>Maja Renn<\/p>\n<p><strong>Administration<br \/>\n<\/strong>Dora Borer,&nbsp;Eunjeong&nbsp;Gross<\/p>\n<p>&nbsp;<\/p>\n","protected":false},"excerpt":{"rendered":"<p>Kunst | Rassismuskritik | Vermittlung \u00dcber Fragilit\u00e4t und Widerst\u00e4ndigkeit Herausgeberin: Nanna L\u00fcth Nanna L\u00fcth hat diese neue Ausgabe von Art Education Research zusammengestellt, die sich, unter dem Eindruck der j\u00fcngsten politischen Entwicklungen in Europa \u2013 dem Erstarken rechter Parteien und der Zunahme von \u00abIdeologien der Ungleichwertigkeit\u00bb (Heinrich B\u00f6ll Stiftung 2016) &#8211; den Herausforderungen von rassismuskritisch [&hellip;]<\/p>\n","protected":false},"author":3221,"featured_media":0,"parent":0,"menu_order":0,"comment_status":"closed","ping_status":"closed","template":"","meta":{"ngg_post_thumbnail":0,"footnotes":""},"class_list":["post-2639","page","type-page","status-publish","hentry"],"_links":{"self":[{"href":"https:\/\/blog.zhdk.ch\/iaejournal\/wp-json\/wp\/v2\/pages\/2639","targetHints":{"allow":["GET"]}}],"collection":[{"href":"https:\/\/blog.zhdk.ch\/iaejournal\/wp-json\/wp\/v2\/pages"}],"about":[{"href":"https:\/\/blog.zhdk.ch\/iaejournal\/wp-json\/wp\/v2\/types\/page"}],"author":[{"embeddable":true,"href":"https:\/\/blog.zhdk.ch\/iaejournal\/wp-json\/wp\/v2\/users\/3221"}],"replies":[{"embeddable":true,"href":"https:\/\/blog.zhdk.ch\/iaejournal\/wp-json\/wp\/v2\/comments?post=2639"}],"version-history":[{"count":18,"href":"https:\/\/blog.zhdk.ch\/iaejournal\/wp-json\/wp\/v2\/pages\/2639\/revisions"}],"predecessor-version":[{"id":3051,"href":"https:\/\/blog.zhdk.ch\/iaejournal\/wp-json\/wp\/v2\/pages\/2639\/revisions\/3051"}],"wp:attachment":[{"href":"https:\/\/blog.zhdk.ch\/iaejournal\/wp-json\/wp\/v2\/media?parent=2639"}],"curies":[{"name":"wp","href":"https:\/\/api.w.org\/{rel}","templated":true}]}}