{"id":22,"date":"2015-05-20T09:54:27","date_gmt":"2015-05-20T07:54:27","guid":{"rendered":"https:\/\/blog.zhdk.ch\/kidb\/?page_id=22"},"modified":"2019-11-18T16:56:05","modified_gmt":"2019-11-18T15:56:05","slug":"archive","status":"publish","type":"page","link":"https:\/\/blog.zhdk.ch\/kidb\/archive\/","title":{"rendered":"Tagungsarchiv"},"content":{"rendered":"<p><span class=\"\">Die Frage nach k<\/span><span class=\"\">\u00fcnstlerischer Bildung im Spannungsfeld von Freiheit, Prekariat und institutionellen Outcomes stand unter dem Titel \u201e<strong>KUNST \u2013 MACHT \u2013 BILDUNG\u201c<\/strong> im Zentrum der <a href=\"https:\/\/blog.zhdk.ch\/kidb\/archive\/tagung-2019\/\">Tagung 2019<\/a>. <\/span><\/p>\n<p>Die erste Tagung fand <strong><a href=\"https:\/\/blog.zhdk.ch\/kidb\/archive\/tagung-2007\/\">2007<\/a><\/strong> mit dem Untertitel \u201e<strong>Zum Bildungswert der \u00e4sthetischen Bildung\u201c<\/strong> an der ZHdK in Z\u00fcrich statt. <strong><a href=\"https:\/\/blog.zhdk.ch\/kidb\/archive\/tagung-2009\/\">2009<\/a><\/strong> \u00fcbernahm die HKB die Federf\u00fchrung und f\u00fchrte die Diskussion unter dem Titel <strong>\u201eDie K\u00fcnste zwischen Bildung und Ausbildung\u201c<\/strong> in Bern weiter. <strong><a href=\"https:\/\/blog.zhdk.ch\/kidb\/archive\/neue-subseite\/\">2011<\/a><\/strong> standen, wiederum in Z\u00fcrich, Fragen nach der f\u00e4cher\u00fcbergreifenden und disziplinenspezifischen Didaktik im Zentrum. Die\u00a0 Tagung<strong> <a href=\"https:\/\/blog.zhdk.ch\/kidb\/archive\/tagung-2015-3\/\">2015<\/a><\/strong> drehte sich rund um die Frage <strong>&#8222;K\u00fcnstlerische Prozesse als Erkenntnissprozesse?&#8220;<\/strong>. Die <a href=\"https:\/\/blog.zhdk.ch\/kidb\/archive\/tagung-2017\/\">Tagung <strong>2017<\/strong><\/a> stand unter dem Titel &#8222;<strong>in\/out.<\/strong> <strong>\u00dcber \u00e4sthetische Urteile und ihre Bezugssysteme<\/strong>.&#8220;<\/p>\n<p>Die Tagung, die in der Regel im Zweijahresrhythmus stattfindet, bietet Raum f\u00fcr Referate, Inputs und Workshops zu den entsprechenden Themen der Vermittlung und zu Fragen der Vernetzung der verschiedenen K\u00fcnste.<\/p>\n<p>Die\u00a0disziplinen\u00fcbergreifenden Veranstaltungen von <strong>Die K\u00fcnste in der Bildung<\/strong> sind adressiert an Fachpersonen, die in der Lehre und Vermittlung der K\u00fcnste, im formalen und non-formalen Bildungsbereich t\u00e4tig sind, an Fachdidaktiker*innen und Kunstp\u00e4dagog*innen aus Gestaltung, Musik, Theater oder Tanz.<\/p>\n","protected":false},"excerpt":{"rendered":"<p>Die Frage nach k\u00fcnstlerischer Bildung im Spannungsfeld von Freiheit, Prekariat und institutionellen Outcomes stand unter dem Titel \u201eKUNST \u2013 MACHT \u2013 BILDUNG\u201c im Zentrum der Tagung 2019. Die erste Tagung fand 2007 mit dem Untertitel \u201eZum Bildungswert der \u00e4sthetischen Bildung\u201c an der ZHdK in Z\u00fcrich statt. 2009 \u00fcbernahm die HKB die Federf\u00fchrung und f\u00fchrte die [&hellip;]<\/p>\n","protected":false},"author":223,"featured_media":0,"parent":0,"menu_order":3,"comment_status":"closed","ping_status":"closed","template":"","meta":{"footnotes":""},"class_list":["post-22","page","type-page","status-publish","hentry"],"_links":{"self":[{"href":"https:\/\/blog.zhdk.ch\/kidb\/wp-json\/wp\/v2\/pages\/22","targetHints":{"allow":["GET"]}}],"collection":[{"href":"https:\/\/blog.zhdk.ch\/kidb\/wp-json\/wp\/v2\/pages"}],"about":[{"href":"https:\/\/blog.zhdk.ch\/kidb\/wp-json\/wp\/v2\/types\/page"}],"author":[{"embeddable":true,"href":"https:\/\/blog.zhdk.ch\/kidb\/wp-json\/wp\/v2\/users\/223"}],"replies":[{"embeddable":true,"href":"https:\/\/blog.zhdk.ch\/kidb\/wp-json\/wp\/v2\/comments?post=22"}],"version-history":[{"count":22,"href":"https:\/\/blog.zhdk.ch\/kidb\/wp-json\/wp\/v2\/pages\/22\/revisions"}],"predecessor-version":[{"id":1236,"href":"https:\/\/blog.zhdk.ch\/kidb\/wp-json\/wp\/v2\/pages\/22\/revisions\/1236"}],"wp:attachment":[{"href":"https:\/\/blog.zhdk.ch\/kidb\/wp-json\/wp\/v2\/media?parent=22"}],"curies":[{"name":"wp","href":"https:\/\/api.w.org\/{rel}","templated":true}]}}

<p><span class="">Die Frage nach k</span><span class="">ünstlerischer Bildung im Spannungsfeld von Freiheit, Prekariat und institutionellen Outcomes stand unter dem Titel „<strong>KUNST – MACHT – BILDUNG“</strong> im Zentrum der <a href="https://blog.zhdk.ch/kidb/archive/tagung-2019/">Tagung 2019</a>. </span></p>
<p>Die erste Tagung fand <strong><a href="https://blog.zhdk.ch/kidb/archive/tagung-2007/">2007</a></strong> mit dem Untertitel „<strong>Zum Bildungswert der ästhetischen Bildung“</strong> an der ZHdK in Zürich statt. <strong><a href="https://blog.zhdk.ch/kidb/archive/tagung-2009/">2009</a></strong> übernahm die HKB die Federführung und führte die Diskussion unter dem Titel <strong>„Die Künste zwischen Bildung und Ausbildung“</strong> in Bern weiter. <strong><a href="https://blog.zhdk.ch/kidb/archive/neue-subseite/">2011</a></strong> standen, wiederum in Zürich, Fragen nach der fächerübergreifenden und disziplinenspezifischen Didaktik im Zentrum. Die  Tagung<strong> <a href="https://blog.zhdk.ch/kidb/archive/tagung-2015-3/">2015</a></strong> drehte sich rund um die Frage <strong>&#8222;Künstlerische Prozesse als Erkenntnissprozesse?&#8220;</strong>. Die <a href="https://blog.zhdk.ch/kidb/archive/tagung-2017/">Tagung <strong>2017</strong></a> stand unter dem Titel &#8222;<strong>in/out.</strong> <strong>Über ästhetische Urteile und ihre Bezugssysteme</strong>.&#8220;</p>
<p>Die Tagung, die in der Regel im Zweijahresrhythmus stattfindet, bietet Raum für Referate, Inputs und Workshops zu den entsprechenden Themen der Vermittlung und zu Fragen der Vernetzung der verschiedenen Künste.</p>
<p>Die disziplinenübergreifenden Veranstaltungen von <strong>Die Künste in der Bildung</strong> sind adressiert an Fachpersonen, die in der Lehre und Vermittlung der Künste, im formalen und non-formalen Bildungsbereich tätig sind, an Fachdidaktiker*innen und Kunstpädagog*innen aus Gestaltung, Musik, Theater oder Tanz.</p>

<p>Die Frage nach künstlerischer Bildung im Spannungsfeld von Freiheit, Prekariat und institutionellen Outcomes stand unter dem Titel „KUNST – MACHT – BILDUNG“ im Zentrum der Tagung 2019. Die erste Tagung fand 2007 mit dem Untertitel „Zum Bildungswert der ästhetischen Bildung“ an der ZHdK in Zürich statt. 2009 übernahm die HKB die Federführung und führte die [&hellip;]</p>
