{"id":30,"date":"2015-05-20T09:58:37","date_gmt":"2015-05-20T07:58:37","guid":{"rendered":"https:\/\/blog.zhdk.ch\/kidb\/?page_id=30"},"modified":"2015-08-11T13:17:34","modified_gmt":"2015-08-11T11:17:34","slug":"neue-subseite","status":"publish","type":"page","link":"https:\/\/blog.zhdk.ch\/kidb\/archive\/neue-subseite\/","title":{"rendered":"Tagung 2011"},"content":{"rendered":"<p><a href=\"https:\/\/blog.zhdk.ch\/kidb\/files\/2015\/05\/Nur-Bild.jpg\"><img loading=\"lazy\" decoding=\"async\" class=\"alignnone  wp-image-98\" src=\"https:\/\/blog.zhdk.ch\/kidb\/files\/2015\/05\/Nur-Bild-300x210.jpg\" alt=\"Nur Bild\" width=\"321\" height=\"225\" srcset=\"https:\/\/blog.zhdk.ch\/kidb\/files\/2015\/05\/Nur-Bild-300x210.jpg 300w, https:\/\/blog.zhdk.ch\/kidb\/files\/2015\/05\/Nur-Bild.jpg 587w\" sizes=\"auto, (max-width: 321px) 100vw, 321px\" \/><\/a><\/p>\n<p>Die Tagung 2011 besch\u00e4ftigte sich mit der Universalit\u00e4t und der Spezifit\u00e4t k\u00fcnstlerischer Bildung in den verschiedenen Sparten. Die Thematik stiess bei Fachdidaktikerinnen, Lehrpersonen sowie angehenden Vermittlern aus verschiedenen k\u00fcnstlerischen Bereichen auf reges Interesse.<\/p>\n<p>Die Referate und Diskussionen drehten sich um eine Reihe von Fragen, die auch \u00fcber die Tagung hinaus von Interesse sind: Erfordern k\u00fcnstlerische Bildungsinhalte spezifische didaktische Mittel? Welche Rolle spielt die gestalterische Expertise der Lehrenden? Existieren Methoden und Didaktiken, die f\u00fcr alle Sparten der K\u00fcnste gelten?<\/p>\n<p><a href=\"https:\/\/blog.zhdk.ch\/kidb\/files\/2015\/08\/Programm-Die-Kuenste-in-der-Bildung-2011.pdf\">Programm\u00fcbersicht 2011<\/a><\/p>\n<p><strong>Download <\/strong><a href=\"https:\/\/blog.zhdk.ch\/kidb\/files\/2015\/05\/Beitrag-Werkspuren.pdf\"><strong>Artikel <\/strong>&#8222;K\u00fcnste in der Bildung&#8220;<\/a><br \/>\nvon Daniela D\u00e4ndliker, publiziert in\u00a0<a href=\"http:\/\/www.werken.ch\/?wsp=1\">Werkspuren<\/a> 4\/2011<\/p>\n<p>&nbsp;<\/p>\n<p><strong>Download Tagungsinhalte:<\/strong><\/p>\n<p>Tagungser\u00f6ffnung und Begr\u00fcssung durch <strong><a href=\"https:\/\/blog.zhdk.ch\/kidb\/files\/2015\/05\/1-Eidenbenz.pdf\">Michael Eidenbenz<\/a>, <\/strong>Direktor Departement Musik, ZHdK<\/p>\n<p>Tagungser\u00f6ffnung und Begr\u00fcssung durch <strong><a href=\"https:\/\/blog.zhdk.ch\/kidb\/files\/2015\/05\/2-Weckerle.pdf\">Christoph Weckerle<\/a>, <\/strong>Direktor Departement Kulturanalysen und Vermittlung, ZHdK<\/p>\n<p>Einf\u00fchrung von <strong><a href=\"https:\/\/blog.zhdk.ch\/kidb\/files\/2015\/05\/3-Truniger_Danuser.pdf\">Elisabeth Danuser und Peter Truniger<\/a><\/strong>, Verantwortliche Tagung, ZHdK<\/p>\n<p>Referat von\u00a0<strong><a href=\"https:\/\/blog.zhdk.ch\/kidb\/files\/2015\/05\/4-Guldimann.pdf\">Titus Guldimann<\/a> <\/strong>Prorektor Forschung, Entwicklung, Beratung der PHSG: <em>Allgemeindidaktische Implikationen f\u00fcr die k\u00fcnstlerische Fachdidaktik \u2013 Ein Einblick in die aktuelle Diskussion<\/em><\/p>\n<p>Referat von <strong><a href=\"https:\/\/blog.zhdk.ch\/kidb\/files\/2015\/05\/5-Hug.pdf\">Charlotte Hug<\/a>, <\/strong>Musikerin, Komponistin, Medienk\u00fcnstlerin, Zeichnerin: <em>Dreiecksbeziehung Kunst \u2013 Studium \u2013 P\u00e4dagogik<\/em><\/p>\n<p>Referat von <strong><a href=\"https:\/\/blog.zhdk.ch\/kidb\/files\/2015\/05\/6-Wehr.pdf\">Marco Wehr<\/a>, <\/strong>Hrsg. und Autor von \u00abDie Hand: Werkzeug des Geistes\u00bb und \u00abWelche Farbe hat die Zeit?\u00ab, T\u00e4nzer, Physiker und Philosoph: <em>Von der Kunst ein K\u00fcnstler zu sein. Was wir von kreativen K\u00f6pfen lernen k\u00f6nnen.<\/em><\/p>\n<p>Referat von <strong><a href=\"https:\/\/blog.zhdk.ch\/kidb\/files\/2015\/05\/7-Sack.pdf\">Mira Sack<\/a><\/strong>, Leiterin Bachelor Theater, ZHdK: <em>Didaktische Aktionsradien. Reflexionswege f\u00fcr die Theaterp\u00e4dagogik und dar\u00fcber hinaus<\/em><\/p>\n<p>Referat von <strong><a href=\"https:\/\/blog.zhdk.ch\/kidb\/files\/2015\/05\/8-Truniger.pdf\">Peter Truniger<\/a><\/strong>, Leiter Bachelor Vermittlung von Kunst und Design, ZHdK: <em>Das Mentorat \u2013 ein Balanceakt zwischen Zur\u00fcckhaltung und Intervention<\/em><\/p>\n","protected":false},"excerpt":{"rendered":"<p>Die Tagung 2011 besch\u00e4ftigte sich mit der Universalit\u00e4t und der Spezifit\u00e4t k\u00fcnstlerischer Bildung in den verschiedenen Sparten. Die Thematik stiess bei Fachdidaktikerinnen, Lehrpersonen sowie angehenden Vermittlern aus verschiedenen k\u00fcnstlerischen Bereichen auf reges Interesse. Die Referate und Diskussionen drehten sich um eine Reihe von Fragen, die auch \u00fcber die Tagung hinaus von Interesse sind: Erfordern k\u00fcnstlerische [&hellip;]<\/p>\n","protected":false},"author":223,"featured_media":0,"parent":22,"menu_order":3,"comment_status":"closed","ping_status":"closed","template":"","meta":{"footnotes":""},"class_list":["post-30","page","type-page","status-publish","hentry"],"_links":{"self":[{"href":"https:\/\/blog.zhdk.ch\/kidb\/wp-json\/wp\/v2\/pages\/30","targetHints":{"allow":["GET"]}}],"collection":[{"href":"https:\/\/blog.zhdk.ch\/kidb\/wp-json\/wp\/v2\/pages"}],"about":[{"href":"https:\/\/blog.zhdk.ch\/kidb\/wp-json\/wp\/v2\/types\/page"}],"author":[{"embeddable":true,"href":"https:\/\/blog.zhdk.ch\/kidb\/wp-json\/wp\/v2\/users\/223"}],"replies":[{"embeddable":true,"href":"https:\/\/blog.zhdk.ch\/kidb\/wp-json\/wp\/v2\/comments?post=30"}],"version-history":[{"count":13,"href":"https:\/\/blog.zhdk.ch\/kidb\/wp-json\/wp\/v2\/pages\/30\/revisions"}],"predecessor-version":[{"id":330,"href":"https:\/\/blog.zhdk.ch\/kidb\/wp-json\/wp\/v2\/pages\/30\/revisions\/330"}],"up":[{"embeddable":true,"href":"https:\/\/blog.zhdk.ch\/kidb\/wp-json\/wp\/v2\/pages\/22"}],"wp:attachment":[{"href":"https:\/\/blog.zhdk.ch\/kidb\/wp-json\/wp\/v2\/media?parent=30"}],"curies":[{"name":"wp","href":"https:\/\/api.w.org\/{rel}","templated":true}]}}

<p><a href="https://blog.zhdk.ch/kidb/files/2015/05/Nur-Bild.jpg"><img loading="lazy" decoding="async" class="alignnone  wp-image-98" src="https://blog.zhdk.ch/kidb/files/2015/05/Nur-Bild-300x210.jpg" alt="Nur Bild" width="321" height="225" srcset="https://blog.zhdk.ch/kidb/files/2015/05/Nur-Bild-300x210.jpg 300w, https://blog.zhdk.ch/kidb/files/2015/05/Nur-Bild.jpg 587w" sizes="auto, (max-width: 321px) 100vw, 321px" /></a></p>
<p>Die Tagung 2011 beschäftigte sich mit der Universalität und der Spezifität künstlerischer Bildung in den verschiedenen Sparten. Die Thematik stiess bei Fachdidaktikerinnen, Lehrpersonen sowie angehenden Vermittlern aus verschiedenen künstlerischen Bereichen auf reges Interesse.</p>
<p>Die Referate und Diskussionen drehten sich um eine Reihe von Fragen, die auch über die Tagung hinaus von Interesse sind: Erfordern künstlerische Bildungsinhalte spezifische didaktische Mittel? Welche Rolle spielt die gestalterische Expertise der Lehrenden? Existieren Methoden und Didaktiken, die für alle Sparten der Künste gelten?</p>
<p><a href="https://blog.zhdk.ch/kidb/files/2015/08/Programm-Die-Kuenste-in-der-Bildung-2011.pdf">Programmübersicht 2011</a></p>
<p><strong>Download </strong><a href="https://blog.zhdk.ch/kidb/files/2015/05/Beitrag-Werkspuren.pdf"><strong>Artikel </strong>&#8222;Künste in der Bildung&#8220;</a><br />
von Daniela Dändliker, publiziert in <a href="http://www.werken.ch/?wsp=1">Werkspuren</a> 4/2011</p>
<p>&nbsp;</p>
<p><strong>Download Tagungsinhalte:</strong></p>
<p>Tagungseröffnung und Begrüssung durch <strong><a href="https://blog.zhdk.ch/kidb/files/2015/05/1-Eidenbenz.pdf">Michael Eidenbenz</a>, </strong>Direktor Departement Musik, ZHdK</p>
<p>Tagungseröffnung und Begrüssung durch <strong><a href="https://blog.zhdk.ch/kidb/files/2015/05/2-Weckerle.pdf">Christoph Weckerle</a>, </strong>Direktor Departement Kulturanalysen und Vermittlung, ZHdK</p>
<p>Einführung von <strong><a href="https://blog.zhdk.ch/kidb/files/2015/05/3-Truniger_Danuser.pdf">Elisabeth Danuser und Peter Truniger</a></strong>, Verantwortliche Tagung, ZHdK</p>
<p>Referat von <strong><a href="https://blog.zhdk.ch/kidb/files/2015/05/4-Guldimann.pdf">Titus Guldimann</a> </strong>Prorektor Forschung, Entwicklung, Beratung der PHSG: <em>Allgemeindidaktische Implikationen für die künstlerische Fachdidaktik – Ein Einblick in die aktuelle Diskussion</em></p>
<p>Referat von <strong><a href="https://blog.zhdk.ch/kidb/files/2015/05/5-Hug.pdf">Charlotte Hug</a>, </strong>Musikerin, Komponistin, Medienkünstlerin, Zeichnerin: <em>Dreiecksbeziehung Kunst – Studium – Pädagogik</em></p>
<p>Referat von <strong><a href="https://blog.zhdk.ch/kidb/files/2015/05/6-Wehr.pdf">Marco Wehr</a>, </strong>Hrsg. und Autor von «Die Hand: Werkzeug des Geistes» und «Welche Farbe hat die Zeit?«, Tänzer, Physiker und Philosoph: <em>Von der Kunst ein Künstler zu sein. Was wir von kreativen Köpfen lernen können.</em></p>
<p>Referat von <strong><a href="https://blog.zhdk.ch/kidb/files/2015/05/7-Sack.pdf">Mira Sack</a></strong>, Leiterin Bachelor Theater, ZHdK: <em>Didaktische Aktionsradien. Reflexionswege für die Theaterpädagogik und darüber hinaus</em></p>
<p>Referat von <strong><a href="https://blog.zhdk.ch/kidb/files/2015/05/8-Truniger.pdf">Peter Truniger</a></strong>, Leiter Bachelor Vermittlung von Kunst und Design, ZHdK: <em>Das Mentorat – ein Balanceakt zwischen Zurückhaltung und Intervention</em></p>

<p>Die Tagung 2011 beschäftigte sich mit der Universalität und der Spezifität künstlerischer Bildung in den verschiedenen Sparten. Die Thematik stiess bei Fachdidaktikerinnen, Lehrpersonen sowie angehenden Vermittlern aus verschiedenen künstlerischen Bereichen auf reges Interesse. Die Referate und Diskussionen drehten sich um eine Reihe von Fragen, die auch über die Tagung hinaus von Interesse sind: Erfordern künstlerische [&hellip;]</p>
