{"id":4,"date":"2015-05-20T09:09:13","date_gmt":"2015-05-20T07:09:13","guid":{"rendered":"https:\/\/blog.zhdk.ch\/kidb\/?page_id=2"},"modified":"2019-12-10T15:54:35","modified_gmt":"2019-12-10T14:54:35","slug":"beispiel-seite","status":"publish","type":"page","link":"https:\/\/blog.zhdk.ch\/kidb\/","title":{"rendered":"Aktuell"},"content":{"rendered":"\n<figure class=\"wp-block-embed-vimeo wp-block-embed is-type-video is-provider-vimeo wp-embed-aspect-16-9 wp-has-aspect-ratio\"><div class=\"wp-block-embed__wrapper\">\n<iframe loading=\"lazy\" title=\"KUNST - MACHT - BILDUNG Interview Teil 1\" src=\"https:\/\/player.vimeo.com\/video\/377099167?dnt=1&amp;app_id=122963\" width=\"500\" height=\"281\" frameborder=\"0\" allow=\"autoplay; fullscreen; picture-in-picture; clipboard-write; encrypted-media; web-share\" referrerpolicy=\"strict-origin-when-cross-origin\"><\/iframe>\n<\/div><\/figure>\n\n\n\n<p>Unter dem Titel KUNST &#8211; MACHT &#8211; BILDUNG stand die Frage nach k\u00fcnstlerischer Bildung im Spannungsfeld von Freiheit, Prekariat und institutionellen Outcomes im Zentrum der <a href=\"https:\/\/blog.zhdk.ch\/kidb\/archive\/tagung-2019\/\">Tagung 2019<\/a>. <\/p>\n\n\n\n<p>Dabei interessierten pers\u00f6nliche k\u00fcnstlerische Bildungswege ebenso wie das konkrete Befragen institutioneller Outcomes, welche die k\u00fcnstlerische Bildung und die Kunst beeinflussen. <\/p>\n\n\n\n<figure class=\"wp-block-embed-vimeo wp-block-embed is-type-video is-provider-vimeo wp-embed-aspect-16-9 wp-has-aspect-ratio\"><div class=\"wp-block-embed__wrapper\">\n<iframe loading=\"lazy\" title=\"KUNST - MACHT - BILDUNG Interview Teil 2\" src=\"https:\/\/player.vimeo.com\/video\/377099265?dnt=1&amp;app_id=122963\" width=\"500\" height=\"281\" frameborder=\"0\" allow=\"autoplay; fullscreen; picture-in-picture; clipboard-write; encrypted-media; web-share\" referrerpolicy=\"strict-origin-when-cross-origin\"><\/iframe>\n<\/div><\/figure>\n\n\n\n<hr class=\"wp-block-separator\" \/>\n\n\n\n<p><strong>Die K\u00fcnste in der Bildung<\/strong>: Eine Veranstaltung der Lehre, Forschung und Weiterbildung aus den Bereichen Art Education, Musik- und Theaterp\u00e4dagogik<\/p>\n\n\n\n<ul class=\"wp-block-list\"><li>Sabine Dani (Departement Musik)<\/li><li>Simone Erasmi (Departement Musik)<\/li><li>Ruth Frischknecht (Departement Musik)<\/li><li>Liliana Heimberg (Departement Darstellende K\u00fcnste und Film)<\/li><li>Edith Stocker (Departement Musik)<\/li><li>Judith Tonner (Departement Kulturanalysen und Vermittlung)<\/li><li>Peter Truniger (Departement Kulturanalysen und Vermittlung)<\/li><li>Judit Villiger (Departement Kulturanalysen und Vermittlung)<\/li><\/ul>\n","protected":false},"excerpt":{"rendered":"<p>Unter dem Titel KUNST &#8211; MACHT &#8211; BILDUNG stand die Frage nach k\u00fcnstlerischer Bildung im Spannungsfeld von Freiheit, Prekariat und institutionellen Outcomes im Zentrum der Tagung 2019. Dabei interessierten pers\u00f6nliche k\u00fcnstlerische Bildungswege ebenso wie das konkrete Befragen institutioneller Outcomes, welche die k\u00fcnstlerische Bildung und die Kunst beeinflussen. Die K\u00fcnste in der Bildung: Eine Veranstaltung der [&hellip;]<\/p>\n","protected":false},"author":223,"featured_media":1120,"parent":0,"menu_order":0,"comment_status":"closed","ping_status":"closed","template":"","meta":{"footnotes":""},"class_list":["post-4","page","type-page","status-publish","has-post-thumbnail","hentry"],"_links":{"self":[{"href":"https:\/\/blog.zhdk.ch\/kidb\/wp-json\/wp\/v2\/pages\/4","targetHints":{"allow":["GET"]}}],"collection":[{"href":"https:\/\/blog.zhdk.ch\/kidb\/wp-json\/wp\/v2\/pages"}],"about":[{"href":"https:\/\/blog.zhdk.ch\/kidb\/wp-json\/wp\/v2\/types\/page"}],"author":[{"embeddable":true,"href":"https:\/\/blog.zhdk.ch\/kidb\/wp-json\/wp\/v2\/users\/223"}],"replies":[{"embeddable":true,"href":"https:\/\/blog.zhdk.ch\/kidb\/wp-json\/wp\/v2\/comments?post=4"}],"version-history":[{"count":124,"href":"https:\/\/blog.zhdk.ch\/kidb\/wp-json\/wp\/v2\/pages\/4\/revisions"}],"predecessor-version":[{"id":1356,"href":"https:\/\/blog.zhdk.ch\/kidb\/wp-json\/wp\/v2\/pages\/4\/revisions\/1356"}],"wp:featuredmedia":[{"embeddable":true,"href":"https:\/\/blog.zhdk.ch\/kidb\/wp-json\/wp\/v2\/media\/1120"}],"wp:attachment":[{"href":"https:\/\/blog.zhdk.ch\/kidb\/wp-json\/wp\/v2\/media?parent=4"}],"curies":[{"name":"wp","href":"https:\/\/api.w.org\/{rel}","templated":true}]}}