{"id":1787,"date":"2012-04-23T23:48:01","date_gmt":"2012-04-23T22:48:01","guid":{"rendered":"https:\/\/blog.zhdk.ch\/kunstvermittlung\/?page_id=1787"},"modified":"2013-03-03T18:33:11","modified_gmt":"2013-03-03T17:33:11","slug":"wir-sammler","status":"publish","type":"page","link":"https:\/\/blog.zhdk.ch\/kunstvermittlung\/vergangene-projekte-kunstvermittlung\/schwyzweit-2012\/wir-sammler\/","title":{"rendered":"Wir Sammler"},"content":{"rendered":"<p><strong><\/strong>Serge \u00a0Germann<br \/>\nStudent ZHdK<br \/>\n<\/em><br \/>\n<\/em><br \/>\nEin zentrales Thema der Ausstellung <em><a href=\"http:\/\/kunstsammlungschwyz.ch\/\">Schwyzweit<\/a><\/em> ist das Sammeln von Kunst. Einer Sammlung liegt der sie konstituierende Auswahlprozess zugrunde, der nach bewusst oder intuitiv gew\u00e4hlten Kriterien erfolgt und davon abh\u00e4ngig eine bestimmte Ausstrahlung der Sammlung generiert. Auch k\u00f6nnen Sammlungen \u00fcber ihre Pr\u00e4sentation identit\u00e4tsstiftend wirken.<\/p>\n<p>Das Vermittlungsprojekt <em>Wir Sammler<\/em> nimmt diese Aspekte auf, indem es in privaten R\u00e4umlichkeiten dokumentierte Sammlungs-\u00adSituationen mit der Ausstellung in Beziehung setzt. Die Erweiterung der \u00f6ffentlich-\u00adinstitutionalisierten Sammlung mit einer Art Bestandesaufnahme der unterschiedlichsten &#8211; im Kanton Schwyz existierenden &#8211; privaten Positionen er\u00f6ffnet einen Diskussionsraum f\u00fcr wichtige Fragen, wie: Was ist eigentlich Kunst? Welche Kunst wird gesammelt? Wer sammelt sie? Wo ist die Kunst pr\u00e4sent? Und: Zu welchem Zweck? Als Medium, um die genannten Inhalte sichtbar zu machen und sie angehen zu k\u00f6nnen, benutze ich die Fotografie. Innerhalb der Zeitspanne der zwei Ausstellungen werde ich als k\u00fcnstlerisches Projekt verschiedene Menschen aus dem Kanton Schwyz zuhause mit ihren privaten \u00a0Kunstwerken oder gar -sammlungen portr\u00e4tieren. Damit m\u00f6chte ich Impulse schaffen f\u00fcr grundlegende Auseinandersetzungen mit der Kunst und ihrer Sammlung, speziell nat\u00fcrlich mit der Sammlung und Ausstellung <em>Schwyzweit<\/em>.<\/p>\n<p>&nbsp;<\/p>\n<p><a href=\"https:\/\/blog.zhdk.ch\/kunstvermittlung\/files\/2012\/04\/120501_wir-sammler_alfred-gubler.jpg\" rel=\"lightbox[1787]\"><img loading=\"lazy\" decoding=\"async\" class=\"alignleft size-medium wp-image-2031\" src=\"https:\/\/blog.zhdk.ch\/kunstvermittlung\/files\/2012\/04\/120501_wir-sammler_alfred-gubler-199x300.jpg\" alt=\"\" width=\"199\" height=\"300\" srcset=\"https:\/\/blog.zhdk.ch\/kunstvermittlung\/files\/2012\/04\/120501_wir-sammler_alfred-gubler-199x300.jpg 199w, https:\/\/blog.zhdk.ch\/kunstvermittlung\/files\/2012\/04\/120501_wir-sammler_alfred-gubler-680x1024.jpg 680w, https:\/\/blog.zhdk.ch\/kunstvermittlung\/files\/2012\/04\/120501_wir-sammler_alfred-gubler.jpg 1882w\" sizes=\"auto, (max-width: 199px) 100vw, 199px\" \/><\/a><a href=\"https:\/\/blog.zhdk.ch\/kunstvermittlung\/files\/2012\/04\/120503_wir-sammler_alfons-buergler_b.jpg\" rel=\"lightbox[1787]\"><img loading=\"lazy\" decoding=\"async\" class=\"alignleft size-medium wp-image-2189\" src=\"https:\/\/blog.zhdk.ch\/kunstvermittlung\/files\/2012\/04\/120503_wir-sammler_alfons-buergler_b-199x300.jpg\" alt=\"\" width=\"199\" height=\"300\" srcset=\"https:\/\/blog.zhdk.ch\/kunstvermittlung\/files\/2012\/04\/120503_wir-sammler_alfons-buergler_b-199x300.jpg 199w, https:\/\/blog.zhdk.ch\/kunstvermittlung\/files\/2012\/04\/120503_wir-sammler_alfons-buergler_b-680x1024.jpg 680w, https:\/\/blog.zhdk.ch\/kunstvermittlung\/files\/2012\/04\/120503_wir-sammler_alfons-buergler_b.jpg 1230w\" sizes=\"auto, (max-width: 199px) 100vw, 199px\" \/><\/a><br \/>\n<a href=\"https:\/\/blog.zhdk.ch\/kunstvermittlung\/files\/2012\/04\/120511_wir-sammler_imligs_b.jpg\" rel=\"lightbox[1787]\"><img loading=\"lazy\" decoding=\"async\" class=\"alignleft size-medium wp-image-2177\" src=\"https:\/\/blog.zhdk.ch\/kunstvermittlung\/files\/2012\/04\/120511_wir-sammler_imligs_b-199x300.jpg\" alt=\"\" width=\"199\" height=\"300\" srcset=\"https:\/\/blog.zhdk.ch\/kunstvermittlung\/files\/2012\/04\/120511_wir-sammler_imligs_b-199x300.jpg 199w, https:\/\/blog.zhdk.ch\/kunstvermittlung\/files\/2012\/04\/120511_wir-sammler_imligs_b-680x1024.jpg 680w, https:\/\/blog.zhdk.ch\/kunstvermittlung\/files\/2012\/04\/120511_wir-sammler_imligs_b.jpg 1230w\" sizes=\"auto, (max-width: 199px) 100vw, 199px\" \/><\/a><a href=\"https:\/\/blog.zhdk.ch\/kunstvermittlung\/files\/2012\/04\/120511_wir-sammler_paul-bruhin_b.jpg\" rel=\"lightbox[1787]\"><img loading=\"lazy\" decoding=\"async\" class=\"alignleft size-medium wp-image-2179\" src=\"https:\/\/blog.zhdk.ch\/kunstvermittlung\/files\/2012\/04\/120511_wir-sammler_paul-bruhin_b-198x300.jpg\" alt=\"\" width=\"198\" height=\"300\" srcset=\"https:\/\/blog.zhdk.ch\/kunstvermittlung\/files\/2012\/04\/120511_wir-sammler_paul-bruhin_b-198x300.jpg 198w, https:\/\/blog.zhdk.ch\/kunstvermittlung\/files\/2012\/04\/120511_wir-sammler_paul-bruhin_b-678x1024.jpg 678w, https:\/\/blog.zhdk.ch\/kunstvermittlung\/files\/2012\/04\/120511_wir-sammler_paul-bruhin_b.jpg 1882w\" sizes=\"auto, (max-width: 198px) 100vw, 198px\" \/><\/a><a href=\"https:\/\/blog.zhdk.ch\/kunstvermittlung\/files\/2012\/04\/120518_wir-sammler_stefan-tobler.jpg\" rel=\"lightbox[1787]\"><img loading=\"lazy\" decoding=\"async\" src=\"https:\/\/blog.zhdk.ch\/kunstvermittlung\/files\/2012\/04\/120518_wir-sammler_stefan-tobler-199x300.jpg\" alt=\"\" width=\"199\" height=\"300\" class=\"alignleft size-medium wp-image-2235\" srcset=\"https:\/\/blog.zhdk.ch\/kunstvermittlung\/files\/2012\/04\/120518_wir-sammler_stefan-tobler-199x300.jpg 199w, https:\/\/blog.zhdk.ch\/kunstvermittlung\/files\/2012\/04\/120518_wir-sammler_stefan-tobler-680x1024.jpg 680w, https:\/\/blog.zhdk.ch\/kunstvermittlung\/files\/2012\/04\/120518_wir-sammler_stefan-tobler.jpg 1882w\" sizes=\"auto, (max-width: 199px) 100vw, 199px\" \/><\/a><\/p>\n<p>&nbsp;<br \/>\n<\/em><br \/>\n<\/em><br \/>\n<\/em><br \/>\n<strong>Notiert:<\/strong><\/p>\n<p>\u00abKunst sollte vielmehr in den Alltag eingebunden sein\u00bb<\/p>\n<p>\u00abes ist wichtig einen Bezug zum Kunstwerk zu haben\u00bb<\/p>\n<p>\u00abich habe gerne Informationen zu einem Kunstwerk,<br \/>\nbeispielsweise durch F\u00fchrungen\u00bb<\/p>\n<p>\u00abmit dem Sammeln von Kunst habe ich eigentlich durch Zufall begonnen\u00bb<\/p>\n<p>\u00abKunst muss nicht immer einen tieferen Sinn haben,<br \/>\nsie kann auch einfach sch\u00f6n sein\u00bb<\/p>\n<p>\u00abjedes Sammlungsst\u00fcck hat eine eigene Geschichte\u00bb<\/p>\n<p>\u00abum zeitgen\u00f6ssische Kunst zu verstehen, bin ich schon zu alt\u00bb<\/p>\n<p>\u00abwill man ein Kunstwerk behalten, muss man es verstecken,<br \/>\nansonsten wird alles weggekauft\u00bb<\/p>\n<p>\u00abvor dem ersten gekauften Werk bin ich eine halbe Stunde<br \/>\ngestanden \u2013 es hat mich fasziniert\u00bb<\/p>\n<p>\u00abregelm\u00e4ssig gehe ich im Atelier des K\u00fcnstlers vorbei<br \/>\nund schaue mir seine neuen Werke an\u00bb<br \/>\n<\/em><br \/>\n<\/em><br \/>\n<em>Die Aussagen wurden nach den Gespr\u00e4chen schriftlich festgehalten.<br \/>\nAbweichungen von den Originalaussagen sind daher nicht ausgeschlossen.<\/em><br \/>\n<\/em><br \/>\n<\/em><br \/>\n<\/em><br \/>\n<\/em><\/p>\n","protected":false},"excerpt":{"rendered":"<p>Serge \u00a0Germann Student ZHdK Ein zentrales Thema der Ausstellung Schwyzweit ist das Sammeln von Kunst. Einer Sammlung liegt der sie konstituierende Auswahlprozess zugrunde, der nach bewusst oder intuitiv gew\u00e4hlten Kriterien erfolgt und davon abh\u00e4ngig eine bestimmte Ausstrahlung der Sammlung generiert. Auch k\u00f6nnen Sammlungen \u00fcber ihre Pr\u00e4sentation identit\u00e4tsstiftend wirken. Das Vermittlungsprojekt Wir Sammler nimmt diese Aspekte [&hellip;]<\/p>\n","protected":false},"author":342,"featured_media":0,"parent":1673,"menu_order":1,"comment_status":"closed","ping_status":"closed","template":"","meta":{"footnotes":""},"class_list":["post-1787","page","type-page","status-publish","czr-hentry"],"_links":{"self":[{"href":"https:\/\/blog.zhdk.ch\/kunstvermittlung\/wp-json\/wp\/v2\/pages\/1787","targetHints":{"allow":["GET"]}}],"collection":[{"href":"https:\/\/blog.zhdk.ch\/kunstvermittlung\/wp-json\/wp\/v2\/pages"}],"about":[{"href":"https:\/\/blog.zhdk.ch\/kunstvermittlung\/wp-json\/wp\/v2\/types\/page"}],"author":[{"embeddable":true,"href":"https:\/\/blog.zhdk.ch\/kunstvermittlung\/wp-json\/wp\/v2\/users\/342"}],"replies":[{"embeddable":true,"href":"https:\/\/blog.zhdk.ch\/kunstvermittlung\/wp-json\/wp\/v2\/comments?post=1787"}],"version-history":[{"count":42,"href":"https:\/\/blog.zhdk.ch\/kunstvermittlung\/wp-json\/wp\/v2\/pages\/1787\/revisions"}],"predecessor-version":[{"id":2283,"href":"https:\/\/blog.zhdk.ch\/kunstvermittlung\/wp-json\/wp\/v2\/pages\/1787\/revisions\/2283"}],"up":[{"embeddable":true,"href":"https:\/\/blog.zhdk.ch\/kunstvermittlung\/wp-json\/wp\/v2\/pages\/1673"}],"wp:attachment":[{"href":"https:\/\/blog.zhdk.ch\/kunstvermittlung\/wp-json\/wp\/v2\/media?parent=1787"}],"curies":[{"name":"wp","href":"https:\/\/api.w.org\/{rel}","templated":true}]}}