{"id":1837,"date":"2012-04-23T23:47:14","date_gmt":"2012-04-23T22:47:14","guid":{"rendered":"https:\/\/blog.zhdk.ch\/kunstvermittlung\/?page_id=1837"},"modified":"2013-03-03T18:35:57","modified_gmt":"2013-03-03T17:35:57","slug":"museale-kultur-auch-fur-menschen-mit-handicap","status":"publish","type":"page","link":"https:\/\/blog.zhdk.ch\/kunstvermittlung\/vergangene-projekte-kunstvermittlung\/schwyzweit-2012\/museale-kultur-auch-fur-menschen-mit-handicap\/","title":{"rendered":"Museale Kultur &#8211; f\u00fcr Menschen mit Handicap"},"content":{"rendered":"<p>Caroline Br\u00fchlmann<br \/>\nStudentin ZHdK<br \/>\n<\/em><br \/>\n<\/em><br \/>\nViele Vermittlungsangebote sind darauf ausgerichtet, spezielle Interessengruppen anzusprechen oder neue Zielgruppen zu erschliessen.<\/p>\n<p>Das \u00dcberdenken von Vermittlung f\u00e4ngt f\u00fcr mich aber bereits dort an, wo Ausschl\u00fcsse stattfinden, weil der Alltag f\u00fcr bestimmte Zielgruppen Barrieren bereith\u00e4lt. Hier setzt das von mir f\u00fcr <em><a href=\"http:\/\/kunstsammlungschwyz.ch\/\">Schwyzweit<\/a><\/em> entwickelte Vermittlungsangebot an. Dabei ist eines meiner Hauptanliegen, meine Zielgruppe, Menschen mit einer kognitiven Beeintr\u00e4chtigung, nach ihren Bed\u00fcrfnissen zu befragen, ihren Blickwinkel einzunehmen und ihren Anliegen gegen aussen eine Sprache zu geben.<\/p>\n<p>Daf\u00fcr wird mit meiner Unterst\u00fctzung tempor\u00e4r ein Expertenteam aus Menschen mit besonderen Bed\u00fcrfnissen zusammengesetzt, das sich mit bestehenden musealen Institutionsformen im und um den Kanton Schwyz besch\u00e4ftigt. Dabei sollen verschiedene Museen und Ausstellungen sowie ihre vermittlerischen Angebote inspiziert und untersucht werden. Ziel ist es, auf Hindernisse, auf die Menschen mit einem Handicap tagt\u00e4glich stossen, wie zum Beispiel schwierige Anfahrtswege, nicht vorhandene Treppenlifte, aber auch fehlende Einladungen oder eine zu schwierige Sprachwahl, in Brosch\u00fcren aufmerksam zu machen. Sind erste Erfahrungen im Expertenteam gemacht, soll das Augenmerk auf die Ausstellung <em>Schwyzweit<\/em> gerichtet und diese unter demselben Aspekt betrachtet werden. Die Erfahrungen werden der \u00d6ffentlichkeit an der Ausstellung <em>Schwyzweit<\/em>, wie auch im Internet in Form einer Homepage zur Verf\u00fcgung gestellt.<\/p>\n<p>Die inhaltliche Auseinandersetzung mit Vermittlungsangeboten im musealen Bereich soll exemplarisch f\u00fcr verschiedene Lebensbereiche stehen, von denen Menschen mit kognitiver Beeintr\u00e4chtigung meist automatisch ausgeschlossen sind. Das Projekt strebt als Teil einer gr\u00f6sseren Auseinandersetzung eine langfristig nachhaltige strukturelle Ver\u00e4nderung im Bereich der Partizipation an und soll dazu beitragen, durch Sensibilisierung ein grunds\u00e4tzliches Umdenken in Gang zu bringen. Die Sichtbarmachung kann dazu beitragen, durch neue Sichtweisen unbekannte Formen des Zusammentreffens zu erschliessen, die zu einer gr\u00f6sseren Teilhabe von Menschen mit Handicap an der Gesellschaft f\u00fchren und auch Nichtbehinderten neue Begegnungen erschliessen.<\/p>\n<p>Mit meiner Unterst\u00fctzung macht sich ein <strong>Expertenteam<\/strong> aus Menschen mit besonderen Bed\u00fcrfnissen auf die Suche nach barrierefreien Zug\u00e4ngen in Museen im Kanton Schwyz.<\/p>\n<p><a href=\"https:\/\/blog.zhdk.ch\/kunstvermittlung\/files\/2012\/04\/20120427_assistenztage_13a.jpg\" rel=\"lightbox[1837]\"><img loading=\"lazy\" decoding=\"async\" class=\"alignleft size-medium wp-image-2073\" src=\"https:\/\/blog.zhdk.ch\/kunstvermittlung\/files\/2012\/04\/20120427_assistenztage_13a-300x199.jpg\" alt=\"\" width=\"300\" height=\"199\" srcset=\"https:\/\/blog.zhdk.ch\/kunstvermittlung\/files\/2012\/04\/20120427_assistenztage_13a-300x199.jpg 300w, https:\/\/blog.zhdk.ch\/kunstvermittlung\/files\/2012\/04\/20120427_assistenztage_13a.jpg 820w\" sizes=\"auto, (max-width: 300px) 100vw, 300px\" \/><\/a><a href=\"https:\/\/blog.zhdk.ch\/kunstvermittlung\/files\/2012\/04\/20120429_christina_oberlin-und-caro_64a.jpg\" rel=\"lightbox[1837]\"><img loading=\"lazy\" decoding=\"async\" class=\"alignleft size-medium wp-image-2075\" src=\"https:\/\/blog.zhdk.ch\/kunstvermittlung\/files\/2012\/04\/20120429_christina_oberlin-und-caro_64a-300x199.jpg\" alt=\"\" width=\"300\" height=\"199\" srcset=\"https:\/\/blog.zhdk.ch\/kunstvermittlung\/files\/2012\/04\/20120429_christina_oberlin-und-caro_64a-300x199.jpg 300w, https:\/\/blog.zhdk.ch\/kunstvermittlung\/files\/2012\/04\/20120429_christina_oberlin-und-caro_64a.jpg 820w\" sizes=\"auto, (max-width: 300px) 100vw, 300px\" \/><\/a><strong><\/strong> <\/p>\n<p>An den Ausstellungen Schwyzweit biete ich <strong>Assistenztage<\/strong> f\u00fcr Menschen mit Handicap an.<br \/>\nZiel ist es, den Ausstellungsbesuch in Form einer Dienstleistung zug\u00e4nglicher zu gestalten. Durch dieses Angebot soll es Menschen mit einer Beeintr\u00e4chtigung erm\u00f6glicht werden, die Ausstellungen ohne Begleitperson zu besuchen.<br \/>\n<\/em><br \/>\n<\/em><br \/>\n<\/em><br \/>\n<\/em><\/p>\n","protected":false},"excerpt":{"rendered":"<p>Caroline Br\u00fchlmann Studentin ZHdK Viele Vermittlungsangebote sind darauf ausgerichtet, spezielle Interessengruppen anzusprechen oder neue Zielgruppen zu erschliessen. Das \u00dcberdenken von Vermittlung f\u00e4ngt f\u00fcr mich aber bereits dort an, wo Ausschl\u00fcsse stattfinden, weil der Alltag f\u00fcr bestimmte Zielgruppen Barrieren bereith\u00e4lt. Hier setzt das von mir f\u00fcr Schwyzweit entwickelte Vermittlungsangebot an. Dabei ist eines meiner Hauptanliegen, meine [&hellip;]<\/p>\n","protected":false},"author":342,"featured_media":0,"parent":1673,"menu_order":3,"comment_status":"closed","ping_status":"closed","template":"","meta":{"footnotes":""},"class_list":["post-1837","page","type-page","status-publish","czr-hentry"],"_links":{"self":[{"href":"https:\/\/blog.zhdk.ch\/kunstvermittlung\/wp-json\/wp\/v2\/pages\/1837","targetHints":{"allow":["GET"]}}],"collection":[{"href":"https:\/\/blog.zhdk.ch\/kunstvermittlung\/wp-json\/wp\/v2\/pages"}],"about":[{"href":"https:\/\/blog.zhdk.ch\/kunstvermittlung\/wp-json\/wp\/v2\/types\/page"}],"author":[{"embeddable":true,"href":"https:\/\/blog.zhdk.ch\/kunstvermittlung\/wp-json\/wp\/v2\/users\/342"}],"replies":[{"embeddable":true,"href":"https:\/\/blog.zhdk.ch\/kunstvermittlung\/wp-json\/wp\/v2\/comments?post=1837"}],"version-history":[{"count":31,"href":"https:\/\/blog.zhdk.ch\/kunstvermittlung\/wp-json\/wp\/v2\/pages\/1837\/revisions"}],"predecessor-version":[{"id":2293,"href":"https:\/\/blog.zhdk.ch\/kunstvermittlung\/wp-json\/wp\/v2\/pages\/1837\/revisions\/2293"}],"up":[{"embeddable":true,"href":"https:\/\/blog.zhdk.ch\/kunstvermittlung\/wp-json\/wp\/v2\/pages\/1673"}],"wp:attachment":[{"href":"https:\/\/blog.zhdk.ch\/kunstvermittlung\/wp-json\/wp\/v2\/media?parent=1837"}],"curies":[{"name":"wp","href":"https:\/\/api.w.org\/{rel}","templated":true}]}}