{"id":1865,"date":"2012-04-23T23:47:34","date_gmt":"2012-04-23T22:47:34","guid":{"rendered":"https:\/\/blog.zhdk.ch\/kunstvermittlung\/?page_id=1865"},"modified":"2013-03-03T18:35:47","modified_gmt":"2013-03-03T17:35:47","slug":"was-ubrig-bleibt","status":"publish","type":"page","link":"https:\/\/blog.zhdk.ch\/kunstvermittlung\/vergangene-projekte-kunstvermittlung\/schwyzweit-2012\/was-ubrig-bleibt\/","title":{"rendered":"Was \u00fcbrig bleibt"},"content":{"rendered":"<p>Martin Gubser<br \/>\nStudent ZHdK<br \/>\n<\/em><br \/>\n<\/em><br \/>\nIm Zeughaus Seewen-Schwyz und im ehemaligen EW-Geb\u00e4ude Lachen finden viele Werke der kantonalen Kunstsammlung f\u00fcr einige Zeit einen neuen Platz, um einer breiten \u00d6ffentlichkeit pr\u00e4sentiert werden zu k\u00f6nnen. Dadurch hinterlassen sie in den jeweiligen R\u00e4umen der Amtsgeb\u00e4ude, wo sie sonst placiert sind, L\u00fccken. Vielleicht ist man froh, dass man vom Anblick des Bildes vor seiner B\u00fcrot\u00fcr f\u00fcr einige Zeit befreit ist, oder, ganz im Gegenteil, w\u00fcnscht es sich so schnell wie m\u00f6glich zur\u00fcck. Bei einigen Leerstellen wiederum kann man beim besten Willen nicht rekonstruieren, was die momentan klaffende L\u00fccke vorher f\u00fcllte, weil man t\u00e4glich achtlos daran vorbei ging.<\/p>\n<p>Wahrscheinlich ist, dass man sich erst durch die vor\u00fcbergehende Abwesenheit dieser nicht selbst ausgew\u00e4hlten t\u00e4glichen Begleiter derer umfangreicher Pr\u00e4senz bewusst wird. Die Abwesenheit der Bilder ver\u00e4ndert die Wahrnehmung der R\u00e4ume. Dieser Ver\u00e4nderung soll auf den Grund gegangen werden. Wie verm\u00f6gen die nun abwesenden Bilder die R\u00e4ume, den Alltag und somit die sich darin aufhaltenden Menschen zu beeinflussen? Vermag dieser Umstand die Mensche zu bewegen? Welche Reaktionen k\u00f6nnen daraus resultieren?<br \/>\n<\/em><br \/>\n<a href=\"https:\/\/blog.zhdk.ch\/kunstvermittlung\/files\/2012\/04\/CIMG8098a.jpg\" rel=\"lightbox[1865]\"><img loading=\"lazy\" decoding=\"async\" src=\"https:\/\/blog.zhdk.ch\/kunstvermittlung\/files\/2012\/04\/CIMG8098a-300x225.jpg\" alt=\"\" width=\"300\" height=\"225\" class=\"alignleft size-medium wp-image-2125\" srcset=\"https:\/\/blog.zhdk.ch\/kunstvermittlung\/files\/2012\/04\/CIMG8098a-300x225.jpg 300w, https:\/\/blog.zhdk.ch\/kunstvermittlung\/files\/2012\/04\/CIMG8098a.jpg 820w\" sizes=\"auto, (max-width: 300px) 100vw, 300px\" \/><\/a><br \/>\n<\/em><br \/>\nSolchen Fragen wird anhand verschiedener Interventionen auf den Grund gegangen. Passierende Menschen werden in den Geb\u00e4uden zum Nachdenken \u00fcber ihre eigene Haltung animiert, indem sie mit konkreten Fragen oder Aussagen konfrontiert werden. M\u00f6gliche Reaktionen werden dann, teils durch die Reagierenden selbst, veranschaulicht und somit weiteren Passanten zug\u00e4nglich gemacht.<br \/>\n<\/em><br \/>\n<a href=\"https:\/\/blog.zhdk.ch\/kunstvermittlung\/files\/2012\/04\/CIMG8063a.jpg\" rel=\"lightbox[1865]\"><img loading=\"lazy\" decoding=\"async\" src=\"https:\/\/blog.zhdk.ch\/kunstvermittlung\/files\/2012\/04\/CIMG8063a-300x225.jpg\" alt=\"\" width=\"300\" height=\"225\" class=\"alignleft size-medium wp-image-2105\" srcset=\"https:\/\/blog.zhdk.ch\/kunstvermittlung\/files\/2012\/04\/CIMG8063a-300x225.jpg 300w, https:\/\/blog.zhdk.ch\/kunstvermittlung\/files\/2012\/04\/CIMG8063a.jpg 820w\" sizes=\"auto, (max-width: 300px) 100vw, 300px\" \/><\/a><a href=\"https:\/\/blog.zhdk.ch\/kunstvermittlung\/files\/2012\/04\/CIMG8055a.jpg\" rel=\"lightbox[1865]\"><img loading=\"lazy\" decoding=\"async\" src=\"https:\/\/blog.zhdk.ch\/kunstvermittlung\/files\/2012\/04\/CIMG8055a-300x225.jpg\" alt=\"\" width=\"300\" height=\"225\" class=\"alignleft size-medium wp-image-2103\" srcset=\"https:\/\/blog.zhdk.ch\/kunstvermittlung\/files\/2012\/04\/CIMG8055a-300x225.jpg 300w, https:\/\/blog.zhdk.ch\/kunstvermittlung\/files\/2012\/04\/CIMG8055a.jpg 820w\" sizes=\"auto, (max-width: 300px) 100vw, 300px\" \/><\/a><br \/>\n<\/em><br \/>\n<\/em><br \/>\n<strong>Zitate aus den Interviews:<\/strong><\/p>\n<p>\u00abIst etwas Kunst, wenn es von einem K\u00fcnstler gemacht ist?\u00bb<\/p>\n<p>\u00abKunst beschreiben kann ich eigentlich gar nicht.\u00bb<br \/>\n<\/em><br \/>\n\u00abKunst ist etwas, das mir gef\u00e4llt.\u00bb<\/p>\n<p>\u00abEin Picasso der mir nicht gef\u00e4llt, ist f\u00fcr mich keine Kunst,<br \/>\nist f\u00fcr mich ein wertloses St\u00fcck Papier.\u00bb<br \/>\n<\/em><br \/>\n<\/em><br \/>\n<a href=\"https:\/\/blog.zhdk.ch\/kunstvermittlung\/files\/2012\/04\/Interv_2a.jpg\" rel=\"lightbox[1865]\"><img loading=\"lazy\" decoding=\"async\" src=\"https:\/\/blog.zhdk.ch\/kunstvermittlung\/files\/2012\/04\/Interv_2a-208x300.jpg\" alt=\"\" width=\"208\" height=\"300\" class=\"alignleft size-medium wp-image-2107\" srcset=\"https:\/\/blog.zhdk.ch\/kunstvermittlung\/files\/2012\/04\/Interv_2a-208x300.jpg 208w, https:\/\/blog.zhdk.ch\/kunstvermittlung\/files\/2012\/04\/Interv_2a.jpg 569w\" sizes=\"auto, (max-width: 208px) 100vw, 208px\" \/><\/a><a href=\"https:\/\/blog.zhdk.ch\/kunstvermittlung\/files\/2012\/04\/Interv_4a.jpg\" rel=\"lightbox[1865]\"><img loading=\"lazy\" decoding=\"async\" src=\"https:\/\/blog.zhdk.ch\/kunstvermittlung\/files\/2012\/04\/Interv_4a-300x224.jpg\" alt=\"\" width=\"300\" height=\"224\" class=\"alignleft size-medium wp-image-2131\" srcset=\"https:\/\/blog.zhdk.ch\/kunstvermittlung\/files\/2012\/04\/Interv_4a-300x224.jpg 300w, https:\/\/blog.zhdk.ch\/kunstvermittlung\/files\/2012\/04\/Interv_4a.jpg 820w\" sizes=\"auto, (max-width: 300px) 100vw, 300px\" \/><\/a><br \/>\n<a href=\"https:\/\/blog.zhdk.ch\/kunstvermittlung\/files\/2012\/04\/Interv_5a.jpg\" rel=\"lightbox[1865]\"><img loading=\"lazy\" decoding=\"async\" src=\"https:\/\/blog.zhdk.ch\/kunstvermittlung\/files\/2012\/04\/Interv_5a-300x205.jpg\" alt=\"\" width=\"300\" height=\"205\" class=\"alignleft size-medium wp-image-2111\" srcset=\"https:\/\/blog.zhdk.ch\/kunstvermittlung\/files\/2012\/04\/Interv_5a-300x205.jpg 300w, https:\/\/blog.zhdk.ch\/kunstvermittlung\/files\/2012\/04\/Interv_5a.jpg 820w\" sizes=\"auto, (max-width: 300px) 100vw, 300px\" \/><\/a><a href=\"https:\/\/blog.zhdk.ch\/kunstvermittlung\/files\/2012\/04\/Interv_3a.jpg\" rel=\"lightbox[1865]\"><img loading=\"lazy\" decoding=\"async\" src=\"https:\/\/blog.zhdk.ch\/kunstvermittlung\/files\/2012\/04\/Interv_3a-300x210.jpg\" alt=\"\" width=\"300\" height=\"210\" class=\"alignleft size-medium wp-image-2109\" srcset=\"https:\/\/blog.zhdk.ch\/kunstvermittlung\/files\/2012\/04\/Interv_3a-300x210.jpg 300w, https:\/\/blog.zhdk.ch\/kunstvermittlung\/files\/2012\/04\/Interv_3a.jpg 820w\" sizes=\"auto, (max-width: 300px) 100vw, 300px\" \/><\/a><br \/>\n<\/em><br \/>\n\u00abKunst kann gefallen oder aber auch aufregen.<br \/>\nWichtig ist, dass etwas passiert.\u00bb<\/p>\n<p>\u00abKunst ist, wenn jemand spezielle F\u00e4higkeiten hat, zum Beispiel Bilder herstellt. Obwohl ich dies oft nicht nachvollziehen kann.\u00bb<\/p>\n<p>\u00abKunst ist Ansichtssache.\u00bb<\/p>\n<p>\u00abF\u00fcr den einen ist das eine Kunst, f\u00fcr den anderen das andere. F\u00fcr denjenigen, der es macht,<br \/>\nist es jedoch ohnehin Kunst.\u00bb<br \/>\n<\/em><br \/>\n<\/em><br \/>\n<\/em><br \/>\n<\/em><\/p>\n","protected":false},"excerpt":{"rendered":"<p>Martin Gubser Student ZHdK Im Zeughaus Seewen-Schwyz und im ehemaligen EW-Geb\u00e4ude Lachen finden viele Werke der kantonalen Kunstsammlung f\u00fcr einige Zeit einen neuen Platz, um einer breiten \u00d6ffentlichkeit pr\u00e4sentiert werden zu k\u00f6nnen. Dadurch hinterlassen sie in den jeweiligen R\u00e4umen der Amtsgeb\u00e4ude, wo sie sonst placiert sind, L\u00fccken. Vielleicht ist man froh, dass man vom Anblick [&hellip;]<\/p>\n","protected":false},"author":342,"featured_media":0,"parent":1673,"menu_order":5,"comment_status":"closed","ping_status":"closed","template":"","meta":{"footnotes":""},"class_list":["post-1865","page","type-page","status-publish","czr-hentry"],"_links":{"self":[{"href":"https:\/\/blog.zhdk.ch\/kunstvermittlung\/wp-json\/wp\/v2\/pages\/1865","targetHints":{"allow":["GET"]}}],"collection":[{"href":"https:\/\/blog.zhdk.ch\/kunstvermittlung\/wp-json\/wp\/v2\/pages"}],"about":[{"href":"https:\/\/blog.zhdk.ch\/kunstvermittlung\/wp-json\/wp\/v2\/types\/page"}],"author":[{"embeddable":true,"href":"https:\/\/blog.zhdk.ch\/kunstvermittlung\/wp-json\/wp\/v2\/users\/342"}],"replies":[{"embeddable":true,"href":"https:\/\/blog.zhdk.ch\/kunstvermittlung\/wp-json\/wp\/v2\/comments?post=1865"}],"version-history":[{"count":23,"href":"https:\/\/blog.zhdk.ch\/kunstvermittlung\/wp-json\/wp\/v2\/pages\/1865\/revisions"}],"predecessor-version":[{"id":2291,"href":"https:\/\/blog.zhdk.ch\/kunstvermittlung\/wp-json\/wp\/v2\/pages\/1865\/revisions\/2291"}],"up":[{"embeddable":true,"href":"https:\/\/blog.zhdk.ch\/kunstvermittlung\/wp-json\/wp\/v2\/pages\/1673"}],"wp:attachment":[{"href":"https:\/\/blog.zhdk.ch\/kunstvermittlung\/wp-json\/wp\/v2\/media?parent=1865"}],"curies":[{"name":"wp","href":"https:\/\/api.w.org\/{rel}","templated":true}]}}