{"id":2297,"date":"2013-03-03T18:37:59","date_gmt":"2013-03-03T17:37:59","guid":{"rendered":"https:\/\/blog.zhdk.ch\/kunstvermittlung\/?page_id=2297"},"modified":"2018-02-26T12:41:06","modified_gmt":"2018-02-26T11:41:06","slug":"2013-much-manga-mystery","status":"publish","type":"page","link":"https:\/\/blog.zhdk.ch\/kunstvermittlung\/vergangene-projekte-kunstvermittlung\/2013-much-manga-mystery\/","title":{"rendered":"2013: MUCHA MANGA MYSTERY"},"content":{"rendered":"<p><\/em><\/p>\n<h4>Projekte Kunstvermittlung<\/h4>\n<p>&nbsp;<br \/>\nErg\u00e4nzend zur Ausstellung &#8222;Mucha Manga Mystery&#8220; im Museum Bellerive (6.3. &#8211; 14.7.2013) erarbeiteten Studierende des Bachelor Art Education der Z\u00fcrcher Hochschule der K\u00fcnste unterschiedliche Formen von Vermittlung.<br \/>\nKunstvermittlung wird als \u00abWeiterf\u00fchrung von Kunst\u00bb verstanden. Als eigenst\u00e4ndige Praxis schafft sie mittels k\u00fcnstlerischer und kommunikativer Strategien, Situationen und Verh\u00e4ltnisse f\u00fcr einen differenzierenden Umgang mit Kunst. Sie geht auf Menschen zu, handelt nicht prim\u00e4r im Ausstellungsraum, sondern involviert Menschen auch ausserhalb des Museums, im \u00f6ffentlichen Raum.<br \/>\n<\/em><br \/>\nDie <em>Projekte Kunstvermittlung<\/em> wurden im Zeitraum April bis Juni 2013 im und vor dem Museum Bellerive, im \u00f6ffentlichen Raum der Stadt Z\u00fcrich und im Schulhaus Seefeld durchgef\u00fchrt.<br \/>\n<\/em><br \/>\n<\/em><br \/>\nEinblicke in die einzelnen Projekte \u00abPOW\u00bb, \u00aballerDINGS\u00bb, \u00abAuf Spuren\u00bb und \u00abMomentspur\u00bb sind oben \u00fcber die Menuereiter abrufbar.<br \/>\n<\/em><br \/>\n<a href=\"https:\/\/blog.zhdk.ch\/kunstvermittlung\/files\/2013\/04\/Erstes.jpg\" rel=\"lightbox[2297]\"><img loading=\"lazy\" decoding=\"async\" src=\"https:\/\/blog.zhdk.ch\/kunstvermittlung\/files\/2013\/04\/Erstes-150x150.jpg\" alt=\"Erstes\" width=\"150\" height=\"150\" class=\"alignleft size-thumbnail wp-image-2487\" \/><\/a><a href=\"https:\/\/blog.zhdk.ch\/kunstvermittlung\/files\/2013\/04\/17.jpg\" rel=\"lightbox[2297]\"><img loading=\"lazy\" decoding=\"async\" src=\"https:\/\/blog.zhdk.ch\/kunstvermittlung\/files\/2013\/04\/17-150x150.jpg\" alt=\"17\" width=\"150\" height=\"150\" class=\"alignleft size-thumbnail wp-image-2553\" \/><\/a><a href=\"https:\/\/blog.zhdk.ch\/kunstvermittlung\/files\/2013\/04\/fritz-mucha.jpg\" rel=\"lightbox[2297]\"><img loading=\"lazy\" decoding=\"async\" src=\"https:\/\/blog.zhdk.ch\/kunstvermittlung\/files\/2013\/04\/fritz-mucha-150x150.jpg\" alt=\"fritz mucha\" width=\"150\" height=\"150\" class=\"alignleft size-thumbnail wp-image-2563\" \/><\/a><a href=\"https:\/\/blog.zhdk.ch\/kunstvermittlung\/files\/2013\/04\/Bildschirmfoto-2013-05-08-um-09.50.52.png\" rel=\"lightbox[2297]\"><img loading=\"lazy\" decoding=\"async\" src=\"https:\/\/blog.zhdk.ch\/kunstvermittlung\/files\/2013\/04\/Bildschirmfoto-2013-05-08-um-09.50.52-150x150.png\" alt=\"Bildschirmfoto 2013-05-08 um 09.50.52\" width=\"150\" height=\"150\" class=\"alignleft size-thumbnail wp-image-2579\" \/><\/a><br \/>\n<\/em><br \/>\n<\/em><br \/>\n<\/em><br \/>\nStudierende:<br \/>\nCamille Berdot, Vel\u00e9rie Guggenb\u00fchl, Rahel H\u00e4berlin, Yolanda Ludwig, Nora Schiedt,<br \/>\nPia Seidel, Larina St\u00fcrchler, Tilde Von Overbeck, Camille Jo\u00eblle Watter<br \/>\n<\/em><br \/>\nDozierende ZHdK<br \/>\nEmilio Paroni, Projektleitung, k\u00fcnstlerische Kunstvermittlung<br \/>\nAnna-Brigitte Schlittler, Theorie Kunst und Design<br \/>\n<\/em><br \/>\nGastdozierende:<br \/>\nThomas Sieber, Theorie Kultur und Gesellschaft<br \/>\nSandra Winiger, institutionelle Kunstvermittlung<br \/>\n<\/em><br \/>\nMuseum Bellerive:<br \/>\nTanja Trampe, kuratorische Assistenz<br \/>\n<\/em><br \/>\n<\/em><br \/>\n<\/em><br \/>\n<\/em><br \/>\n<strong>Dokumentation Projekte Kunstvermittlung<\/strong><br \/>\nDie einzelnen Projekte werden in einer Dokumentation vorgestellt und reflektiert.<br \/>\n<\/em><br \/>\n<\/em><br \/>\n<\/em><br \/>\n<\/em><br \/>\n<\/em><\/p>\n<h4>Projekte Kunstvermittlung<\/h4>\n<h4>Kontakt: emilio.paroni@bluewin.ch<\/h4>\n<p>&nbsp;<br \/>\n<\/em><br \/>\n<\/em><\/p>\n","protected":false},"excerpt":{"rendered":"<p>Projekte Kunstvermittlung &nbsp; Erg\u00e4nzend zur Ausstellung &#8222;Mucha Manga Mystery&#8220; im Museum Bellerive (6.3. &#8211; 14.7.2013) erarbeiteten Studierende des Bachelor Art Education der Z\u00fcrcher Hochschule der K\u00fcnste unterschiedliche Formen von Vermittlung. Kunstvermittlung wird als \u00abWeiterf\u00fchrung von Kunst\u00bb verstanden. Als eigenst\u00e4ndige Praxis schafft sie mittels k\u00fcnstlerischer und kommunikativer Strategien, Situationen und Verh\u00e4ltnisse f\u00fcr einen differenzierenden Umgang mit [&hellip;]<\/p>\n","protected":false},"author":342,"featured_media":0,"parent":2197,"menu_order":3,"comment_status":"closed","ping_status":"closed","template":"","meta":{"footnotes":""},"class_list":["post-2297","page","type-page","status-publish","czr-hentry"],"_links":{"self":[{"href":"https:\/\/blog.zhdk.ch\/kunstvermittlung\/wp-json\/wp\/v2\/pages\/2297","targetHints":{"allow":["GET"]}}],"collection":[{"href":"https:\/\/blog.zhdk.ch\/kunstvermittlung\/wp-json\/wp\/v2\/pages"}],"about":[{"href":"https:\/\/blog.zhdk.ch\/kunstvermittlung\/wp-json\/wp\/v2\/types\/page"}],"author":[{"embeddable":true,"href":"https:\/\/blog.zhdk.ch\/kunstvermittlung\/wp-json\/wp\/v2\/users\/342"}],"replies":[{"embeddable":true,"href":"https:\/\/blog.zhdk.ch\/kunstvermittlung\/wp-json\/wp\/v2\/comments?post=2297"}],"version-history":[{"count":43,"href":"https:\/\/blog.zhdk.ch\/kunstvermittlung\/wp-json\/wp\/v2\/pages\/2297\/revisions"}],"predecessor-version":[{"id":6449,"href":"https:\/\/blog.zhdk.ch\/kunstvermittlung\/wp-json\/wp\/v2\/pages\/2297\/revisions\/6449"}],"up":[{"embeddable":true,"href":"https:\/\/blog.zhdk.ch\/kunstvermittlung\/wp-json\/wp\/v2\/pages\/2197"}],"wp:attachment":[{"href":"https:\/\/blog.zhdk.ch\/kunstvermittlung\/wp-json\/wp\/v2\/media?parent=2297"}],"curies":[{"name":"wp","href":"https:\/\/api.w.org\/{rel}","templated":true}]}}