{"id":2911,"date":"2014-04-14T18:52:35","date_gmt":"2014-04-14T17:52:35","guid":{"rendered":"https:\/\/blog.zhdk.ch\/kunstvermittlung\/?page_id=2911"},"modified":"2014-05-07T13:26:00","modified_gmt":"2014-05-07T12:26:00","slug":"mensch-moebel","status":"publish","type":"page","link":"https:\/\/blog.zhdk.ch\/kunstvermittlung\/vergangene-projekte-kunstvermittlung\/2014-projekte-kunstvermittlung\/mensch-moebel\/","title":{"rendered":"Mensch M\u00f6bel"},"content":{"rendered":"<p>Susanna von K\u00e4nel, Sabine Zenger<br \/>\nStudentinnen ZHdK<br \/>\n<\/em><br \/>\n<\/em><br \/>\nBald geh\u00f6rt das Ikea Expedit Regal der Vergangenheit an. Selten ging ein derartiger<br \/>\nAufruhr aufgrund der Absetzung eines M\u00f6bels durch die Medien. Das wandelbare M\u00f6bel<br \/>\nhat in vielen Haushalten und Familien Einzug gehalten, weil es sich wunderbar f\u00fcr die<br \/>\nverschiedensten Zwecke nutzen l\u00e4sst.<br \/>\n<\/em><br \/>\nWir gehen der Faszination, die von diesem M\u00f6belst\u00fcck ausgeht auf den Grund<br \/>\nund erstellen eine Sammlung, welche <strong>die Beziehung von Mensch und M\u00f6bel<\/strong> in<br \/>\nder heutigen Gesellschaft thematisiert.<br \/>\n<\/em><br \/>\n<\/em><br \/>\n<a href=\"https:\/\/blog.zhdk.ch\/kunstvermittlung\/files\/2014\/04\/Expedit_1.jpg\" rel=\"lightbox[2911]\"><img loading=\"lazy\" decoding=\"async\" class=\"alignleft size-thumbnail wp-image-2913\" alt=\"Expedit_1\" src=\"https:\/\/blog.zhdk.ch\/kunstvermittlung\/files\/2014\/04\/Expedit_1-150x150.jpg\" width=\"150\" height=\"150\" \/><\/a><a href=\"https:\/\/blog.zhdk.ch\/kunstvermittlung\/files\/2014\/04\/Expedit_3.jpg\" rel=\"lightbox[2911]\"><img loading=\"lazy\" decoding=\"async\" class=\"alignleft size-thumbnail wp-image-2915\" alt=\"Expedit_3\" src=\"https:\/\/blog.zhdk.ch\/kunstvermittlung\/files\/2014\/04\/Expedit_3-150x150.jpg\" width=\"150\" height=\"150\" \/><\/a><a href=\"https:\/\/blog.zhdk.ch\/kunstvermittlung\/files\/2014\/04\/Expedit_2.jpg\" rel=\"lightbox[2911]\"><img loading=\"lazy\" decoding=\"async\" src=\"https:\/\/blog.zhdk.ch\/kunstvermittlung\/files\/2014\/04\/Expedit_2-150x150.jpg\" alt=\"Expedit_2\" width=\"150\" height=\"150\" class=\"alignleft size-thumbnail wp-image-2921\" \/><\/a><br \/>\n<em>\u00abIch w\u00fcrde es eher fortwerfen als weitervererben, da solche M\u00f6bel nicht mehr mit<br \/>\ndem Gedanken an eine lange Lebensdauer produziert werden.\u00bb<\/em><br \/>\n(Ameli Au lait)<br \/>\n<\/em><br \/>\n<a href=\"https:\/\/blog.zhdk.ch\/kunstvermittlung\/files\/2014\/04\/Expedit_alle-e1397490977395.jpg\" rel=\"lightbox[2911]\"><img loading=\"lazy\" decoding=\"async\" src=\"https:\/\/blog.zhdk.ch\/kunstvermittlung\/files\/2014\/04\/Expedit_alle-e1397490977395-300x158.jpg\" alt=\"Expedit_alle\" width=\"300\" height=\"158\" class=\"alignleft size-medium wp-image-2917\" srcset=\"https:\/\/blog.zhdk.ch\/kunstvermittlung\/files\/2014\/04\/Expedit_alle-e1397490977395-300x158.jpg 300w, https:\/\/blog.zhdk.ch\/kunstvermittlung\/files\/2014\/04\/Expedit_alle-e1397490977395-1024x541.jpg 1024w, https:\/\/blog.zhdk.ch\/kunstvermittlung\/files\/2014\/04\/Expedit_alle-e1397490977395.jpg 1151w\" sizes=\"auto, (max-width: 300px) 100vw, 300px\" \/><\/a><br \/>\n<em>\u00abZuhause. Fu\u0308r uns der wichtigste Ort u\u0308berhaupt. Bei IKEA wollen wir viele Menschen<br \/>\ndazu inspirieren, noch mehr aus ihrem Zuhause zu machen.\u00bb <\/em><br \/>\n(IKEA)<br \/>\n<\/em><br \/>\n<em>\u00abWir stellen allerlei hinein. Kochbu\u0308cher, Pasta, Ghettoblaster, Ordner, Schallplatten, CD<br \/>\nund alte Videos, To\u0308pfe, Zweibeln und Knoblauch, diverse Bu\u0308cher, Tee, Medikamente,<br \/>\nNotizpapier und Stifte, Plastik-Trinkflaschen fu\u0308rs Training, herumliegende Post.<br \/>\nDinge, die in unserem Haushalt \u201cniemandem\u201d geho\u0308ren beziehungsweise keiner Person<br \/>\nzugewiesen werden ko\u0308nnen und sich niemand dafu\u0308r interessiert.\u00bb<\/em><br \/>\n(Nadia)<br \/>\n<\/em><br \/>\n<\/em><br \/>\n<a href=\"https:\/\/blog.zhdk.ch\/kunstvermittlung\/files\/2014\/04\/Illustration_Amelie_klein.jpg\" rel=\"lightbox[2911]\"><img loading=\"lazy\" decoding=\"async\" src=\"https:\/\/blog.zhdk.ch\/kunstvermittlung\/files\/2014\/04\/Illustration_Amelie_klein-300x219.jpg\" alt=\"Illustration_Amelie_klein\" width=\"300\" height=\"219\" class=\"alignleft size-medium wp-image-3335\" srcset=\"https:\/\/blog.zhdk.ch\/kunstvermittlung\/files\/2014\/04\/Illustration_Amelie_klein-300x219.jpg 300w, https:\/\/blog.zhdk.ch\/kunstvermittlung\/files\/2014\/04\/Illustration_Amelie_klein.jpg 813w\" sizes=\"auto, (max-width: 300px) 100vw, 300px\" \/><\/a><a href=\"https:\/\/blog.zhdk.ch\/kunstvermittlung\/files\/2014\/04\/Illustration_Vincent_klein.jpg\" rel=\"lightbox[2911]\"><img loading=\"lazy\" decoding=\"async\" src=\"https:\/\/blog.zhdk.ch\/kunstvermittlung\/files\/2014\/04\/Illustration_Vincent_klein-300x220.jpg\" alt=\"Illustration_Vincent_klein\" width=\"300\" height=\"220\" class=\"alignleft size-medium wp-image-3339\" srcset=\"https:\/\/blog.zhdk.ch\/kunstvermittlung\/files\/2014\/04\/Illustration_Vincent_klein-300x220.jpg 300w, https:\/\/blog.zhdk.ch\/kunstvermittlung\/files\/2014\/04\/Illustration_Vincent_klein.jpg 818w\" sizes=\"auto, (max-width: 300px) 100vw, 300px\" \/><\/a><br \/>\nIllustrationen von Gespr\u00e4chen, die wir \u00fcber M\u00f6bel gef\u00fchrt haben.<br \/>\n<\/em><br \/>\n<\/em><br \/>\n<a href=\"http:\/\/expeditbellerive.tumblr.com\/\" target=\"_blank\">Weiterf\u00fchrende Informationen<\/a><br \/>\n<\/em><br \/>\n<\/em><br \/>\n<\/em><br \/>\n<\/em><\/p>\n<h4>\u00a9 2014 &#8211; EIN PROJEKT VON STUDIERENDEN DES BACHELOR ART EDUCATION<\/h4>\n<p><\/em><br \/>\n<\/em><br \/>\n<\/em><br \/>\n<\/em><br \/>\n<\/em><br \/>\n<\/em><\/p>\n","protected":false},"excerpt":{"rendered":"<p>Susanna von K\u00e4nel, Sabine Zenger Studentinnen ZHdK Bald geh\u00f6rt das Ikea Expedit Regal der Vergangenheit an. Selten ging ein derartiger Aufruhr aufgrund der Absetzung eines M\u00f6bels durch die Medien. Das wandelbare M\u00f6bel hat in vielen Haushalten und Familien Einzug gehalten, weil es sich wunderbar f\u00fcr die verschiedensten Zwecke nutzen l\u00e4sst. Wir gehen der Faszination, die [&hellip;]<\/p>\n","protected":false},"author":342,"featured_media":0,"parent":2863,"menu_order":0,"comment_status":"closed","ping_status":"closed","template":"","meta":{"footnotes":""},"class_list":["post-2911","page","type-page","status-publish","czr-hentry"],"_links":{"self":[{"href":"https:\/\/blog.zhdk.ch\/kunstvermittlung\/wp-json\/wp\/v2\/pages\/2911","targetHints":{"allow":["GET"]}}],"collection":[{"href":"https:\/\/blog.zhdk.ch\/kunstvermittlung\/wp-json\/wp\/v2\/pages"}],"about":[{"href":"https:\/\/blog.zhdk.ch\/kunstvermittlung\/wp-json\/wp\/v2\/types\/page"}],"author":[{"embeddable":true,"href":"https:\/\/blog.zhdk.ch\/kunstvermittlung\/wp-json\/wp\/v2\/users\/342"}],"replies":[{"embeddable":true,"href":"https:\/\/blog.zhdk.ch\/kunstvermittlung\/wp-json\/wp\/v2\/comments?post=2911"}],"version-history":[{"count":39,"href":"https:\/\/blog.zhdk.ch\/kunstvermittlung\/wp-json\/wp\/v2\/pages\/2911\/revisions"}],"predecessor-version":[{"id":3347,"href":"https:\/\/blog.zhdk.ch\/kunstvermittlung\/wp-json\/wp\/v2\/pages\/2911\/revisions\/3347"}],"up":[{"embeddable":true,"href":"https:\/\/blog.zhdk.ch\/kunstvermittlung\/wp-json\/wp\/v2\/pages\/2863"}],"wp:attachment":[{"href":"https:\/\/blog.zhdk.ch\/kunstvermittlung\/wp-json\/wp\/v2\/media?parent=2911"}],"curies":[{"name":"wp","href":"https:\/\/api.w.org\/{rel}","templated":true}]}}