{"id":3001,"date":"2014-04-14T18:52:24","date_gmt":"2014-04-14T17:52:24","guid":{"rendered":"https:\/\/blog.zhdk.ch\/kunstvermittlung\/?page_id=3001"},"modified":"2014-04-29T15:54:07","modified_gmt":"2014-04-29T14:54:07","slug":"ein-multifunktionales-moebel","status":"publish","type":"page","link":"https:\/\/blog.zhdk.ch\/kunstvermittlung\/vergangene-projekte-kunstvermittlung\/2014-projekte-kunstvermittlung\/ein-multifunktionales-moebel\/","title":{"rendered":"Ein multifunktionales M\u00f6bel"},"content":{"rendered":"<p>Erika Untern\u00e4hrer<br \/>\nStudentin ZHdK<br \/>\n<\/em><br \/>\n<\/em><br \/>\n<strong>Wie sieht Dein individuelles M\u00f6bel aus?<\/strong><br \/>\nDieser Frage gehe ich nach.<br \/>\n<\/em><br \/>\nDie Multifunktionalit\u00e4t ist ein Themengebiet, welches spannende Entdeckungsreisen<br \/>\nf\u00fcr neue Kreationen bietet.<br \/>\n<\/em><br \/>\nVor dem Museum Bellerive versuche ich im Gespr\u00e4ch die multifunktionalen Bed\u00fcrfnisse<br \/>\nund <strong>M\u00f6bel-Vorstellungen<\/strong> der teilnehmenden Menschen zu ergr\u00fcnden und <strong>skizziere<\/strong><br \/>\ndie enstehenden Ideen.<br \/>\n<\/em><br \/>\nEs entsteht eine Sammlung der individuell angefertigten Skizzen.<br \/>\n<\/em><br \/>\n<a href=\"https:\/\/blog.zhdk.ch\/kunstvermittlung\/files\/2014\/04\/Tisch_selbstaufraeumend.jpg\" rel=\"lightbox[3001]\"><img loading=\"lazy\" decoding=\"async\" src=\"https:\/\/blog.zhdk.ch\/kunstvermittlung\/files\/2014\/04\/Tisch_selbstaufraeumend-223x300.jpg\" alt=\"Tisch_selbstaufraeumend\" width=\"223\" height=\"300\" class=\"alignleft size-medium wp-image-3117\" srcset=\"https:\/\/blog.zhdk.ch\/kunstvermittlung\/files\/2014\/04\/Tisch_selbstaufraeumend-223x300.jpg 223w, https:\/\/blog.zhdk.ch\/kunstvermittlung\/files\/2014\/04\/Tisch_selbstaufraeumend.jpg 500w\" sizes=\"auto, (max-width: 223px) 100vw, 223px\" \/><\/a><a href=\"https:\/\/blog.zhdk.ch\/kunstvermittlung\/files\/2014\/04\/Zeitung_In_Ruhe.jpg\" rel=\"lightbox[3001]\"><img loading=\"lazy\" decoding=\"async\" src=\"https:\/\/blog.zhdk.ch\/kunstvermittlung\/files\/2014\/04\/Zeitung_In_Ruhe-250x300.jpg\" alt=\"Zeitung_In_Ruhe\" width=\"250\" height=\"300\" class=\"alignleft size-medium wp-image-3123\" srcset=\"https:\/\/blog.zhdk.ch\/kunstvermittlung\/files\/2014\/04\/Zeitung_In_Ruhe-250x300.jpg 250w, https:\/\/blog.zhdk.ch\/kunstvermittlung\/files\/2014\/04\/Zeitung_In_Ruhe.jpg 500w\" sizes=\"auto, (max-width: 250px) 100vw, 250px\" \/><\/a><br \/>\n<\/em><br \/>\n<a href=\"http:\/\/www.deinmoebel.tumblr.com\">Weiterf\u00fchrende Informationen<\/a><br \/>\n<\/em><br \/>\n<\/em><br \/>\n<\/em><br \/>\n<\/em><\/p>\n<h4>\u00a9 2014 &#8211; EIN PROJEKT VON STUDIERENDEN DES BACHELOR ART EDUCATION<\/h4>\n<p><\/em><br \/>\n<\/em><br \/>\n<\/em><br \/>\n<\/em><br \/>\n<\/em><br \/>\n<\/em><\/p>\n","protected":false},"excerpt":{"rendered":"<p>Erika Untern\u00e4hrer Studentin ZHdK Wie sieht Dein individuelles M\u00f6bel aus? Dieser Frage gehe ich nach. Die Multifunktionalit\u00e4t ist ein Themengebiet, welches spannende Entdeckungsreisen f\u00fcr neue Kreationen bietet. Vor dem Museum Bellerive versuche ich im Gespr\u00e4ch die multifunktionalen Bed\u00fcrfnisse und M\u00f6bel-Vorstellungen der teilnehmenden Menschen zu ergr\u00fcnden und skizziere die enstehenden Ideen. Es entsteht eine Sammlung der [&hellip;]<\/p>\n","protected":false},"author":342,"featured_media":0,"parent":2863,"menu_order":0,"comment_status":"closed","ping_status":"closed","template":"","meta":{"footnotes":""},"class_list":["post-3001","page","type-page","status-publish","czr-hentry"],"_links":{"self":[{"href":"https:\/\/blog.zhdk.ch\/kunstvermittlung\/wp-json\/wp\/v2\/pages\/3001","targetHints":{"allow":["GET"]}}],"collection":[{"href":"https:\/\/blog.zhdk.ch\/kunstvermittlung\/wp-json\/wp\/v2\/pages"}],"about":[{"href":"https:\/\/blog.zhdk.ch\/kunstvermittlung\/wp-json\/wp\/v2\/types\/page"}],"author":[{"embeddable":true,"href":"https:\/\/blog.zhdk.ch\/kunstvermittlung\/wp-json\/wp\/v2\/users\/342"}],"replies":[{"embeddable":true,"href":"https:\/\/blog.zhdk.ch\/kunstvermittlung\/wp-json\/wp\/v2\/comments?post=3001"}],"version-history":[{"count":23,"href":"https:\/\/blog.zhdk.ch\/kunstvermittlung\/wp-json\/wp\/v2\/pages\/3001\/revisions"}],"predecessor-version":[{"id":3273,"href":"https:\/\/blog.zhdk.ch\/kunstvermittlung\/wp-json\/wp\/v2\/pages\/3001\/revisions\/3273"}],"up":[{"embeddable":true,"href":"https:\/\/blog.zhdk.ch\/kunstvermittlung\/wp-json\/wp\/v2\/pages\/2863"}],"wp:attachment":[{"href":"https:\/\/blog.zhdk.ch\/kunstvermittlung\/wp-json\/wp\/v2\/media?parent=3001"}],"curies":[{"name":"wp","href":"https:\/\/api.w.org\/{rel}","templated":true}]}}