{"id":319,"date":"2011-03-03T09:53:53","date_gmt":"2011-03-03T08:53:53","guid":{"rendered":"https:\/\/blog.zhdk.ch\/kunstvermittlung\/?page_id=319"},"modified":"2018-02-26T12:16:42","modified_gmt":"2018-02-26T11:16:42","slug":"archiv-kunstvermittlung","status":"publish","type":"page","link":"https:\/\/blog.zhdk.ch\/kunstvermittlung\/vergangene-projekte-kunstvermittlung\/archiv-kunstvermittlung\/","title":{"rendered":"2010: Kunstvermittlung in Transformation"},"content":{"rendered":"<p><\/em><br \/>\n<a href=\"https:\/\/blog.zhdk.ch\/kunstvermittlung\/files\/2010\/05\/F\u00f6rderpreise-der-ZHdK-2010_Text.jpeg\" rel=\"lightbox[319]\"><img loading=\"lazy\" decoding=\"async\" src=\"https:\/\/blog.zhdk.ch\/kunstvermittlung\/files\/2010\/05\/F\u00f6rderpreis-ZHdK-2010-300x63.jpg\" alt=\"\" width=\"300\" height=\"63\" \/><\/a><br \/>\n<strong> <\/strong><br \/>\n<strong> <\/strong><br \/>\nEin Kooperationsprojekt des <a href=\"http:\/\/bae.zhdk.ch\/\">Bachelor of Arts in Vermittlung von Kunst uns Design<\/a> ZHdK in Zusammenhang mit der Ausstellung &#8222;Pap(i)er Fashion&#8220; am <a href=\"http:\/\/www.museum-bellerive.ch\/\">Museum Bellerive Z\u00fcrich<\/a><br \/>\n<\/em><br \/>\n<\/em><br \/>\n<\/em><br \/>\n<strong>Studierende des Bachelor of Arts in Vermittlung von Kunst und Design sind gestalterisch t\u00e4tig an der Schnittstelle zwischen k\u00fcnstlerischer Praxis und Vermittlung von Kunst und Design. Sie verf\u00fcgen \u00fcber Kompetenzen, das Potenzial k\u00fcnstlerischer Produktion und Denkweisen in die Konzeption angemessener Formate im Bereich der Kultur- und Kunstvermittlung zu \u00fcberf\u00fchren.<\/strong><\/p>\n<p>&nbsp;<\/p>\n<p>Im Kooperationsprojekt &#8222;Kunstvermittlung in Transformation&#8220; erarbeiten Studentinnen des sechsten Semesters verschiedene vermittlerische Projekte im\/ um\/ durch die Ausstellung &#8222;Pap(i)er Fashion&#8220; am Museum Bellerive Z\u00fcrich (30. April bis 1. August 2010). Die Entwicklung angemessener Vermittlungsformate und Vermittlungsstrategien f\u00fcr neue und unterschiedliche Zielgruppen sind Teil des Kooperationsprojekts.<br \/>\n<\/em><br \/>\nDie Teilprojekte <strong>Kopf in den Kragen<\/strong>, <strong>le sac<\/strong>, <strong>Z\u00fcndStoff<\/strong> und <strong>Normkleid \u2013 Meinkleid<\/strong> wurden Mai und Juni 2010 von den Studierende im Museum Bellerive und ortsunabh\u00e4ngig, im \u00f6ffentlichen Raum der Stadt Z\u00fcrich durchgef\u00fchrt.<br \/>\n<\/em><br \/>\n<\/em><\/p>\n<address>\u00a0<\/address>\n<p>Mit dem Kooperationsprojekt &#8218;Kunstvermittlung in Transformation&#8216; wird die bestehende Zusammenarbeit mit dem Museum Bellerive als geeignete Plattform f\u00fcr Vermittlungsarbeit vertieft. Es werden neue Formen der Kunstvermittlung und neue, aber realistische Zielgruppen f\u00fcr das Museum Bellerive erprobt. Ergebnisse, v.a. die &#8222;Werkzeuge&#8220; aus den k\u00fcnstlerischen Vermittlungsstrategien, wurden in der Ausstellung &#8222;Pap(i)er Fashion&#8220; pr\u00e4sentiert.<br \/>\n<\/em><br \/>\nDas Kooperationsprojekt steht in Verbindung mit dem <a href=\"http:\/\/iae.zhdk.ch\/iae\/deutsch\/forschung\/laufende-forschungsprojekte\/kunstvermittlung-in-transformation\/\">Forschungsprojekt<\/a> &#8222;Kunstvermittlung in Transformation&#8220; am Institute for Art Education ZHdK.<br \/>\n<\/em><br \/>\n<\/em><br \/>\n<\/em><br \/>\nStudierende:<br \/>\nSandra Bruggmann, Maya Goepfert, Simone Grob, Martina Gubler, Alexandra Jaggi, Cornelia Portmann<br \/>\n<\/em><br \/>\nProjektleitung:<br \/>\nEmilio Paroni, Dozent ZHdK<br \/>\n<\/em><br \/>\nMuseum Bellerive:<br \/>\nEva Afuhs, leitende Kuratorin<br \/>\n<\/em><br \/>\n<\/em><\/p>\n<h2><strong>Projektdokumentation<\/strong><\/h2>\n<p>Die Projektdokumentation <em>Kunstvermittlung in Transformation<\/em> ist in gedruckter Form erh\u00e4ltlich. Kontakt: emilio.paroni@zhdk.ch<br \/>\n<\/em><br \/>\n<\/em><br \/>\n<strong> <\/strong><br \/>\n<a href=\"https:\/\/blog.zhdk.ch\/kunstvermittlung\/files\/2011\/03\/Projektdoku_Titelblatt.png\" rel=\"lightbox[319]\"><img loading=\"lazy\" decoding=\"async\" class=\"alignleft size-medium wp-image-1377\" src=\"https:\/\/blog.zhdk.ch\/kunstvermittlung\/files\/2011\/03\/Projektdoku_Titelblatt-300x210.png\" alt=\"\" width=\"300\" height=\"210\" srcset=\"https:\/\/blog.zhdk.ch\/kunstvermittlung\/files\/2011\/03\/Projektdoku_Titelblatt-300x210.png 300w, https:\/\/blog.zhdk.ch\/kunstvermittlung\/files\/2011\/03\/Projektdoku_Titelblatt-1024x720.png 1024w\" sizes=\"auto, (max-width: 300px) 100vw, 300px\" \/><\/a> <a href=\"https:\/\/blog.zhdk.ch\/kunstvermittlung\/files\/2011\/03\/Projektdoku_Inhaltsverzeichnis.png\" rel=\"lightbox[319]\"><img loading=\"lazy\" decoding=\"async\" class=\"alignleft size-medium wp-image-1379\" src=\"https:\/\/blog.zhdk.ch\/kunstvermittlung\/files\/2011\/03\/Projektdoku_Inhaltsverzeichnis-300x211.png\" alt=\"\" width=\"300\" height=\"211\" srcset=\"https:\/\/blog.zhdk.ch\/kunstvermittlung\/files\/2011\/03\/Projektdoku_Inhaltsverzeichnis-300x211.png 300w, https:\/\/blog.zhdk.ch\/kunstvermittlung\/files\/2011\/03\/Projektdoku_Inhaltsverzeichnis-1024x720.png 1024w, https:\/\/blog.zhdk.ch\/kunstvermittlung\/files\/2011\/03\/Projektdoku_Inhaltsverzeichnis.png 2016w\" sizes=\"auto, (max-width: 300px) 100vw, 300px\" \/><\/a><br \/>\n<\/em><br \/>\n<\/em><br \/>\n<\/em><br \/>\n<\/em><br \/>\n<\/em><\/p>\n<h4>Projekte Kunstvermittlung<\/h4>\n<h4>Kontakt: emilio.paroni@bluewin.ch<\/h4>\n<p>&nbsp;<br \/>\n<\/em><br \/>\n<\/em><\/p>\n","protected":false},"excerpt":{"rendered":"<p>Ein Kooperationsprojekt des Bachelor of Arts in Vermittlung von Kunst uns Design ZHdK in Zusammenhang mit der Ausstellung &#8222;Pap(i)er Fashion&#8220; am Museum Bellerive Z\u00fcrich Studierende des Bachelor of Arts in Vermittlung von Kunst und Design sind gestalterisch t\u00e4tig an der Schnittstelle zwischen k\u00fcnstlerischer Praxis und Vermittlung von Kunst und Design. Sie verf\u00fcgen \u00fcber Kompetenzen, das [&hellip;]<\/p>\n","protected":false},"author":342,"featured_media":0,"parent":2197,"menu_order":8,"comment_status":"closed","ping_status":"closed","template":"","meta":{"footnotes":""},"class_list":["post-319","page","type-page","status-publish","czr-hentry"],"_links":{"self":[{"href":"https:\/\/blog.zhdk.ch\/kunstvermittlung\/wp-json\/wp\/v2\/pages\/319","targetHints":{"allow":["GET"]}}],"collection":[{"href":"https:\/\/blog.zhdk.ch\/kunstvermittlung\/wp-json\/wp\/v2\/pages"}],"about":[{"href":"https:\/\/blog.zhdk.ch\/kunstvermittlung\/wp-json\/wp\/v2\/types\/page"}],"author":[{"embeddable":true,"href":"https:\/\/blog.zhdk.ch\/kunstvermittlung\/wp-json\/wp\/v2\/users\/342"}],"replies":[{"embeddable":true,"href":"https:\/\/blog.zhdk.ch\/kunstvermittlung\/wp-json\/wp\/v2\/comments?post=319"}],"version-history":[{"count":32,"href":"https:\/\/blog.zhdk.ch\/kunstvermittlung\/wp-json\/wp\/v2\/pages\/319\/revisions"}],"predecessor-version":[{"id":6419,"href":"https:\/\/blog.zhdk.ch\/kunstvermittlung\/wp-json\/wp\/v2\/pages\/319\/revisions\/6419"}],"up":[{"embeddable":true,"href":"https:\/\/blog.zhdk.ch\/kunstvermittlung\/wp-json\/wp\/v2\/pages\/2197"}],"wp:attachment":[{"href":"https:\/\/blog.zhdk.ch\/kunstvermittlung\/wp-json\/wp\/v2\/media?parent=319"}],"curies":[{"name":"wp","href":"https:\/\/api.w.org\/{rel}","templated":true}]}}