{"id":4454,"date":"2015-06-13T23:48:46","date_gmt":"2015-06-13T22:48:46","guid":{"rendered":"https:\/\/blog.zhdk.ch\/kunstvermittlung\/?page_id=4454"},"modified":"2015-07-15T07:19:35","modified_gmt":"2015-07-15T06:19:35","slug":"picture-tales","status":"publish","type":"page","link":"https:\/\/blog.zhdk.ch\/kunstvermittlung\/vergangene-projekte-kunstvermittlung\/2015-kooperation-kunsthaus-glarus\/picture-tales\/","title":{"rendered":"Picture tales"},"content":{"rendered":"<p>Mathis Eigensatz, Stefan Tschumi<br \/>\n<\/em><br \/>\nWir w\u00e4hlen abstrakte Gem\u00e4lde aus der Sammlung des Kunsthauses Glarus aus und besprechen sie mit verschiedenen Altersgruppen. Audio-Aufnahmen der Gespr\u00e4che werden in einer u\u0308berarbeiteten Form im Ausstellungsraum gemeinsam mit den ausgew\u00e4hlten Bildern gezeigt.<br \/>\n<\/em><br \/>\nWir m\u00f6chten den Besucher\/innen die Scheu nehmen, \u00fcber abstrakte Kunst zu sprechen. Durch das H\u00e4ren der verschiedenen Stimmen und Aussagen gewinnen sie einen Eindruck, wie man \u00fcber Kunst sprechen kann, dass es kein Richtig oder Falsch gibt und jede Aussage wertvoll ist. Zudem nimmt der Besucher\/die Besucherin daran teil wie man \u00fcber die Sprache ein Werk ergr\u00fcnden kann.<br \/>\n<\/em><br \/>\n<a href=\"https:\/\/blog.zhdk.ch\/kunstvermittlung\/files\/2015\/06\/2015-06-12-18.55.44.jpg\" rel=\"lightbox[4454]\"><img loading=\"lazy\" decoding=\"async\" src=\"https:\/\/blog.zhdk.ch\/kunstvermittlung\/files\/2015\/06\/2015-06-12-18.55.44-300x180.jpg\" alt=\"2015-06-12 18.55.44\" width=\"300\" height=\"180\" class=\"alignnone size-medium wp-image-4546\" srcset=\"https:\/\/blog.zhdk.ch\/kunstvermittlung\/files\/2015\/06\/2015-06-12-18.55.44-300x180.jpg 300w, https:\/\/blog.zhdk.ch\/kunstvermittlung\/files\/2015\/06\/2015-06-12-18.55.44-1024x613.jpg 1024w\" sizes=\"auto, (max-width: 300px) 100vw, 300px\" \/><\/a> <a href=\"https:\/\/blog.zhdk.ch\/kunstvermittlung\/files\/2015\/06\/2015-06-12-19.03.32.jpg\" rel=\"lightbox[4454]\"><img loading=\"lazy\" decoding=\"async\" src=\"https:\/\/blog.zhdk.ch\/kunstvermittlung\/files\/2015\/06\/2015-06-12-19.03.32-300x180.jpg\" alt=\"2015-06-12 19.03.32\" width=\"300\" height=\"180\" class=\"alignnone size-medium wp-image-4550\" srcset=\"https:\/\/blog.zhdk.ch\/kunstvermittlung\/files\/2015\/06\/2015-06-12-19.03.32-300x180.jpg 300w, https:\/\/blog.zhdk.ch\/kunstvermittlung\/files\/2015\/06\/2015-06-12-19.03.32-1024x613.jpg 1024w\" sizes=\"auto, (max-width: 300px) 100vw, 300px\" \/><\/a><br \/>\n<\/em><br \/>\n<\/em><br \/>\n<\/em><\/p>\n<h4>\u00a9 2015 &#8211; EIN PROJEKT VON STUDIERENDEN DES BACHELOR ART EDUCATION<\/h4>\n<p><\/em><br \/>\n<\/em><\/p>\n","protected":false},"excerpt":{"rendered":"<p>Mathis Eigensatz, Stefan Tschumi Wir w\u00e4hlen abstrakte Gem\u00e4lde aus der Sammlung des Kunsthauses Glarus aus und besprechen sie mit verschiedenen Altersgruppen. Audio-Aufnahmen der Gespr\u00e4che werden in einer u\u0308berarbeiteten Form im Ausstellungsraum gemeinsam mit den ausgew\u00e4hlten Bildern gezeigt. Wir m\u00f6chten den Besucher\/innen die Scheu nehmen, \u00fcber abstrakte Kunst zu sprechen. Durch das H\u00e4ren der verschiedenen Stimmen [&hellip;]<\/p>\n","protected":false},"author":342,"featured_media":0,"parent":3408,"menu_order":4,"comment_status":"closed","ping_status":"closed","template":"","meta":{"footnotes":""},"class_list":["post-4454","page","type-page","status-publish","czr-hentry"],"_links":{"self":[{"href":"https:\/\/blog.zhdk.ch\/kunstvermittlung\/wp-json\/wp\/v2\/pages\/4454","targetHints":{"allow":["GET"]}}],"collection":[{"href":"https:\/\/blog.zhdk.ch\/kunstvermittlung\/wp-json\/wp\/v2\/pages"}],"about":[{"href":"https:\/\/blog.zhdk.ch\/kunstvermittlung\/wp-json\/wp\/v2\/types\/page"}],"author":[{"embeddable":true,"href":"https:\/\/blog.zhdk.ch\/kunstvermittlung\/wp-json\/wp\/v2\/users\/342"}],"replies":[{"embeddable":true,"href":"https:\/\/blog.zhdk.ch\/kunstvermittlung\/wp-json\/wp\/v2\/comments?post=4454"}],"version-history":[{"count":9,"href":"https:\/\/blog.zhdk.ch\/kunstvermittlung\/wp-json\/wp\/v2\/pages\/4454\/revisions"}],"predecessor-version":[{"id":4554,"href":"https:\/\/blog.zhdk.ch\/kunstvermittlung\/wp-json\/wp\/v2\/pages\/4454\/revisions\/4554"}],"up":[{"embeddable":true,"href":"https:\/\/blog.zhdk.ch\/kunstvermittlung\/wp-json\/wp\/v2\/pages\/3408"}],"wp:attachment":[{"href":"https:\/\/blog.zhdk.ch\/kunstvermittlung\/wp-json\/wp\/v2\/media?parent=4454"}],"curies":[{"name":"wp","href":"https:\/\/api.w.org\/{rel}","templated":true}]}}