{"id":4641,"date":"2016-03-27T17:38:01","date_gmt":"2016-03-27T16:38:01","guid":{"rendered":"https:\/\/blog.zhdk.ch\/kunstvermittlung\/?page_id=4641"},"modified":"2018-02-26T12:11:06","modified_gmt":"2018-02-26T11:11:06","slug":"auf-raeume-wirken","status":"publish","type":"page","link":"https:\/\/blog.zhdk.ch\/kunstvermittlung\/vergangene-projekte-kunstvermittlung\/auf-raeume-wirken\/","title":{"rendered":"2016: Auf R\u00e4ume wirken"},"content":{"rendered":"<p><\/em><br \/>\nProjekte Kunstvermittlung in Zusammenhang mit der Ausstellung <a href=\"http:\/\/www.museum-bellerive.ch\/de\/ausstellungen\/real-surreal\/\" target=\"_blank\">Real Surreal<\/a><br \/>\n(1.04.2016 bis 24.07.2016) am <a href=\"http:\/\/www.museum-bellerive.ch\/\" target=\"_blank\">Museum Bellerive<\/a> Z\u00fcrich.<br \/>\nErg\u00e4nzend zur Ausstellung \u00abReal Surreal\u00bb erarbeiten Studierende des Bachelorstudiengangs<br \/>\n<a href=\"https:\/\/www.zhdk.ch\/?bae\" target=\"_blank\">Art Education<\/a> der Z\u00fcrcher Hochschule der K\u00fcnste von der Kunst her gedachte Interventionen.<br \/>\n<\/em><br \/>\nWir setzen uns mit der Ausstellung und der Institution Museum Bellerive auseinander. Uns interessiert insbesondere der Raum. Wie verm\u00f6gen vermittlerische Handlungen auf <a href=\"https:\/\/blog.zhdk.ch\/kunstvermittlung\/files\/2016\/03\/Handlungsra\u0308ume_auf-Ra\u0308ume-wirken.pdf\" target=\"_blank\">R\u00e4ume<\/a> einzuwirken?<br \/>\nParallel zu bestehenden Vermittlungsangeboten suchen wir nach ortsverbundenen M\u00f6glichkeiten,<br \/>\nKunst zu betrachten und \u00fcber Kunst zu sprechen: Wir gehen dabei auf Menschen zu und<br \/>\npraktizieren nicht prim\u00e4r im Ausstellungsraum, sondern involvieren Menschen auch ausserhalb,<br \/>\nim \u00f6ffentlichen Raum.<br \/>\n<\/em><br \/>\n<a href=\"https:\/\/blog.zhdk.ch\/kunstvermittlung\/files\/2016\/03\/Faltflyer_Auf-Ra\u0308ume-wirken_RZ.jpg\" target=\"_blank\" rel=\"lightbox[4641]\"><figure id=\"attachment_5133\" aria-describedby=\"caption-attachment-5133\" style=\"width: 300px\" class=\"wp-caption alignleft\"><img loading=\"lazy\" decoding=\"async\" src=\"https:\/\/blog.zhdk.ch\/kunstvermittlung\/files\/2016\/03\/Faltflyer_Auf-Ra\u0308ume-wirken_RZ-300x196.jpg\" alt=\"Flyer_auf R\u00e4ume wirken\" width=\"300\" height=\"196\" class=\"size-medium wp-image-5133\" srcset=\"https:\/\/blog.zhdk.ch\/kunstvermittlung\/files\/2016\/03\/Faltflyer_Auf-Ra\u0308ume-wirken_RZ-300x196.jpg 300w, https:\/\/blog.zhdk.ch\/kunstvermittlung\/files\/2016\/03\/Faltflyer_Auf-Ra\u0308ume-wirken_RZ-768x502.jpg 768w, https:\/\/blog.zhdk.ch\/kunstvermittlung\/files\/2016\/03\/Faltflyer_Auf-Ra\u0308ume-wirken_RZ.jpg 1024w\" sizes=\"auto, (max-width: 300px) 100vw, 300px\" \/><figcaption id=\"caption-attachment-5133\" class=\"wp-caption-text\">Flyer_auf R\u00e4ume wirken<\/figcaption><\/figure><\/a><br \/>\n<\/em><br \/>\nDie von den Studierenden konzipierten Vermittlungsprojekte wurden Mitte <strong>April bis Ende Mai 2016<\/strong> im und vor dem Museum Bellerive, und im \u00f6ffentlichen Raum der Stadt Z\u00fcrich durchgef\u00fchrt.<br \/>\n<\/em><br \/>\nDas Projekt \u00abKein Museum\u00bb war bei sch\u00f6nem Wetter im \u00f6ffentlichen Raum der Stadt Z\u00fcrich<br \/>\nnomadisch unterwegs und strandete zum Abschluss im Hof des Museums Bellerive.<br \/>\n<\/em><br \/>\nDie Projekte \u00abSehst\u00fccke &amp; Sprechl\u00fccke\u00bb (Performative Begehung), \u00abSo wenig L\u00e4rm wie m\u00f6glich\u00bb (Handlungsanweisungen mit BesucherInnen), \u00abReal &#8211; Surreal &#8211; Ich\u00bb (Intensiv-Workshop) und<br \/>\n\u00abdis moi!\u00bb (Gespr\u00e4che mit PassantInnen) waren \u00fcber die ganze Zeitspanne in und ausserhalb des Museums t\u00e4tig und pr\u00e4sent.<br \/>\n<\/em><br \/>\nDer Audiobeitrag \u00abdis moi!\u00bb erg\u00e4nzte ab Ende Mai die Ausstellung \u00abReal Surreal\u00bb .<br \/>\n<\/em><br \/>\n<\/em><br \/>\n<\/em><br \/>\n<strong>Final Ap\u00e9ro<\/strong><br \/>\nAm Donnerstag, 26. Mai 2016, trafen sich in einer gem\u00fctlichen Atmosph\u00e4re alle Vermittlungsprojekte im Hof des Museums Bellerive und in der Ausstellung und veranstalteten im \u00f6ffentlichen Rahmen einen Projektbschluss mit Performance, F\u00fchrungen, Audio-Guide und Gespr\u00e4chen.<br \/>\n<\/em><br \/>\n<\/em><br \/>\n<img loading=\"lazy\" decoding=\"async\" src=\"https:\/\/blog.zhdk.ch\/kunstvermittlung\/files\/2016\/03\/IMG_20160526_171135a-300x180.jpg\" alt=\"IMG_20160526_171135a\" width=\"300\" height=\"180\" class=\"alignleft size-medium wp-image-5486\" srcset=\"https:\/\/blog.zhdk.ch\/kunstvermittlung\/files\/2016\/03\/IMG_20160526_171135a-300x180.jpg 300w, https:\/\/blog.zhdk.ch\/kunstvermittlung\/files\/2016\/03\/IMG_20160526_171135a-768x461.jpg 768w, https:\/\/blog.zhdk.ch\/kunstvermittlung\/files\/2016\/03\/IMG_20160526_171135a-1024x615.jpg 1024w, https:\/\/blog.zhdk.ch\/kunstvermittlung\/files\/2016\/03\/IMG_20160526_171135a.jpg 1984w\" sizes=\"auto, (max-width: 300px) 100vw, 300px\" \/><img loading=\"lazy\" decoding=\"async\" src=\"https:\/\/blog.zhdk.ch\/kunstvermittlung\/files\/2016\/03\/IMG_20160526_171334a-300x180.jpg\" alt=\"IMG_20160526_171334a\" width=\"300\" height=\"180\" class=\"alignleft size-medium wp-image-5488\" srcset=\"https:\/\/blog.zhdk.ch\/kunstvermittlung\/files\/2016\/03\/IMG_20160526_171334a-300x180.jpg 300w, https:\/\/blog.zhdk.ch\/kunstvermittlung\/files\/2016\/03\/IMG_20160526_171334a-768x461.jpg 768w, https:\/\/blog.zhdk.ch\/kunstvermittlung\/files\/2016\/03\/IMG_20160526_171334a-1024x615.jpg 1024w, https:\/\/blog.zhdk.ch\/kunstvermittlung\/files\/2016\/03\/IMG_20160526_171334a.jpg 1984w\" sizes=\"auto, (max-width: 300px) 100vw, 300px\" \/><img loading=\"lazy\" decoding=\"async\" src=\"https:\/\/blog.zhdk.ch\/kunstvermittlung\/files\/2016\/03\/IMG_20160526_172905a-300x180.jpg\" alt=\"IMG_20160526_172905a\" width=\"300\" height=\"180\" class=\"alignleft size-medium wp-image-5490\" srcset=\"https:\/\/blog.zhdk.ch\/kunstvermittlung\/files\/2016\/03\/IMG_20160526_172905a-300x180.jpg 300w, https:\/\/blog.zhdk.ch\/kunstvermittlung\/files\/2016\/03\/IMG_20160526_172905a-768x461.jpg 768w, https:\/\/blog.zhdk.ch\/kunstvermittlung\/files\/2016\/03\/IMG_20160526_172905a-1024x615.jpg 1024w, https:\/\/blog.zhdk.ch\/kunstvermittlung\/files\/2016\/03\/IMG_20160526_172905a.jpg 1984w\" sizes=\"auto, (max-width: 300px) 100vw, 300px\" \/><img loading=\"lazy\" decoding=\"async\" src=\"https:\/\/blog.zhdk.ch\/kunstvermittlung\/files\/2016\/03\/IMG_20160526_172919a-300x180.jpg\" alt=\"IMG_20160526_172919a\" width=\"300\" height=\"180\" class=\"alignleft size-medium wp-image-5492\" srcset=\"https:\/\/blog.zhdk.ch\/kunstvermittlung\/files\/2016\/03\/IMG_20160526_172919a-300x180.jpg 300w, https:\/\/blog.zhdk.ch\/kunstvermittlung\/files\/2016\/03\/IMG_20160526_172919a-768x461.jpg 768w, https:\/\/blog.zhdk.ch\/kunstvermittlung\/files\/2016\/03\/IMG_20160526_172919a-1024x615.jpg 1024w, https:\/\/blog.zhdk.ch\/kunstvermittlung\/files\/2016\/03\/IMG_20160526_172919a.jpg 1984w\" sizes=\"auto, (max-width: 300px) 100vw, 300px\" \/><br \/>\nDie Performance \u00abSehst\u00fccke &amp; Sprechl\u00fccke\u00bb im Kubus am Final Ap\u00e9ro Ende Mai.<br \/>\n<\/em><br \/>\n<img loading=\"lazy\" decoding=\"async\" src=\"https:\/\/blog.zhdk.ch\/kunstvermittlung\/files\/2016\/03\/IMG_20160526_181756a-300x180.jpg\" alt=\"IMG_20160526_181756a\" width=\"300\" height=\"180\" class=\"alignleft size-medium wp-image-5518\" srcset=\"https:\/\/blog.zhdk.ch\/kunstvermittlung\/files\/2016\/03\/IMG_20160526_181756a-300x180.jpg 300w, https:\/\/blog.zhdk.ch\/kunstvermittlung\/files\/2016\/03\/IMG_20160526_181756a-768x461.jpg 768w, https:\/\/blog.zhdk.ch\/kunstvermittlung\/files\/2016\/03\/IMG_20160526_181756a-1024x615.jpg 1024w, https:\/\/blog.zhdk.ch\/kunstvermittlung\/files\/2016\/03\/IMG_20160526_181756a.jpg 1984w\" sizes=\"auto, (max-width: 300px) 100vw, 300px\" \/><img loading=\"lazy\" decoding=\"async\" src=\"https:\/\/blog.zhdk.ch\/kunstvermittlung\/files\/2016\/03\/IMG_20160526_181719a-300x180.jpg\" alt=\"IMG_20160526_181719a\" width=\"300\" height=\"180\" class=\"alignleft size-medium wp-image-5520\" srcset=\"https:\/\/blog.zhdk.ch\/kunstvermittlung\/files\/2016\/03\/IMG_20160526_181719a-300x180.jpg 300w, https:\/\/blog.zhdk.ch\/kunstvermittlung\/files\/2016\/03\/IMG_20160526_181719a-768x461.jpg 768w, https:\/\/blog.zhdk.ch\/kunstvermittlung\/files\/2016\/03\/IMG_20160526_181719a-1024x615.jpg 1024w, https:\/\/blog.zhdk.ch\/kunstvermittlung\/files\/2016\/03\/IMG_20160526_181719a.jpg 1984w\" sizes=\"auto, (max-width: 300px) 100vw, 300px\" \/><br \/>\n<\/em><br \/>\n<strong>Der andere Audio-Guide<\/strong><br \/>\nSeit Freitag, 27. Mai 2016 erg\u00e4nzt der Audiobeitrag \u00abdis moi!\u00bb die Ausstellung \u00abReal Surreal\u00bb.<br \/>\n<\/em><br \/>\n<\/em><\/p>\n<h3>F\u00fcr weiterf\u00fchrende Informationen zu den Vermittlungsprojekten<br \/>\nauf folgende Bilder klicken<\/h3>\n<p><a href=\"https:\/\/blog.zhdk.ch\/kunstvermittlung\/auf-raeume-wirken\/kein-museum\/\" target=\"_blank\"><figure id=\"attachment_4929\" aria-describedby=\"caption-attachment-4929\" style=\"width: 150px\" class=\"wp-caption alignleft\"><img loading=\"lazy\" decoding=\"async\" src=\"https:\/\/blog.zhdk.ch\/kunstvermittlung\/files\/2016\/04\/flyer-KUBUS-150x150.jpg\" alt=\"Kein Museum\" width=\"150\" height=\"150\" class=\"size-thumbnail wp-image-4929\" \/><figcaption id=\"caption-attachment-4929\" class=\"wp-caption-text\">Kein Museum<\/figcaption><\/figure><\/a><br \/>\n<a href=\"https:\/\/blog.zhdk.ch\/kunstvermittlung\/auf-raeume-wirken\/sehhilfen-sprechbruecken\/\" target=\"_blank\"><figure id=\"attachment_4959\" aria-describedby=\"caption-attachment-4959\" style=\"width: 150px\" class=\"wp-caption alignleft\"><img loading=\"lazy\" decoding=\"async\" src=\"https:\/\/blog.zhdk.ch\/kunstvermittlung\/files\/2016\/04\/Flyer_Begehung_4-150x150.jpg\" alt=\"Sehst\u00fccke &amp; Sehl\u00fccke\" width=\"150\" height=\"150\" class=\"size-thumbnail wp-image-4959\" \/><figcaption id=\"caption-attachment-4959\" class=\"wp-caption-text\">Sehst\u00fccke &amp; Sehl\u00fccke<\/figcaption><\/figure><\/a><br \/>\n<a href=\"https:\/\/blog.zhdk.ch\/kunstvermittlung\/auf-raeume-wirken\/dis-moi\/\" target=\"_blank\"><figure id=\"attachment_5550\" aria-describedby=\"caption-attachment-5550\" style=\"width: 150px\" class=\"wp-caption alignleft\"><img loading=\"lazy\" decoding=\"async\" src=\"https:\/\/blog.zhdk.ch\/kunstvermittlung\/files\/2016\/03\/dis-moi_Titelseite-150x150.jpg\" alt=\"dis moi!\" width=\"150\" height=\"150\" class=\"size-thumbnail wp-image-5550\" \/><figcaption id=\"caption-attachment-5550\" class=\"wp-caption-text\">dis moi!<\/figcaption><\/figure><\/a><br \/>\n<a href=\"https:\/\/blog.zhdk.ch\/kunstvermittlung\/auf-raeume-wirken\/real-surreal-ich\/\" target=\"_blank\"><figure id=\"attachment_5009\" aria-describedby=\"caption-attachment-5009\" style=\"width: 150px\" class=\"wp-caption alignleft\"><img loading=\"lazy\" decoding=\"async\" src=\"https:\/\/blog.zhdk.ch\/kunstvermittlung\/files\/2016\/04\/Cadavre-exquis-verbal-150x150.jpg\" alt=\"Real - Surreal - Ich\" width=\"150\" height=\"150\" class=\"size-thumbnail wp-image-5009\" \/><figcaption id=\"caption-attachment-5009\" class=\"wp-caption-text\">Real &#8211; Surreal &#8211; Ich<\/figcaption><\/figure><\/a><br \/>\n<a href=\"https:\/\/blog.zhdk.ch\/kunstvermittlung\/auf-raeume-wirken\/interrrim\/\" target=\"_blank\"><figure id=\"attachment_5570\" aria-describedby=\"caption-attachment-5570\" style=\"width: 150px\" class=\"wp-caption alignleft\"><img loading=\"lazy\" decoding=\"async\" src=\"https:\/\/blog.zhdk.ch\/kunstvermittlung\/files\/2016\/03\/so-wenig-La\u0308rm-wie-mo\u0308glich-machen-150x150.jpg\" alt=\"-so wenig L\u00e4rm wie m\u00f6glich machen-\" width=\"150\" height=\"150\" class=\"size-thumbnail wp-image-5570\" \/><figcaption id=\"caption-attachment-5570\" class=\"wp-caption-text\">-so wenig L\u00e4rm wie m\u00f6glich machen-<\/figcaption><\/figure><\/a><br \/>\n<\/em><br \/>\nStudierende:<br \/>\nEmmanuel Berti, Simona Mara Bischof, Gianna Bru\u0308hwiler, Laura Nina Flu\u0308ck, Charlotte Friedli, Monika Geschwentner, Sandra Keller, Marina Lussi, Marilena Ott, Sibylle Sch\u00e4rli, Natalie Schmid<br \/>\n<\/em><br \/>\nDozent:<br \/>\nEmilio Paroni, Projektleitung, k\u00fcnstlerische Kunstvermittlung<br \/>\n<\/em><br \/>\nGastdozierende ZHdK<br \/>\nFranziska M\u00fchlbacher, institutionelle Kunstvermittlung, Schaudepot MfG<br \/>\nSandra Winiger, institutionelle Kunstvermittlung Kunsthaus Zug<br \/>\nJ\u00fcrgen Krusche, Theorie Raum\/\u00d6ffentlicher Raum<br \/>\n<\/em><br \/>\nMuseum Bellerive:<br \/>\nJacqueline Greenspan, Operative Leitung Museum Bellerive<br \/>\nFranziska M\u00fchlbacher, Kuratorin Kunstvermittlung Museum f\u00fcr Gestaltung<br \/>\n<\/em><br \/>\n<\/em><br \/>\n<\/em><br \/>\nEine Dokumentation \u00fcber das Vermittlungsprojekt \u00abAuf R\u00e4ume wirken\u00bb ist in gedruckter Form erh\u00e4ltlich. Kontakt: emilio.paroni@zhdk.ch<br \/>\n<\/em><br \/>\n<\/em><br \/>\n<\/em><br \/>\n<\/em><br \/>\n<\/em><\/p>\n<h4>Projekte Kunstvermittlung<\/h4>\n<h4>Kontakt: emilio.paroni@bluewin.ch<\/h4>\n<p>&nbsp;<br \/>\n<\/em><br \/>\n<\/em><\/p>\n","protected":false},"excerpt":{"rendered":"<p>Projekte Kunstvermittlung in Zusammenhang mit der Ausstellung Real Surreal (1.04.2016 bis 24.07.2016) am Museum Bellerive Z\u00fcrich. Erg\u00e4nzend zur Ausstellung \u00abReal Surreal\u00bb erarbeiten Studierende des Bachelorstudiengangs Art Education der Z\u00fcrcher Hochschule der K\u00fcnste von der Kunst her gedachte Interventionen. Wir setzen uns mit der Ausstellung und der Institution Museum Bellerive auseinander. Uns interessiert insbesondere der Raum. [&hellip;]<\/p>\n","protected":false},"author":342,"featured_media":0,"parent":2197,"menu_order":0,"comment_status":"closed","ping_status":"closed","template":"","meta":{"footnotes":""},"class_list":["post-4641","page","type-page","status-publish","czr-hentry"],"_links":{"self":[{"href":"https:\/\/blog.zhdk.ch\/kunstvermittlung\/wp-json\/wp\/v2\/pages\/4641","targetHints":{"allow":["GET"]}}],"collection":[{"href":"https:\/\/blog.zhdk.ch\/kunstvermittlung\/wp-json\/wp\/v2\/pages"}],"about":[{"href":"https:\/\/blog.zhdk.ch\/kunstvermittlung\/wp-json\/wp\/v2\/types\/page"}],"author":[{"embeddable":true,"href":"https:\/\/blog.zhdk.ch\/kunstvermittlung\/wp-json\/wp\/v2\/users\/342"}],"replies":[{"embeddable":true,"href":"https:\/\/blog.zhdk.ch\/kunstvermittlung\/wp-json\/wp\/v2\/comments?post=4641"}],"version-history":[{"count":131,"href":"https:\/\/blog.zhdk.ch\/kunstvermittlung\/wp-json\/wp\/v2\/pages\/4641\/revisions"}],"predecessor-version":[{"id":6403,"href":"https:\/\/blog.zhdk.ch\/kunstvermittlung\/wp-json\/wp\/v2\/pages\/4641\/revisions\/6403"}],"up":[{"embeddable":true,"href":"https:\/\/blog.zhdk.ch\/kunstvermittlung\/wp-json\/wp\/v2\/pages\/2197"}],"wp:attachment":[{"href":"https:\/\/blog.zhdk.ch\/kunstvermittlung\/wp-json\/wp\/v2\/media?parent=4641"}],"curies":[{"name":"wp","href":"https:\/\/api.w.org\/{rel}","templated":true}]}}