{"id":4727,"date":"2016-04-14T13:06:21","date_gmt":"2016-04-14T12:06:21","guid":{"rendered":"https:\/\/blog.zhdk.ch\/kunstvermittlung\/?page_id=4727"},"modified":"2016-06-01T09:22:04","modified_gmt":"2016-06-01T08:22:04","slug":"kein-museum","status":"publish","type":"page","link":"https:\/\/blog.zhdk.ch\/kunstvermittlung\/vergangene-projekte-kunstvermittlung\/auf-raeume-wirken\/kein-museum\/","title":{"rendered":"Kein Museum"},"content":{"rendered":"<p>Simona Bischoff, Gianna Br\u00fchwiler, Laura Fl\u00fcck,<br \/>\nSandra Keller, Marilena Ott<br \/>\n<\/em><br \/>\n<\/em><br \/>\nEin Ort f\u00fcr Begegnungen und Gespr\u00e4che. \u00dcber Bilder, Sammeln und Museen, \u00fcber Kunst im Alltag und Handyfotos. Ob Kunstfan oder kunstfern, was und warum sammeln wir, wie erleben wir das Museum, den Sammlungsraum?<br \/>\n<\/em><br \/>\nAls Pop-Up-Kubus gelangt der Museumsraum auf die Strasse, auf Pl\u00e4tze und Wiesen, wo unterschiedliche Menschen zur Auseinandersetzung mit Bildern und ihren pers\u00f6nlichen Sammlungen angeregt werden. \u00abKein Museum\u00bb lenkt die Aufmerksamkeit auf Objekte im Alltag, bringt Bilder und Gespr\u00e4che zusammen und tr\u00e4gt diese im Kubus als sich st\u00e4ndig wandelnde Sammlung weiter.<br \/>\n<\/em><br \/>\n<\/em><br \/>\n\u00abKein Museum\u00bb\u00a0war bei sch\u00f6nem Wetter im \u00f6ffentlichen Raum der Stadt Z\u00fcrich anzutreffen<br \/>\nund Ende Mai am Final Ap\u00e9ro im Hof des Museums Bellerive<br \/>\n<\/em><br \/>\n<\/em><br \/>\n<img loading=\"lazy\" decoding=\"async\" src=\"https:\/\/blog.zhdk.ch\/kunstvermittlung\/files\/2016\/04\/FullSizeRender_a-267x300.jpg\" alt=\"FullSizeRender_a\" width=\"267\" height=\"300\" class=\"alignleft size-medium wp-image-5411\" srcset=\"https:\/\/blog.zhdk.ch\/kunstvermittlung\/files\/2016\/04\/FullSizeRender_a-267x300.jpg 267w, https:\/\/blog.zhdk.ch\/kunstvermittlung\/files\/2016\/04\/FullSizeRender_a-768x863.jpg 768w, https:\/\/blog.zhdk.ch\/kunstvermittlung\/files\/2016\/04\/FullSizeRender_a-912x1024.jpg 912w, https:\/\/blog.zhdk.ch\/kunstvermittlung\/files\/2016\/04\/FullSizeRender_a.jpg 1792w\" sizes=\"auto, (max-width: 267px) 100vw, 267px\" \/><img loading=\"lazy\" decoding=\"async\" src=\"https:\/\/blog.zhdk.ch\/kunstvermittlung\/files\/2016\/04\/image_a-300x300.jpg\" alt=\"image_a\" width=\"300\" height=\"300\" class=\"alignleft size-medium wp-image-5413\" srcset=\"https:\/\/blog.zhdk.ch\/kunstvermittlung\/files\/2016\/04\/image_a-300x300.jpg 300w, https:\/\/blog.zhdk.ch\/kunstvermittlung\/files\/2016\/04\/image_a-150x150.jpg 150w, https:\/\/blog.zhdk.ch\/kunstvermittlung\/files\/2016\/04\/image_a-768x770.jpg 768w, https:\/\/blog.zhdk.ch\/kunstvermittlung\/files\/2016\/04\/image_a.jpg 858w\" sizes=\"auto, (max-width: 300px) 100vw, 300px\" \/><br \/>\n<img loading=\"lazy\" decoding=\"async\" src=\"https:\/\/blog.zhdk.ch\/kunstvermittlung\/files\/2016\/04\/IMGP0688-300x199.jpg\" alt=\"IMGP0688\" width=\"300\" height=\"199\" class=\"alignleft size-medium wp-image-5417\" srcset=\"https:\/\/blog.zhdk.ch\/kunstvermittlung\/files\/2016\/04\/IMGP0688-300x199.jpg 300w, https:\/\/blog.zhdk.ch\/kunstvermittlung\/files\/2016\/04\/IMGP0688-768x509.jpg 768w, https:\/\/blog.zhdk.ch\/kunstvermittlung\/files\/2016\/04\/IMGP0688-1024x678.jpg 1024w\" sizes=\"auto, (max-width: 300px) 100vw, 300px\" \/><img loading=\"lazy\" decoding=\"async\" src=\"https:\/\/blog.zhdk.ch\/kunstvermittlung\/files\/2016\/04\/IMGP0681-300x199.jpg\" alt=\"IMGP0681\" width=\"300\" height=\"199\" class=\"alignleft size-medium wp-image-5423\" srcset=\"https:\/\/blog.zhdk.ch\/kunstvermittlung\/files\/2016\/04\/IMGP0681-300x199.jpg 300w, https:\/\/blog.zhdk.ch\/kunstvermittlung\/files\/2016\/04\/IMGP0681-768x509.jpg 768w, https:\/\/blog.zhdk.ch\/kunstvermittlung\/files\/2016\/04\/IMGP0681-1024x678.jpg 1024w\" sizes=\"auto, (max-width: 300px) 100vw, 300px\" \/><img loading=\"lazy\" decoding=\"async\" src=\"https:\/\/blog.zhdk.ch\/kunstvermittlung\/files\/2016\/04\/IMGP0702a-300x199.jpg\" alt=\"IMGP0702a\" width=\"300\" height=\"199\" class=\"alignleft size-medium wp-image-5431\" srcset=\"https:\/\/blog.zhdk.ch\/kunstvermittlung\/files\/2016\/04\/IMGP0702a-300x199.jpg 300w, https:\/\/blog.zhdk.ch\/kunstvermittlung\/files\/2016\/04\/IMGP0702a-768x509.jpg 768w, https:\/\/blog.zhdk.ch\/kunstvermittlung\/files\/2016\/04\/IMGP0702a-1024x678.jpg 1024w\" sizes=\"auto, (max-width: 300px) 100vw, 300px\" \/><img loading=\"lazy\" decoding=\"async\" src=\"https:\/\/blog.zhdk.ch\/kunstvermittlung\/files\/2016\/04\/IMGP0694-300x199.jpg\" alt=\"IMGP0694\" width=\"300\" height=\"199\" class=\"alignleft size-medium wp-image-5427\" srcset=\"https:\/\/blog.zhdk.ch\/kunstvermittlung\/files\/2016\/04\/IMGP0694-300x199.jpg 300w, https:\/\/blog.zhdk.ch\/kunstvermittlung\/files\/2016\/04\/IMGP0694-768x509.jpg 768w, https:\/\/blog.zhdk.ch\/kunstvermittlung\/files\/2016\/04\/IMGP0694-1024x678.jpg 1024w\" sizes=\"auto, (max-width: 300px) 100vw, 300px\" \/><img loading=\"lazy\" decoding=\"async\" src=\"https:\/\/blog.zhdk.ch\/kunstvermittlung\/files\/2016\/04\/IMGP0689a-199x300.jpg\" alt=\"IMGP0689a\" width=\"199\" height=\"300\" class=\"alignleft size-medium wp-image-5419\" srcset=\"https:\/\/blog.zhdk.ch\/kunstvermittlung\/files\/2016\/04\/IMGP0689a-199x300.jpg 199w, https:\/\/blog.zhdk.ch\/kunstvermittlung\/files\/2016\/04\/IMGP0689a-768x1160.jpg 768w, https:\/\/blog.zhdk.ch\/kunstvermittlung\/files\/2016\/04\/IMGP0689a-678x1024.jpg 678w, https:\/\/blog.zhdk.ch\/kunstvermittlung\/files\/2016\/04\/IMGP0689a.jpg 1632w\" sizes=\"auto, (max-width: 199px) 100vw, 199px\" \/><br \/>\n<\/em><br \/>\n<\/em><\/p>\n<h4>Zitate aus den Gespr\u00e4chen mit Passantinnen und Passanten<\/h4>\n<p><\/em><br \/>\n\u00abMuseen brauchen mehr \u00d6ffentlichkeit.\u00bb<br \/>\n<\/em><br \/>\n\u00abMuseen sind gut so wie sie sind, Kunst ist wertvoll und darf nicht von jedem ber\u00fchrt werden.\u00bb<br \/>\n<\/em><br \/>\n\u00abIch verstehe nicht, wieso ein Baum oder ein M\u00fclleimer Kunst sein sollten.\u00bb<br \/>\n<\/em><br \/>\n\u00abIch finde es anstrengend im Museum, weil ich die Bilder gerne genau anschaue.\u00bb<br \/>\n<\/em><br \/>\n\u00abIch w\u00fcrde gerne die Dinge im Museum anfassen.\u00bb<br \/>\n<\/em><br \/>\n\u00abIch weiss nicht was man so unglaublich lange \u00fcber ein Kunstwerk sprechen kann,<br \/>\nich sehe ein Bild und fertig.\u00bb<br \/>\n<\/em><br \/>\n\u00abMacht ihr eine Demo?\u00bb -\u00abNein, das ist ein Kunstprojekt.\u00bb -\u00abAh, das ist gut,<br \/>\nmacht lieber Kunst als Demos!\u00bb<br \/>\n<\/em><br \/>\n<\/em><br \/>\n<\/em><br \/>\n<\/em><br \/>\nFlyer:<br \/>\n<img loading=\"lazy\" decoding=\"async\" src=\"https:\/\/blog.zhdk.ch\/kunstvermittlung\/files\/2016\/04\/flyer-KUBUS.jpg\" alt=\"flyer KUBUS\" width=\"620\" height=\"875\" class=\"alignnone size-full wp-image-4929\" srcset=\"https:\/\/blog.zhdk.ch\/kunstvermittlung\/files\/2016\/04\/flyer-KUBUS.jpg 620w, https:\/\/blog.zhdk.ch\/kunstvermittlung\/files\/2016\/04\/flyer-KUBUS-213x300.jpg 213w\" sizes=\"auto, (max-width: 620px) 100vw, 620px\" \/><br \/>\n<\/em><br \/>\n<\/em><br \/>\nWeiterf\u00fchrende Informationen:<br \/>\n<a href=\"https:\/\/www.facebook.com\/keinmuseum\" target=\"_blank\">https:\/\/www.facebook.com\/keinmuseum<\/a><br \/>\n<\/em><br \/>\n<\/em><br \/>\n<\/em><br \/>\n<\/em><\/p>\n","protected":false},"excerpt":{"rendered":"<p>Simona Bischoff, Gianna Br\u00fchwiler, Laura Fl\u00fcck, Sandra Keller, Marilena Ott Ein Ort f\u00fcr Begegnungen und Gespr\u00e4che. \u00dcber Bilder, Sammeln und Museen, \u00fcber Kunst im Alltag und Handyfotos. Ob Kunstfan oder kunstfern, was und warum sammeln wir, wie erleben wir das Museum, den Sammlungsraum? Als Pop-Up-Kubus gelangt der Museumsraum auf die Strasse, auf Pl\u00e4tze und Wiesen, [&hellip;]<\/p>\n","protected":false},"author":342,"featured_media":0,"parent":4641,"menu_order":0,"comment_status":"closed","ping_status":"closed","template":"","meta":{"footnotes":""},"class_list":["post-4727","page","type-page","status-publish","czr-hentry"],"_links":{"self":[{"href":"https:\/\/blog.zhdk.ch\/kunstvermittlung\/wp-json\/wp\/v2\/pages\/4727","targetHints":{"allow":["GET"]}}],"collection":[{"href":"https:\/\/blog.zhdk.ch\/kunstvermittlung\/wp-json\/wp\/v2\/pages"}],"about":[{"href":"https:\/\/blog.zhdk.ch\/kunstvermittlung\/wp-json\/wp\/v2\/types\/page"}],"author":[{"embeddable":true,"href":"https:\/\/blog.zhdk.ch\/kunstvermittlung\/wp-json\/wp\/v2\/users\/342"}],"replies":[{"embeddable":true,"href":"https:\/\/blog.zhdk.ch\/kunstvermittlung\/wp-json\/wp\/v2\/comments?post=4727"}],"version-history":[{"count":54,"href":"https:\/\/blog.zhdk.ch\/kunstvermittlung\/wp-json\/wp\/v2\/pages\/4727\/revisions"}],"predecessor-version":[{"id":5596,"href":"https:\/\/blog.zhdk.ch\/kunstvermittlung\/wp-json\/wp\/v2\/pages\/4727\/revisions\/5596"}],"up":[{"embeddable":true,"href":"https:\/\/blog.zhdk.ch\/kunstvermittlung\/wp-json\/wp\/v2\/pages\/4641"}],"wp:attachment":[{"href":"https:\/\/blog.zhdk.ch\/kunstvermittlung\/wp-json\/wp\/v2\/media?parent=4727"}],"curies":[{"name":"wp","href":"https:\/\/api.w.org\/{rel}","templated":true}]}}