{"id":4755,"date":"2016-04-14T13:06:35","date_gmt":"2016-04-14T12:06:35","guid":{"rendered":"https:\/\/blog.zhdk.ch\/kunstvermittlung\/?page_id=4755"},"modified":"2016-06-08T08:43:40","modified_gmt":"2016-06-08T07:43:40","slug":"real-surreal-ich","status":"publish","type":"page","link":"https:\/\/blog.zhdk.ch\/kunstvermittlung\/vergangene-projekte-kunstvermittlung\/auf-raeume-wirken\/real-surreal-ich\/","title":{"rendered":"Real &#8211; Surreal &#8211; Ich"},"content":{"rendered":"<p>Monika Geschwentner<br \/>\n<\/em><br \/>\n<\/em><br \/>\nAuf einem gemeinsamen Rundgang durch die Ausstellung \u00abRealSurreal\u00bb lade ich die Teilnehmerinnen und Teilnehmer ein, \u00fcber ausgew\u00e4hlte Fotografien zu diskutieren und in einem zweiten Schritt ausserhalb des Museums eine eigene fotografische Auseinandersetzung zu verwirklichen.<br \/>\nZiel dabei ist, das Gesehene im eigenen Tun zu verarbeiten und mit seiner eigenen Realit\u00e4t so zu verkn\u00fcpfen, dass ein pers\u00f6nlicher Zugang gefunden und ein St\u00fcck weit hinter die R\u00e4tselhaftigkeit des Surrealismus geschaut werden kann.<br \/>\n<\/em><br \/>\nIm Zentrum meiner Vermittlung steht der pers\u00f6nliche Rahmen und die individuelle Betreuung \u2013<br \/>\ndas Vermittlungsprogramm findet deshalb in Kleingruppen von zwei bis drei Teilnehmenden statt.<br \/>\n<\/em><br \/>\n<\/em><br \/>\nDer Intensiv-Workshop \u00abReal &#8211; Surreal &#8211; Ich\u00bb fand in der Ausstellung und im Toni-Areal statt.<br \/>\nDer erste Teil stand f\u00fcr Interessierte im Museum Bellerive offen.<br \/>\n<\/em><br \/>\n<\/em><br \/>\n<\/em><\/p>\n<h4>Gestalterisch-inhaltliche Auseinandersetzungen von Teilnehmerinnen und Teilnehmern<\/h4>\n<p><\/em><br \/>\n<img loading=\"lazy\" decoding=\"async\" src=\"https:\/\/blog.zhdk.ch\/kunstvermittlung\/files\/2016\/04\/C3-300x210.jpg\" alt=\"C3\" width=\"300\" height=\"210\" class=\"alignnone size-medium wp-image-5007\" srcset=\"https:\/\/blog.zhdk.ch\/kunstvermittlung\/files\/2016\/04\/C3-300x210.jpg 300w, https:\/\/blog.zhdk.ch\/kunstvermittlung\/files\/2016\/04\/C3-768x538.jpg 768w, https:\/\/blog.zhdk.ch\/kunstvermittlung\/files\/2016\/04\/C3-1024x717.jpg 1024w, https:\/\/blog.zhdk.ch\/kunstvermittlung\/files\/2016\/04\/C3.jpg 1720w\" sizes=\"auto, (max-width: 300px) 100vw, 300px\" \/> <img loading=\"lazy\" decoding=\"async\" src=\"https:\/\/blog.zhdk.ch\/kunstvermittlung\/files\/2016\/04\/T2-300x212.jpg\" alt=\"T2\" width=\"300\" height=\"212\" class=\"alignnone size-medium wp-image-5011\" srcset=\"https:\/\/blog.zhdk.ch\/kunstvermittlung\/files\/2016\/04\/T2-300x212.jpg 300w, https:\/\/blog.zhdk.ch\/kunstvermittlung\/files\/2016\/04\/T2-768x544.jpg 768w, https:\/\/blog.zhdk.ch\/kunstvermittlung\/files\/2016\/04\/T2-1024x725.jpg 1024w\" sizes=\"auto, (max-width: 300px) 100vw, 300px\" \/>  <img loading=\"lazy\" decoding=\"async\" src=\"https:\/\/blog.zhdk.ch\/kunstvermittlung\/files\/2016\/04\/C1_kl-300x207.jpg\" alt=\"C1_kl\" width=\"300\" height=\"207\" class=\"alignnone size-medium wp-image-5025\" srcset=\"https:\/\/blog.zhdk.ch\/kunstvermittlung\/files\/2016\/04\/C1_kl-300x207.jpg 300w, https:\/\/blog.zhdk.ch\/kunstvermittlung\/files\/2016\/04\/C1_kl-768x529.jpg 768w, https:\/\/blog.zhdk.ch\/kunstvermittlung\/files\/2016\/04\/C1_kl.jpg 945w\" sizes=\"auto, (max-width: 300px) 100vw, 300px\" \/> <img loading=\"lazy\" decoding=\"async\" src=\"https:\/\/blog.zhdk.ch\/kunstvermittlung\/files\/2016\/04\/B1_kl-300x186.jpg\" alt=\"B1_kl\" width=\"300\" height=\"186\" class=\"alignnone size-medium wp-image-5023\" srcset=\"https:\/\/blog.zhdk.ch\/kunstvermittlung\/files\/2016\/04\/B1_kl-300x186.jpg 300w, https:\/\/blog.zhdk.ch\/kunstvermittlung\/files\/2016\/04\/B1_kl-768x476.jpg 768w, https:\/\/blog.zhdk.ch\/kunstvermittlung\/files\/2016\/04\/B1_kl.jpg 850w\" sizes=\"auto, (max-width: 300px) 100vw, 300px\" \/> <img loading=\"lazy\" decoding=\"async\" src=\"https:\/\/blog.zhdk.ch\/kunstvermittlung\/files\/2016\/04\/Cadavre-exquis-verbal-300x287.jpg\" alt=\"Cadavre exquis verbal\" width=\"300\" height=\"287\" class=\"alignnone size-medium wp-image-5009\" srcset=\"https:\/\/blog.zhdk.ch\/kunstvermittlung\/files\/2016\/04\/Cadavre-exquis-verbal-300x287.jpg 300w, https:\/\/blog.zhdk.ch\/kunstvermittlung\/files\/2016\/04\/Cadavre-exquis-verbal-768x735.jpg 768w, https:\/\/blog.zhdk.ch\/kunstvermittlung\/files\/2016\/04\/Cadavre-exquis-verbal-1024x980.jpg 1024w\" sizes=\"auto, (max-width: 300px) 100vw, 300px\" \/> <img loading=\"lazy\" decoding=\"async\" src=\"https:\/\/blog.zhdk.ch\/kunstvermittlung\/files\/2016\/04\/stein-213x300.jpg\" alt=\"stein\" width=\"213\" height=\"300\" class=\"alignleft size-medium wp-image-5231\" srcset=\"https:\/\/blog.zhdk.ch\/kunstvermittlung\/files\/2016\/04\/stein-213x300.jpg 213w, https:\/\/blog.zhdk.ch\/kunstvermittlung\/files\/2016\/04\/stein-768x1083.jpg 768w, https:\/\/blog.zhdk.ch\/kunstvermittlung\/files\/2016\/04\/stein-726x1024.jpg 726w\" sizes=\"auto, (max-width: 213px) 100vw, 213px\" \/><br \/>\n<img loading=\"lazy\" decoding=\"async\" src=\"https:\/\/blog.zhdk.ch\/kunstvermittlung\/files\/2016\/04\/B1_kl-1-300x205.jpg\" alt=\"B1_kl\" width=\"300\" height=\"205\" class=\"alignleft size-medium wp-image-5261\" srcset=\"https:\/\/blog.zhdk.ch\/kunstvermittlung\/files\/2016\/04\/B1_kl-1-300x205.jpg 300w, https:\/\/blog.zhdk.ch\/kunstvermittlung\/files\/2016\/04\/B1_kl-1-768x526.jpg 768w, https:\/\/blog.zhdk.ch\/kunstvermittlung\/files\/2016\/04\/B1_kl-1.jpg 1004w\" sizes=\"auto, (max-width: 300px) 100vw, 300px\" \/><img loading=\"lazy\" decoding=\"async\" src=\"https:\/\/blog.zhdk.ch\/kunstvermittlung\/files\/2016\/04\/CAMPUSPRINT_IO-CP-3E04_3027_001-300x212.jpg\" alt=\"CAMPUSPRINT_IO-CP-3E04_3027_001\" width=\"300\" height=\"212\" class=\"alignleft size-medium wp-image-5243\" srcset=\"https:\/\/blog.zhdk.ch\/kunstvermittlung\/files\/2016\/04\/CAMPUSPRINT_IO-CP-3E04_3027_001-300x212.jpg 300w, https:\/\/blog.zhdk.ch\/kunstvermittlung\/files\/2016\/04\/CAMPUSPRINT_IO-CP-3E04_3027_001-768x543.jpg 768w, https:\/\/blog.zhdk.ch\/kunstvermittlung\/files\/2016\/04\/CAMPUSPRINT_IO-CP-3E04_3027_001-1024x724.jpg 1024w, https:\/\/blog.zhdk.ch\/kunstvermittlung\/files\/2016\/04\/CAMPUSPRINT_IO-CP-3E04_3027_001.jpg 1772w\" sizes=\"auto, (max-width: 300px) 100vw, 300px\" \/><br \/>\n<\/em><br \/>\n<\/em><br \/>\n<img loading=\"lazy\" decoding=\"async\" src=\"https:\/\/blog.zhdk.ch\/kunstvermittlung\/files\/2016\/04\/IMG_9418a-300x200.jpg\" alt=\"IMG_9418a\" width=\"300\" height=\"200\" class=\"alignleft size-medium wp-image-5619\" srcset=\"https:\/\/blog.zhdk.ch\/kunstvermittlung\/files\/2016\/04\/IMG_9418a-300x200.jpg 300w, https:\/\/blog.zhdk.ch\/kunstvermittlung\/files\/2016\/04\/IMG_9418a-768x512.jpg 768w, https:\/\/blog.zhdk.ch\/kunstvermittlung\/files\/2016\/04\/IMG_9418a-1024x683.jpg 1024w\" sizes=\"auto, (max-width: 300px) 100vw, 300px\" \/><img loading=\"lazy\" decoding=\"async\" src=\"https:\/\/blog.zhdk.ch\/kunstvermittlung\/files\/2016\/04\/IMG_9452a-300x200.jpg\" alt=\"IMG_9452a\" width=\"300\" height=\"200\" class=\"alignleft size-medium wp-image-5621\" srcset=\"https:\/\/blog.zhdk.ch\/kunstvermittlung\/files\/2016\/04\/IMG_9452a-300x200.jpg 300w, https:\/\/blog.zhdk.ch\/kunstvermittlung\/files\/2016\/04\/IMG_9452a-768x512.jpg 768w, https:\/\/blog.zhdk.ch\/kunstvermittlung\/files\/2016\/04\/IMG_9452a-1024x683.jpg 1024w\" sizes=\"auto, (max-width: 300px) 100vw, 300px\" \/><br \/>\n<img loading=\"lazy\" decoding=\"async\" src=\"https:\/\/blog.zhdk.ch\/kunstvermittlung\/files\/2016\/04\/IMG_9272_kl-300x200.jpg\" alt=\"IMG_9272_kl\" width=\"300\" height=\"200\" class=\"alignleft size-medium wp-image-5245\" srcset=\"https:\/\/blog.zhdk.ch\/kunstvermittlung\/files\/2016\/04\/IMG_9272_kl-300x200.jpg 300w, https:\/\/blog.zhdk.ch\/kunstvermittlung\/files\/2016\/04\/IMG_9272_kl-768x512.jpg 768w, https:\/\/blog.zhdk.ch\/kunstvermittlung\/files\/2016\/04\/IMG_9272_kl.jpg 1020w\" sizes=\"auto, (max-width: 300px) 100vw, 300px\" \/><br \/>\n<\/em><\/p>\n<h4>Zitate aus dem Workshop<\/h4>\n<p><\/em><br \/>\n\u00abInteressant &#8211; packend &#8211; verst\u00f6rend &#8211; anregend.\u00bb<br \/>\n<\/em><br \/>\n\u00abDetails sehen und so stehen lassen oder in einem neuen Kontext<br \/>\nweiter verarbeiten? Horizonterweiterung.\u00bb<br \/>\n<\/em><br \/>\n\u00abIch musste improvisieren, Kontrolle abgeben.\u00bb<br \/>\n<\/em><br \/>\n\u00abEs ist noch schwierig, sich von festgesetzten Ideen zu l\u00f6sen.\u00bb<br \/>\n<\/em><br \/>\n\u00abIch fotografierte und gestaltete anders, als sonst mein Geschmack oder Naturell ist.\u00bb<br \/>\n<\/em><br \/>\n\u00abMan muss kein fertiges Endprodukt erschaffen, nicht alles muss Sinn geben oder erkl\u00e4rbar sein.\u00bb<br \/>\n<\/em><br \/>\n<\/em><br \/>\n<\/em><br \/>\nDie in den Workshops entstandenen Fotografien und Collagen werden laufend publiziert:<br \/>\n<a href=\"https:\/\/www.facebook.com\/realsurrealich\/\" target=\"_blank\">https:\/\/www.facebook.com\/realsurrealich\/<\/a><br \/>\n<\/em><br \/>\n<\/em><br \/>\n<\/em><br \/>\n<\/em><\/p>\n","protected":false},"excerpt":{"rendered":"<p>Monika Geschwentner Auf einem gemeinsamen Rundgang durch die Ausstellung \u00abRealSurreal\u00bb lade ich die Teilnehmerinnen und Teilnehmer ein, \u00fcber ausgew\u00e4hlte Fotografien zu diskutieren und in einem zweiten Schritt ausserhalb des Museums eine eigene fotografische Auseinandersetzung zu verwirklichen. Ziel dabei ist, das Gesehene im eigenen Tun zu verarbeiten und mit seiner eigenen Realit\u00e4t so zu verkn\u00fcpfen, dass [&hellip;]<\/p>\n","protected":false},"author":342,"featured_media":0,"parent":4641,"menu_order":4,"comment_status":"closed","ping_status":"closed","template":"","meta":{"footnotes":""},"class_list":["post-4755","page","type-page","status-publish","czr-hentry"],"_links":{"self":[{"href":"https:\/\/blog.zhdk.ch\/kunstvermittlung\/wp-json\/wp\/v2\/pages\/4755","targetHints":{"allow":["GET"]}}],"collection":[{"href":"https:\/\/blog.zhdk.ch\/kunstvermittlung\/wp-json\/wp\/v2\/pages"}],"about":[{"href":"https:\/\/blog.zhdk.ch\/kunstvermittlung\/wp-json\/wp\/v2\/types\/page"}],"author":[{"embeddable":true,"href":"https:\/\/blog.zhdk.ch\/kunstvermittlung\/wp-json\/wp\/v2\/users\/342"}],"replies":[{"embeddable":true,"href":"https:\/\/blog.zhdk.ch\/kunstvermittlung\/wp-json\/wp\/v2\/comments?post=4755"}],"version-history":[{"count":50,"href":"https:\/\/blog.zhdk.ch\/kunstvermittlung\/wp-json\/wp\/v2\/pages\/4755\/revisions"}],"predecessor-version":[{"id":5641,"href":"https:\/\/blog.zhdk.ch\/kunstvermittlung\/wp-json\/wp\/v2\/pages\/4755\/revisions\/5641"}],"up":[{"embeddable":true,"href":"https:\/\/blog.zhdk.ch\/kunstvermittlung\/wp-json\/wp\/v2\/pages\/4641"}],"wp:attachment":[{"href":"https:\/\/blog.zhdk.ch\/kunstvermittlung\/wp-json\/wp\/v2\/media?parent=4755"}],"curies":[{"name":"wp","href":"https:\/\/api.w.org\/{rel}","templated":true}]}}