{"id":5663,"date":"2017-03-17T11:48:16","date_gmt":"2017-03-17T10:48:16","guid":{"rendered":"https:\/\/blog.zhdk.ch\/kunstvermittlung\/?page_id=5663"},"modified":"2020-11-21T12:58:38","modified_gmt":"2020-11-21T11:58:38","slug":"voyage-voyage","status":"publish","type":"page","link":"https:\/\/blog.zhdk.ch\/kunstvermittlung\/voyage-voyage\/","title":{"rendered":"2017: Voyage, voyage"},"content":{"rendered":"<p>Kooperation des <a href=\"https:\/\/www.zhdk.ch\/arteducation\" target=\"_blank\" rel=\"noopener noreferrer\">BA Art Education<\/a> mit dem Kunstmuseum Olten<\/p>\n<p>Wir setzen uns mit der Ausstellung <a href=\"https:\/\/blog.zhdk.ch\/kunstvermittlung\/files\/2017\/03\/KMO_Ausst17_Voyage_Flyer.pdf\" target=\"_blank\" rel=\"noopener noreferrer\">Voyage, voyage! \u00dcber das Reisen in der Kunst<\/a> (10. Juni bis<br \/>\n20. August 2017) und dem <a href=\"http:\/\/www.kunstmuseumolten.ch\/\" target=\"_blank\" rel=\"noopener noreferrer\">Kunstmuseum Olten<\/a> auseinander.<br \/>\nParallel zu bestehenden Vermittlungsangeboten suchen wir nach ortsverbundenen M\u00f6glichkeiten,<br \/>\nKunst zu betrachten und \u00fcber Kunst zu sprechen: Wir gehen dabei auf Menschen zu und praktizieren<br \/>\nnicht prim\u00e4r im Ausstellungsraum, sondern involvieren in erster Linie Menschen ausserhalb,<br \/>\nim \u00f6ffentlichen Raum.<\/p>\n<p>Projekte Kunstvermittlung<br \/>\nIm Grundsatz sind <a href=\"https:\/\/blog.zhdk.ch\/kunstvermittlung\/files\/2017\/03\/Projekte-Kunstvermittlung_def.pdf\" target=\"_blank\" rel=\"noopener noreferrer\">Projekte Kunstvermittlung<\/a>, wie sie im Kooperationsprojekt BAE verstanden und praktiziert werden, Formen der Vermittlung, welche explizit \u00abals Weiterf\u00fchrung von Kunst\u00bb verstanden werden. Die Kunstvermittlerinnen und Kunstvermittler st\u00fctzen ab auf ihre reflektierten Erfahrungen aus der eigenen k\u00fcnstlerischen oder designbezogenen Praxis und transferieren diese in eine Kunstvermittlung als eigenst\u00e4ndige Praxis. Sie verstehen sich als VermittlerInnen und handeln als VermittlerInnen, nicht als K\u00fcnstlerInnen. Diese Position, diese subtile Eigenst\u00e4ndigkeit, gilt es permanent zu diskutieren und auszutarieren.<\/p>\n<h3>Im Projektraum<\/h3>\n<p>Von April bis Juni 2017 waren die Studierenden mit ihren Vermittlungprojekten in der Stadt Olten<br \/>\nund an ausgew\u00e4hlten Institutionen unterwegs.<br \/>\nVom 4. bis 23. Juli 2017 wurden die Ergebnisse im <em>Projektraum der Kunstvermittlung<\/em> im<br \/>\nKunstmuseum Olten pr\u00e4sentiert. Studierende waren w\u00e4hrend der drei Wochen an einzelnen Tagen<br \/>\nim Projektraum anwesend, um mit Ausstellungsbesuchenden ins Gespr\u00e4ch zu kommen.<\/p>\n<p><img loading=\"lazy\" decoding=\"async\" src=\"https:\/\/blog.zhdk.ch\/kunstvermittlung\/files\/2017\/03\/MG_0573_1_1-150x150.jpg\" alt=\"\" class=\"alignleft size-thumbnail wp-image-6215\" width=\"150\" height=\"150\"><img loading=\"lazy\" decoding=\"async\" src=\"https:\/\/blog.zhdk.ch\/kunstvermittlung\/files\/2017\/03\/MG_0581_1_1-150x150.jpg\" alt=\"\" class=\"alignleft size-thumbnail wp-image-6217\" width=\"150\" height=\"150\"><img loading=\"lazy\" decoding=\"async\" src=\"https:\/\/blog.zhdk.ch\/kunstvermittlung\/files\/2017\/03\/MG_0565_1_1-150x150.jpg\" alt=\"\" class=\"alignleft size-thumbnail wp-image-6211\" width=\"150\" height=\"150\"><img loading=\"lazy\" decoding=\"async\" src=\"https:\/\/blog.zhdk.ch\/kunstvermittlung\/files\/2017\/03\/MG_0570_1_1-150x150.jpg\" alt=\"\" class=\"alignleft size-thumbnail wp-image-6213\" width=\"150\" height=\"150\"><\/p>\n<p><img loading=\"lazy\" decoding=\"async\" src=\"https:\/\/blog.zhdk.ch\/kunstvermittlung\/files\/2017\/03\/DSC07087-300x225.jpg\" alt=\"\" class=\"alignleft size-medium wp-image-6239\" width=\"300\" height=\"225\" srcset=\"https:\/\/blog.zhdk.ch\/kunstvermittlung\/files\/2017\/03\/DSC07087-300x225.jpg 300w, https:\/\/blog.zhdk.ch\/kunstvermittlung\/files\/2017\/03\/DSC07087-768x576.jpg 768w, https:\/\/blog.zhdk.ch\/kunstvermittlung\/files\/2017\/03\/DSC07087-1024x768.jpg 1024w\" sizes=\"auto, (max-width: 300px) 100vw, 300px\" \/><img loading=\"lazy\" decoding=\"async\" src=\"https:\/\/blog.zhdk.ch\/kunstvermittlung\/files\/2017\/03\/DSC07099-300x225.jpg\" alt=\"\" class=\"alignleft size-medium wp-image-6265\" width=\"300\" height=\"225\" srcset=\"https:\/\/blog.zhdk.ch\/kunstvermittlung\/files\/2017\/03\/DSC07099-300x225.jpg 300w, https:\/\/blog.zhdk.ch\/kunstvermittlung\/files\/2017\/03\/DSC07099-768x576.jpg 768w, https:\/\/blog.zhdk.ch\/kunstvermittlung\/files\/2017\/03\/DSC07099-1024x768.jpg 1024w\" sizes=\"auto, (max-width: 300px) 100vw, 300px\" \/><br \/>\n<img loading=\"lazy\" decoding=\"async\" src=\"https:\/\/blog.zhdk.ch\/kunstvermittlung\/files\/2017\/03\/DSC07069-300x225.jpg\" alt=\"\" class=\"alignleft size-medium wp-image-6233\" width=\"300\" height=\"225\" srcset=\"https:\/\/blog.zhdk.ch\/kunstvermittlung\/files\/2017\/03\/DSC07069-300x225.jpg 300w, https:\/\/blog.zhdk.ch\/kunstvermittlung\/files\/2017\/03\/DSC07069-768x576.jpg 768w, https:\/\/blog.zhdk.ch\/kunstvermittlung\/files\/2017\/03\/DSC07069-1024x768.jpg 1024w\" sizes=\"auto, (max-width: 300px) 100vw, 300px\" \/><img loading=\"lazy\" decoding=\"async\" src=\"https:\/\/blog.zhdk.ch\/kunstvermittlung\/files\/2017\/03\/DSC07096-300x225.jpg\" alt=\"\" class=\"alignleft size-medium wp-image-6243\" width=\"300\" height=\"225\" srcset=\"https:\/\/blog.zhdk.ch\/kunstvermittlung\/files\/2017\/03\/DSC07096-300x225.jpg 300w, https:\/\/blog.zhdk.ch\/kunstvermittlung\/files\/2017\/03\/DSC07096-768x576.jpg 768w, https:\/\/blog.zhdk.ch\/kunstvermittlung\/files\/2017\/03\/DSC07096-1024x768.jpg 1024w\" sizes=\"auto, (max-width: 300px) 100vw, 300px\" \/><br \/>\n<img loading=\"lazy\" decoding=\"async\" src=\"https:\/\/blog.zhdk.ch\/kunstvermittlung\/files\/2017\/03\/DSC07075-300x225.jpg\" alt=\"\" class=\"alignleft size-medium wp-image-6235\" width=\"300\" height=\"225\" srcset=\"https:\/\/blog.zhdk.ch\/kunstvermittlung\/files\/2017\/03\/DSC07075-300x225.jpg 300w, https:\/\/blog.zhdk.ch\/kunstvermittlung\/files\/2017\/03\/DSC07075-768x576.jpg 768w, https:\/\/blog.zhdk.ch\/kunstvermittlung\/files\/2017\/03\/DSC07075-1024x768.jpg 1024w\" sizes=\"auto, (max-width: 300px) 100vw, 300px\" \/><img loading=\"lazy\" decoding=\"async\" src=\"https:\/\/blog.zhdk.ch\/kunstvermittlung\/files\/2017\/03\/DSC07077-300x225.jpg\" alt=\"\" class=\"alignleft size-medium wp-image-6237\" width=\"300\" height=\"225\" srcset=\"https:\/\/blog.zhdk.ch\/kunstvermittlung\/files\/2017\/03\/DSC07077-300x225.jpg 300w, https:\/\/blog.zhdk.ch\/kunstvermittlung\/files\/2017\/03\/DSC07077-768x576.jpg 768w, https:\/\/blog.zhdk.ch\/kunstvermittlung\/files\/2017\/03\/DSC07077-1024x768.jpg 1024w\" sizes=\"auto, (max-width: 300px) 100vw, 300px\" \/><br \/>\n<img loading=\"lazy\" decoding=\"async\" src=\"https:\/\/blog.zhdk.ch\/kunstvermittlung\/files\/2017\/03\/DSC07098-300x225.jpg\" alt=\"\" class=\"alignleft size-medium wp-image-6245\" width=\"300\" height=\"225\" srcset=\"https:\/\/blog.zhdk.ch\/kunstvermittlung\/files\/2017\/03\/DSC07098-300x225.jpg 300w, https:\/\/blog.zhdk.ch\/kunstvermittlung\/files\/2017\/03\/DSC07098-768x576.jpg 768w, https:\/\/blog.zhdk.ch\/kunstvermittlung\/files\/2017\/03\/DSC07098-1024x768.jpg 1024w\" sizes=\"auto, (max-width: 300px) 100vw, 300px\" \/><img loading=\"lazy\" decoding=\"async\" src=\"https:\/\/blog.zhdk.ch\/kunstvermittlung\/files\/2017\/03\/DSC07115-300x225.jpg\" alt=\"\" class=\"alignleft size-medium wp-image-6249\" width=\"300\" height=\"225\" srcset=\"https:\/\/blog.zhdk.ch\/kunstvermittlung\/files\/2017\/03\/DSC07115-300x225.jpg 300w, https:\/\/blog.zhdk.ch\/kunstvermittlung\/files\/2017\/03\/DSC07115-768x576.jpg 768w, https:\/\/blog.zhdk.ch\/kunstvermittlung\/files\/2017\/03\/DSC07115-1024x768.jpg 1024w\" sizes=\"auto, (max-width: 300px) 100vw, 300px\" \/><br \/>\n<img loading=\"lazy\" decoding=\"async\" src=\"https:\/\/blog.zhdk.ch\/kunstvermittlung\/files\/2017\/03\/DSC07124-300x225.jpg\" alt=\"\" class=\"alignleft size-medium wp-image-6251\" width=\"300\" height=\"225\" srcset=\"https:\/\/blog.zhdk.ch\/kunstvermittlung\/files\/2017\/03\/DSC07124-300x225.jpg 300w, https:\/\/blog.zhdk.ch\/kunstvermittlung\/files\/2017\/03\/DSC07124-768x576.jpg 768w, https:\/\/blog.zhdk.ch\/kunstvermittlung\/files\/2017\/03\/DSC07124-1024x768.jpg 1024w\" sizes=\"auto, (max-width: 300px) 100vw, 300px\" \/><img loading=\"lazy\" decoding=\"async\" src=\"https:\/\/blog.zhdk.ch\/kunstvermittlung\/files\/2017\/03\/MG_0602_1_1-300x200.jpg\" alt=\"\" class=\"alignleft size-medium wp-image-6231\" width=\"300\" height=\"225\"><br \/>\n<img loading=\"lazy\" decoding=\"async\" src=\"https:\/\/blog.zhdk.ch\/kunstvermittlung\/files\/2017\/03\/DSC07126-300x225.jpg\" alt=\"\" class=\"alignleft size-medium wp-image-6267\" width=\"300\" height=\"225\" srcset=\"https:\/\/blog.zhdk.ch\/kunstvermittlung\/files\/2017\/03\/DSC07126-300x225.jpg 300w, https:\/\/blog.zhdk.ch\/kunstvermittlung\/files\/2017\/03\/DSC07126-768x576.jpg 768w, https:\/\/blog.zhdk.ch\/kunstvermittlung\/files\/2017\/03\/DSC07126-1024x768.jpg 1024w\" sizes=\"auto, (max-width: 300px) 100vw, 300px\" \/><img loading=\"lazy\" decoding=\"async\" src=\"https:\/\/blog.zhdk.ch\/kunstvermittlung\/files\/2017\/03\/DSC07093-300x225.jpg\" alt=\"\" class=\"alignleft size-medium wp-image-6241\" width=\"300\" height=\"225\" srcset=\"https:\/\/blog.zhdk.ch\/kunstvermittlung\/files\/2017\/03\/DSC07093-300x225.jpg 300w, https:\/\/blog.zhdk.ch\/kunstvermittlung\/files\/2017\/03\/DSC07093-768x576.jpg 768w, https:\/\/blog.zhdk.ch\/kunstvermittlung\/files\/2017\/03\/DSC07093-1024x768.jpg 1024w\" sizes=\"auto, (max-width: 300px) 100vw, 300px\" \/><\/p>\n<h3>Zu den Vermittlungsprojekten<\/h3>\n<p>Auf Bild klicken.<\/p>\n<p><a href=\"https:\/\/blog.zhdk.ch\/kunstvermittlung\/voyage-voyage\/reisebuch-olten\/\" target=\"_blank\" rel=\"noopener noreferrer\"><img loading=\"lazy\" decoding=\"async\" src=\"https:\/\/blog.zhdk.ch\/kunstvermittlung\/files\/2017\/05\/DSC06999-150x150.jpg\" alt=\"\" class=\"alignleft size-thumbnail wp-image-6049\" width=\"150\" height=\"150\"><\/a><br \/>\n<a href=\"https:\/\/blog.zhdk.ch\/kunstvermittlung\/voyage-voyage\/reisebuero-fuer-imaginaere-reisen\/\" target=\"_blank\" rel=\"noopener noreferrer\"><img loading=\"lazy\" decoding=\"async\" src=\"https:\/\/blog.zhdk.ch\/kunstvermittlung\/files\/2017\/03\/IMG_blog-150x150.jpg\" alt=\"\" class=\"alignleft size-thumbnail wp-image-5963\" width=\"150\" height=\"150\" srcset=\"https:\/\/blog.zhdk.ch\/kunstvermittlung\/files\/2017\/03\/IMG_blog-150x150.jpg 150w, https:\/\/blog.zhdk.ch\/kunstvermittlung\/files\/2017\/03\/IMG_blog-300x300.jpg 300w, https:\/\/blog.zhdk.ch\/kunstvermittlung\/files\/2017\/03\/IMG_blog-768x768.jpg 768w, https:\/\/blog.zhdk.ch\/kunstvermittlung\/files\/2017\/03\/IMG_blog-1024x1024.jpg 1024w\" sizes=\"auto, (max-width: 150px) 100vw, 150px\" \/><\/a><br \/>\n<a href=\"https:\/\/blog.zhdk.ch\/kunstvermittlung\/voyage-voyage\/das-ding\/\" target=\"_blank\" rel=\"noopener noreferrer\"><img loading=\"lazy\" decoding=\"async\" src=\"https:\/\/blog.zhdk.ch\/kunstvermittlung\/files\/2017\/03\/IMG_0578-150x150.jpg\" alt=\"\" class=\"alignleft size-thumbnail wp-image-6013\" width=\"150\" height=\"150\"><\/a><br \/>\n<a href=\"https:\/\/blog.zhdk.ch\/kunstvermittlung\/voyage-voyage\/heimweh-auf-reisen\/\" target=\"_blank\" rel=\"noopener noreferrer\"><img loading=\"lazy\" decoding=\"async\" src=\"https:\/\/blog.zhdk.ch\/kunstvermittlung\/files\/2017\/03\/IMG_2771-150x150.jpg\" alt=\"\" class=\"alignleft size-thumbnail wp-image-5951\" width=\"150\" height=\"150\"><\/a><br \/>\n<a href=\"https:\/\/blog.zhdk.ch\/kunstvermittlung\/voyage-voyage\/sinnesreise-durch-das-museum\/\" target=\"_blank\" rel=\"noopener noreferrer\"><img loading=\"lazy\" decoding=\"async\" src=\"https:\/\/blog.zhdk.ch\/kunstvermittlung\/files\/2017\/03\/IMG_2251-150x150.jpg\" alt=\"\" class=\"alignleft size-thumbnail wp-image-6035\" width=\"150\" height=\"150\"><\/a><\/p>\n<p>Studierende:<br \/>\nLea Krieg, Anja Mayer, Rachel Pl\u00fcss,<br \/>\nClaudia Weiss, Mischa Yektay<\/p>\n<p>Dozierende ZHdK<br \/>\nEmilio Paroni, Projektleitung, k\u00fcnstlerische Kunstvermittlung<br \/>\nAnna-Brigitte Schlittler, Theorie Kunst und Design<\/p>\n<p>Gastdozent<br \/>\nJ\u00fcrgen Krusche, Institut f\u00fcr Gegenwartskunst ZHdK<\/p>\n<p>Kunstmuseum Olten:<br \/>\nDorothee Messmer, Direktorin<br \/>\nKatja Herlach, Kuratorin<br \/>\nDaniela M\u00fcller, Leitung Kunstvermittlung<br \/>\nYolanda Ludwig, Kunstvermittlung<\/p>\n<h4>Projekte Kunstvermittlung<\/h4>\n<h4>Kontakt: emilio.paroni@bluewin.ch<\/h4>\n<p>&nbsp;<\/p>\n","protected":false},"excerpt":{"rendered":"<p>Kooperation des BA Art Education mit dem Kunstmuseum Olten Wir setzen uns mit der Ausstellung Voyage, voyage! \u00dcber das Reisen in der Kunst (10. Juni bis 20. August 2017) und dem Kunstmuseum Olten auseinander. Parallel zu bestehenden Vermittlungsangeboten suchen wir nach ortsverbundenen M\u00f6glichkeiten, Kunst zu betrachten und \u00fcber Kunst zu sprechen: Wir gehen dabei auf [&hellip;]<\/p>\n","protected":false},"author":342,"featured_media":0,"parent":0,"menu_order":0,"comment_status":"closed","ping_status":"closed","template":"","meta":{"footnotes":""},"class_list":["post-5663","page","type-page","status-publish","czr-hentry"],"_links":{"self":[{"href":"https:\/\/blog.zhdk.ch\/kunstvermittlung\/wp-json\/wp\/v2\/pages\/5663","targetHints":{"allow":["GET"]}}],"collection":[{"href":"https:\/\/blog.zhdk.ch\/kunstvermittlung\/wp-json\/wp\/v2\/pages"}],"about":[{"href":"https:\/\/blog.zhdk.ch\/kunstvermittlung\/wp-json\/wp\/v2\/types\/page"}],"author":[{"embeddable":true,"href":"https:\/\/blog.zhdk.ch\/kunstvermittlung\/wp-json\/wp\/v2\/users\/342"}],"replies":[{"embeddable":true,"href":"https:\/\/blog.zhdk.ch\/kunstvermittlung\/wp-json\/wp\/v2\/comments?post=5663"}],"version-history":[{"count":118,"href":"https:\/\/blog.zhdk.ch\/kunstvermittlung\/wp-json\/wp\/v2\/pages\/5663\/revisions"}],"predecessor-version":[{"id":6563,"href":"https:\/\/blog.zhdk.ch\/kunstvermittlung\/wp-json\/wp\/v2\/pages\/5663\/revisions\/6563"}],"wp:attachment":[{"href":"https:\/\/blog.zhdk.ch\/kunstvermittlung\/wp-json\/wp\/v2\/media?parent=5663"}],"curies":[{"name":"wp","href":"https:\/\/api.w.org\/{rel}","templated":true}]}}