{"id":414,"date":"2015-02-19T10:25:38","date_gmt":"2015-02-19T09:25:38","guid":{"rendered":"https:\/\/blog.zhdk.ch\/labormuelheim\/?page_id=414"},"modified":"2015-05-31T00:07:15","modified_gmt":"2015-05-30T22:07:15","slug":"knowbotiq","status":"publish","type":"page","link":"https:\/\/blog.zhdk.ch\/labormuelheim\/labor-muelheim\/knowbotiq\/","title":{"rendered":"Battle the landscape!"},"content":{"rendered":"<h3 class=\"entry-title noinfo\"><span style=\"color: #008e87\">Eine diagrammatische Geografie<\/span><\/h3>\n<p>knowbotiq hat in M\u00fclheim an der Ruhr, einer vom Kohlebergbau nahezu vollst\u00e4ndig unterh\u00f6hlten und traumatisierten urbanen Landschaft, ein performatives Untersuchungsfeld mittels dreier Narrative aufgespannt:<\/p>\n<p>&#8211; die Stimme eines Bergmannes, der exzessiv seine k\u00f6rperlichen und mentalen Kr\u00e4fte, seine gesamte Biographie der industriellen Arbeit des Kohlebergbau \u00fcberantwortet hat<br \/>\n&#8211; die Tanzbewegungen von lokalen Jugendlichen mit afrikanischem Migrationshintergrund, die postfordistische Lebensentw\u00fcrfe als Street Art T\u00e4nzer praktizieren und dabei \u201eAfrodizak Afro-Battles\u201c (Tanzwettbewerbe) entwerfen, in der sie den aggressiven Strassentanz krumping aus der Hip Hop Szene L.As. mit Clubt\u00e4nzen aus Ghana (azonto) und dem Kongo (shakalewa) verbinden<br \/>\n&#8211; das hybride Kost\u00fcm einer postkolonialen, black on black(face) Minstrel Figur des Entertainers Bert Williams, der in Zeiten der Harlem Renaissance herrschende rassistische Stereotypen mittels Affirmation kritisch untersuchte.<\/p>\n<p>Diese verschiedenen Akteure\/Aktanten nahmen Positionen und Zeitpunkte in einer politischen Landschaft des Dazwischen ein: \u201edisplacements\u201c zwischen physischer und mentaler, zwischen horizontaler und vertikaler Landschaft, zwischen Destruktion, Invasion und Rekonstruktion von Orten und Geschichte, zwischen Montanindustrie und creative industries, gleichzeitig \u201evergessen\u201c und \u201eschon wieder m\u00f6glich\u201c.<br \/>\nknowbotiq interessierte dabei nicht die \u00dcberf\u00fchrung des Nichtwissbaren einer politischen Landschaft in Fakten und Genealogien, sondern das Artikulieren ihres opaken und diachronen Potentials hinsichtlich des Verdeckten, Geahnten und Wiederkehrenden (z.B. fracking): Eine monstr\u00f6se Figur, dunkel, formlos mit Hahnenschweif &#8211; knowbotiqs Wiederg\u00e4nger &#8211; BlackGhillie, tanzte sich parodierend durch die vom Kapitalismus der Ruhr Kohle AG hinterlassenen Landschaftlichkeiten und ihren \u201cEwigkeits-lasten\u201c.<\/p>\n<p><a href=\"https:\/\/blog.zhdk.ch\/labormuelheim\/files\/2015\/02\/2013_TagungMuelheimAAIMG_9321.jpg\" rel=\"lightbox[414]\"><img loading=\"lazy\" decoding=\"async\" class=\"alignnone wp-image-1538\" src=\"https:\/\/blog.zhdk.ch\/labormuelheim\/files\/2015\/02\/2013_TagungMuelheimAAIMG_9321-300x200.jpg\" alt=\"2013_TagungMuelheimAAIMG_9321\" width=\"450\" height=\"300\" srcset=\"https:\/\/blog.zhdk.ch\/labormuelheim\/files\/2015\/02\/2013_TagungMuelheimAAIMG_9321-300x200.jpg 300w, https:\/\/blog.zhdk.ch\/labormuelheim\/files\/2015\/02\/2013_TagungMuelheimAAIMG_9321-1024x683.jpg 1024w, https:\/\/blog.zhdk.ch\/labormuelheim\/files\/2015\/02\/2013_TagungMuelheimAAIMG_9321-904x603.jpg 904w, https:\/\/blog.zhdk.ch\/labormuelheim\/files\/2015\/02\/2013_TagungMuelheimAAIMG_9321.jpg 1200w\" sizes=\"auto, (max-width: 450px) 100vw, 450px\" \/><\/a><\/p>\n<p>Yvonne Wilhelm, K\u00fcnstlerin, ZHdK<br \/>\nChristian Huebler, K\u00fcnstler, ZHdK<\/p>\n<p><span style=\"color: #008e00\"><span style=\"color: #008e87\">SEE MORE:<\/span>\u00a0<span style=\"color: #000000\"><a style=\"color: #000000\" title=\"Diagramm\" href=\"\/\/blackghillie.krcf.org\/\" target=\"_blank\">Diagramm<\/a>\u00a0 <a style=\"color: #000000\" title=\"Blog\" href=\"http:\/\/krcf.org\/krcf.org\/distributed-passage-points\/\" target=\"_blank\">Blog<\/a><\/span><\/span><\/p>\n","protected":false},"excerpt":{"rendered":"<p>Eine diagrammatische Geografie knowbotiq hat in M\u00fclheim an der Ruhr, einer vom Kohlebergbau nahezu vollst\u00e4ndig unterh\u00f6hlten und traumatisierten urbanen Landschaft, ein performatives Untersuchungsfeld mittels dreier Narrative aufgespannt: &#8211; die Stimme eines Bergmannes, der exzessiv seine k\u00f6rperlichen und mentalen Kr\u00e4fte, seine gesamte Biographie der industriellen Arbeit des Kohlebergbau \u00fcberantwortet hat &#8211; die Tanzbewegungen von lokalen Jugendlichen [&hellip;]<\/p>\n","protected":false},"author":2609,"featured_media":310,"parent":312,"menu_order":0,"comment_status":"closed","ping_status":"closed","template":"","meta":{"footnotes":""},"class_list":["post-414","page","type-page","status-publish","has-post-thumbnail","hentry"],"_links":{"self":[{"href":"https:\/\/blog.zhdk.ch\/labormuelheim\/wp-json\/wp\/v2\/pages\/414","targetHints":{"allow":["GET"]}}],"collection":[{"href":"https:\/\/blog.zhdk.ch\/labormuelheim\/wp-json\/wp\/v2\/pages"}],"about":[{"href":"https:\/\/blog.zhdk.ch\/labormuelheim\/wp-json\/wp\/v2\/types\/page"}],"author":[{"embeddable":true,"href":"https:\/\/blog.zhdk.ch\/labormuelheim\/wp-json\/wp\/v2\/users\/2609"}],"replies":[{"embeddable":true,"href":"https:\/\/blog.zhdk.ch\/labormuelheim\/wp-json\/wp\/v2\/comments?post=414"}],"version-history":[{"count":16,"href":"https:\/\/blog.zhdk.ch\/labormuelheim\/wp-json\/wp\/v2\/pages\/414\/revisions"}],"predecessor-version":[{"id":1912,"href":"https:\/\/blog.zhdk.ch\/labormuelheim\/wp-json\/wp\/v2\/pages\/414\/revisions\/1912"}],"up":[{"embeddable":true,"href":"https:\/\/blog.zhdk.ch\/labormuelheim\/wp-json\/wp\/v2\/pages\/312"}],"wp:featuredmedia":[{"embeddable":true,"href":"https:\/\/blog.zhdk.ch\/labormuelheim\/wp-json\/wp\/v2\/media\/310"}],"wp:attachment":[{"href":"https:\/\/blog.zhdk.ch\/labormuelheim\/wp-json\/wp\/v2\/media?parent=414"}],"curies":[{"name":"wp","href":"https:\/\/api.w.org\/{rel}","templated":true}]}}