{"id":7637,"date":"2024-04-24T09:22:03","date_gmt":"2024-04-24T07:22:03","guid":{"rendered":"https:\/\/blog.zhdk.ch\/mizaktuell\/?page_id=7637"},"modified":"2024-04-24T09:22:03","modified_gmt":"2024-04-24T07:22:03","slug":"datenschutzerklaerung","status":"publish","type":"page","link":"https:\/\/blog.zhdk.ch\/mizaktuell\/datenschutzerklaerung","title":{"rendered":"Datenschutzerkl\u00e4rung"},"content":{"rendered":"\n<p>Das Medien- und Informationszentrum der Z\u00fcrcher Hochschule der K\u00fcnste (ZHdK) freut sich \u00fcber Ihren Besuch auf dieser Webseite und Ihr Interesse an unseren Angeboten. Da Datenschutz f\u00fcr uns ein wichtiges Anliegen ist, m\u00f6chten wir Sie dar\u00fcber informieren, wie wir Ihre personenbezogenen Daten, die beim Besuch und der Nutzung unserer Seiten erhoben werden, bearbeiten und sch\u00fctzen. Hierbei halten wir uns an das kantonale Datenschutzrecht (Gesetz \u00fcber die Information und den Datenschutz, IDG) und, sofern entsprechende Regelungen anwendbar sind, an das eidgen\u00f6ssische Datenschutzgesetz (DSG) und an die europ\u00e4ische Datenschutzgrundverordnung (DSGVO).<\/p>\n\n\n\n<p><strong>1. Einverst\u00e4ndnis<\/strong><\/p>\n\n\n\n<p>Mit Ihrer Nutzung dieser Webseite und unseren Angeboten akzeptieren Sie diese Datenschutzerkl\u00e4rung und willigen auch in die darin erl\u00e4uterten Funktionen, insbesondere den Einsatz von Cookies und die Anwendung von Webanalyse-Software, ein.<\/p>\n\n\n\n<p><strong>2. Rechtliche Gr\u00fcnde f\u00fcr die Bearbeitung von Personendaten<\/strong><\/p>\n\n\n\n<p>Personendaten sind Angaben und Informationen, die sich auf eine bestimmte oder bestimmbare Person beziehen. Dazu geh\u00f6ren Ihre Kontaktdaten wie Name, Telefonnummer, Anschrift oder E-Mail-Adresse, die Sie uns mitteilen, oder Ihre IP-Adresse.<br>Wir bearbeiten die Personendaten im Rahmen unseres legitimen Interesses an der Bereitstellung von Informationen und Angeboten f\u00fcr Sie, aufgrund von gesetzlichen oder vertraglichen Pflichten oder gem\u00e4ss Ihrer Einwilligung.<\/p>\n\n\n\n<p><strong>3. Speicherung der Personendaten<\/strong><\/p>\n\n\n\n<p>Wir speichern personenbezogene Daten solange, wie sie<\/p>\n\n\n\n<ul class=\"wp-block-list\">\n<li>f\u00fcr die Zwecke, f\u00fcr die sie erhoben werden, notwendig sind bzw. f\u00fcr unser berechtigtes Interesse bestehen,<\/li>\n\n\n\n<li>f\u00fcr die Erf\u00fcllung unserer gesetzlichen oder vertraglichen Pflichten erforderlich sind<\/li>\n\n\n\n<li>oder bis Sie Ihre Einwilligung widerrufen.<\/li>\n<\/ul>\n\n\n\n<p>Danach werden die Personendaten gel\u00f6scht. Bei konkreten Anhaltspunkten einer rechtswidrigen Handlung oder eines Angriffs auf die Netzinfrastruktur kann die L\u00f6schung der Daten allerdings bis zur Kl\u00e4rung aufgeschoben werden.<\/p>\n\n\n\n<p><strong>4. Cookies<\/strong><\/p>\n\n\n\n<p>Auf der Webseiten der ZHdK werden sogenannte Cookies eingesetzt. Das sind Dateien, die auf Ihrem Computer oder mobilen Endger\u00e4t gespeichert werden, wenn Sie unsere Webseite besuchen oder nutzen. Cookies speichern bestimmte Einstellungen \u00fcber Ihren Browser sowie Daten \u00fcber den Austausch und erh\u00f6hen die Benutzerfreundlichkeit sowie Sicherheit unserer Webseite. Nach dem Schliessen des Internetbrowsers werden tempor\u00e4re Cookies automatisch wieder gel\u00f6scht und permanente Cookies bleiben auf Ihrem Computer oder mobilen Endger\u00e4t gespeichert. Letztere werden genutzt, um das Verhalten der Besucher auf der Webseite festzuhalten und um Statistiken \u00fcber die Webseitenutzung zu sammeln (siehe Ziff. 7).<br>Sie k\u00f6nnen das Speichern solcher Cookies jederzeit \u00fcber die entsprechende Einstellung Ihres Internetbrowsers (wie Firefox, Internet Explorer und Safari) deaktivieren und verhindern so den dauerhaften Einsatz von Cookies. Bitte beachten Sie, dass damit allenfalls einzelne Funktionen unserer Webseite nicht mehr einwandfrei funktionieren. Zudem k\u00f6nnen Sie bereits gespeicherte Cookies \u00fcber Ihren Browser oder andere Softwareprogramme l\u00f6schen.<\/p>\n\n\n\n<p><strong>5. Zugriffsdaten<\/strong><\/p>\n\n\n\n<p>Jedes Mal, wenn Sie unsere Webseite aufrufen, werden automatisch folgende Informationen \u00fcber den Zugriff erfasst:<\/p>\n\n\n\n<ul class=\"wp-block-list\">\n<li>IP-Adresse des anfragenden Computers bzw. mobilen Endger\u00e4ts<\/li>\n\n\n\n<li>von welcher Webseite aufgerufen wurde (Referrer)<\/li>\n\n\n\n<li>Datum und Uhrzeit des Webbesuchs<\/li>\n\n\n\n<li>abgerufene Inhalte<\/li>\n\n\n\n<li>\u00fcbertragene Datenmenge<\/li>\n\n\n\n<li>verwendeter Browser<\/li>\n\n\n\n<li>verwendetes Betriebssystem<\/li>\n<\/ul>\n\n\n\n<p>Diese Informationen werden als Protokolldateien (Logfiles) zum Zwecke der technischen Abl\u00e4ufe sowie f\u00fcr statistische Auswertungen der Zugriffe auf den Servern der ZHdK in der Schweiz (Z\u00fcrich und Winterthur) gespeichert. Die Auswertungen dienen alleine zur Verbesserung des Onlineangebotes der ZHdK und der dahinterstehenden Technik (siehe Ziff. 7). Um die Sicherheit Ihrer Daten bei der \u00dcbertragung zu sch\u00fctzen, verwenden wir das technisch aktuellste Verschl\u00fcsselungsverfahren (zurzeit \u00fcber HTTPS mit Einbindung eines SSL-Zertifikats).<\/p>\n\n\n\n<p><strong>6. Kontaktaufnahme<\/strong><\/p>\n\n\n\n<p>Treten Sie per E-Mail oder Kontaktformular mit uns in Kontakt, willigen Sie damit ein, dass wir Ihre E-Mail-Adresse, die IP-Adresse und allenfalls weitere von Ihnen \u00fcbermittelte Personendaten zum Zwecke der Bearbeitung der Anfrage sowie f\u00fcr m\u00f6gliche Anschlussfragen speichern d\u00fcrfen. Die Personendaten werden nur so lange verwendet und an die zust\u00e4ndigen ZHdK-Stellen weitergeleitet, wie sie zum vorgenannten Zweck ben\u00f6tigt werden. An Dritte werden sie nicht ohne Ihre Einwilligung weitergegeben.<\/p>\n\n\n\n<p><strong>7. Webanalyse-Software<\/strong><\/p>\n\n\n\n<p>Die Speicherung von Cookies k\u00f6nnen Sie durch eine entsprechende Einstellung Ihres Internetbrowsers verhindern. Allenfalls k\u00f6nnen danach aber nicht s\u00e4mtliche Funktionen der Webseite in vollem Umfang genutzt werden. Die Cookies verbleiben auf Ihrem Endger\u00e4t bis Sie sie l\u00f6schen.<br>Mit der Nutzung der Webseite erkl\u00e4ren Sie sich mit der Bearbeitung der \u00fcber Sie erhobenen Daten durch WassUp in der nachfolgend beschriebenen Art und Weise und benanntem Zweck einverstanden.<\/p>\n\n\n\n<p>Auf dieser Seite benutzen wir die Webanalyse-Software <a href=\"https:\/\/wp-statistics.com\/\" target=\"_blank\" rel=\"noreferrer noopener\">WP Statistics<\/a>. WP Statistics verwendet sogenannte Cookies, also Textdateien, die auf Ihrem Computer gespeichert werden und die eine Analyse der Nutzung der Webseite durch Sie erm\u00f6glichen. Die durch Cookies erzeugten Informationen \u00fcber Ihre Nutzung der Webseite (einschliesslich der IP-Adresse) werden alleinig auf den Servern der ZHdK in der Schweiz (Z\u00fcrich und Winterthur) \u00fcbertragen und dort gespeichert. Es erfolgt kein Datentransfer oder \u00dcbertragung dieser Informationen an Dritte. Nach der sicherheitstechnischen Analyse, werden die IP-Adressen anonymisiert f\u00fcr die Webseitenutzung ausgewertet und f\u00fcr die Reports \u00fcber die Webseiteaktivit\u00e4ten f\u00fcr die ZHdK zusammengestellt.<\/p>\n\n\n\n<p>Es werden folgende Informationen erhoben:<\/p>\n\n\n\n<ul class=\"wp-block-list\">\n<li>IP-Adresse<\/li>\n\n\n\n<li>aktuelle Besucher:innen der Website<\/li>\n\n\n\n<li>Zugang von welcher die Webseite aufgerufen wurde (Referrer)<\/li>\n\n\n\n<li>verwendete Suchmaschinen, darin verwendete Suchbegriffe<\/li>\n\n\n\n<li>besuchte Seiten inkl. Verweildauer<\/li>\n\n\n\n<li>Land und Stadt des Zugriffs<\/li>\n\n\n\n<li>verwendeter Browsertyp<\/li>\n<\/ul>\n\n\n\n<p><strong>8. Dienste von Dritten (verlinkte Webseiten)<\/strong><\/p>\n\n\n\n<p>Die Mehrheit der Links auf dieser Webseite f\u00fchren zu Webseiten von Dritten. Die Nutzung dieser verlinkten Webseiten erfolgt in eigener Verantwortung und unter Beachtung deren Datenschutzerkl\u00e4rung. F\u00fcr die Richtigkeit, Vollst\u00e4ndigkeit und Rechtm\u00e4ssigkeit der dort enthaltenen Inhalte und Angebote \u00fcbernimmt die ZHdK keinerlei Verantwortung.<\/p>\n\n\n\n<p><strong>9. Rechte der Webseitebesucher:innen<\/strong><\/p>\n\n\n\n<p>Die Webseitebesucher:innen haben jederzeit das Recht, Auskunft \u00fcber die \u00fcber sie gespeicherten Personendaten und deren Verwendung zu verlangen sowie Recht auf Berichtigung, Daten\u00fcbertragbarkeit, Sperrung oder L\u00f6schung dieser Daten. Wenn eine Einwilligung zur Nutzung von Personendaten erteilt wurde, kann diese jederzeit widerrufen werden.<br><br>Bei Auskunftsanfragen, Aus\u00fcbung der oben genannten Rechte sowie Anregungen zur Sicherheit und Datenschutz kann die Datenschutzbeauftragte ZHdK angeschrieben werden:<br><br>Z\u00fcrcher Hochschule der K\u00fcnste<br>Datenschutzbeauftragte der ZHdK<br>Cornelia Bichsel<br>Pfingstweidstrasse 96<br>8031 Z\u00fcrich, Schweiz<br>cornelia.bichsel[at]zhdk.ch<br><br>Des Weiteren steht Ihnen das Beschwerderecht bei unserer zust\u00e4ndigen Aufsichtsbeh\u00f6rde zu:<br><br>Datenschutzbeauftragte des Kantons Z\u00fcrich<br>Beckenhofstrasse 23, Postfach<br>8090 Z\u00fcrich, Schweiz<br>Kontaktformular unter <a href=\"https:\/\/www.datenschutz.ch\/\">www.datenschutz.ch<\/a><\/p>\n\n\n\n<p><strong>10. Datensicherheit und Vertraulichkeit<\/strong><\/p>\n\n\n\n<p>Durch geeignete technische und organisatorische Sicherheitsmassnahmen werden die gespeicherten Personendaten gegen Manipulation, Verlust und gegen unbefugten Zugriff Dritter gesch\u00fctzt und fortlaufend verbessert. Die \u00dcbermittlung von Informationen \u00fcber das Internet und andere elektronische Mittel unterliegt jedoch stets gewissen Sicherheitsrisiken und die ZHdK kann f\u00fcr die Sicherheit von Informationen, die auf diese Weise \u00fcbermittelt werden, keine Garantie \u00fcbernehmen.<br>Die Mitarbeitenden der ZHdK haben sich gem\u00e4ss Anstellungsverf\u00fcgung (mit Amtsgeheimnispflicht) bzw. gem\u00e4ss Dienstleistungsvertrag zur Verschwiegenheit und zur Einhaltung der datenschutzrechtlichen Bestimmungen verpflichtet.<\/p>\n\n\n\n<p><strong>11. \u00c4nderung der Datenschutzerkl\u00e4rung<\/strong><\/p>\n\n\n\n<p>Diese Datenschutzerkl\u00e4rung kann im Zuge der Weiterentwicklung der Webseite sowie der Implementierung neuer Technologien und Gesetzesanpassungen mit sofortiger Wirkung und ohne Ank\u00fcndigung ge\u00e4ndert werden.<\/p>\n\n\n\n<p>Letzte Aktualisierung: 22. April 2024<\/p>\n","protected":false},"excerpt":{"rendered":"<p>Das Medien- und Informationszentrum der Z\u00fcrcher Hochschule der K\u00fcnste (ZHdK) freut sich \u00fcber Ihren Besuch auf dieser Webseite und Ihr Interesse an unseren Angeboten. Da Datenschutz f\u00fcr uns ein wichtiges Anliegen ist, m\u00f6chten wir Sie dar\u00fcber informieren, wie wir Ihre personenbezogenen Daten, die beim Besuch und der Nutzung unserer Seiten erhoben werden, bearbeiten und sch\u00fctzen. [&hellip;]<\/p>\n","protected":false},"author":3550,"featured_media":0,"parent":0,"menu_order":0,"comment_status":"closed","ping_status":"closed","template":"","meta":{"footnotes":""},"class_list":["post-7637","page","type-page","status-publish","czr-hentry"],"_links":{"self":[{"href":"https:\/\/blog.zhdk.ch\/mizaktuell\/wp-json\/wp\/v2\/pages\/7637","targetHints":{"allow":["GET"]}}],"collection":[{"href":"https:\/\/blog.zhdk.ch\/mizaktuell\/wp-json\/wp\/v2\/pages"}],"about":[{"href":"https:\/\/blog.zhdk.ch\/mizaktuell\/wp-json\/wp\/v2\/types\/page"}],"author":[{"embeddable":true,"href":"https:\/\/blog.zhdk.ch\/mizaktuell\/wp-json\/wp\/v2\/users\/3550"}],"replies":[{"embeddable":true,"href":"https:\/\/blog.zhdk.ch\/mizaktuell\/wp-json\/wp\/v2\/comments?post=7637"}],"version-history":[{"count":1,"href":"https:\/\/blog.zhdk.ch\/mizaktuell\/wp-json\/wp\/v2\/pages\/7637\/revisions"}],"predecessor-version":[{"id":7639,"href":"https:\/\/blog.zhdk.ch\/mizaktuell\/wp-json\/wp\/v2\/pages\/7637\/revisions\/7639"}],"wp:attachment":[{"href":"https:\/\/blog.zhdk.ch\/mizaktuell\/wp-json\/wp\/v2\/media?parent=7637"}],"curies":[{"name":"wp","href":"https:\/\/api.w.org\/{rel}","templated":true}]}}