{"id":379,"date":"2016-11-11T15:02:29","date_gmt":"2016-11-11T15:02:29","guid":{"rendered":"https:\/\/blog.zhdk.ch\/modellunderkenntnis\/?page_id=379"},"modified":"2016-11-16T09:36:05","modified_gmt":"2016-11-16T09:36:05","slug":"pd-gerd-helge-vogel","status":"publish","type":"page","link":"https:\/\/blog.zhdk.ch\/modellunderkenntnis\/home\/pd-gerd-helge-vogel\/","title":{"rendered":"PD Gerd-Helge Vogel"},"content":{"rendered":"<section id=\"builder-section-1478876129714\" class=\"builder-section  builder-section-first builder-section-banner builder-section-next-text\" style=\"\">\n<div class=\"builder-section-content cycle-slideshow\" data-cycle-log=\"false\" data-cycle-slides=\"div.builder-banner-slide\" data-cycle-swipe=\"true\" data-cycle-timeout=\"6000\" data-cycle-fx=\"scrollHorz\">\n<div class=\"builder-banner-slide content-position-none\" style=\"background-image: url(&#039;https:\/\/blog.zhdk.ch\/modellunderkenntnis\/files\/2016\/11\/26img090.jpg&#039;);\">\n<div class=\"builder-banner-content\">\n<div class=\"builder-banner-inner-content\">\n\t\t\t\t\t\t\t\t\t<\/div>\n<\/p><\/div>\n<\/p><\/div>\n<div class=\"builder-banner-slide content-position-none\" style=\"background-image: url(&#039;https:\/\/blog.zhdk.ch\/modellunderkenntnis\/files\/2016\/11\/29img093.jpg&#039;);\">\n<div class=\"builder-banner-content\">\n<div class=\"builder-banner-inner-content\">\n\t\t\t\t\t\t\t\t\t<\/div>\n<\/p><\/div>\n<\/p><\/div>\n<div class=\"builder-banner-slide content-position-none\" style=\"background-image: url(&#039;https:\/\/blog.zhdk.ch\/modellunderkenntnis\/files\/2016\/11\/8img076.jpg&#039;);\">\n<div class=\"builder-banner-content\">\n<div class=\"builder-banner-inner-content\">\n\t\t\t\t\t\t\t\t\t<\/div>\n<\/p><\/div>\n<\/p><\/div>\n<div class=\"builder-banner-slide content-position-none\" style=\"background-image: url(&#039;https:\/\/blog.zhdk.ch\/modellunderkenntnis\/files\/2016\/11\/46img111.jpg&#039;);\">\n<div class=\"builder-banner-content\">\n<div class=\"builder-banner-inner-content\">\n\t\t\t\t\t\t\t\t\t<\/div>\n<\/p><\/div>\n<\/p><\/div>\n<div class=\"builder-banner-slide content-position-none\" style=\"background-image: url(&#039;https:\/\/blog.zhdk.ch\/modellunderkenntnis\/files\/2016\/11\/4img072.jpg&#039;);\">\n<div class=\"builder-banner-content\">\n<div class=\"builder-banner-inner-content\">\n\t\t\t\t\t\t\t\t\t<\/div>\n<\/p><\/div>\n<\/p><\/div>\n<div class=\"cycle-prev\"><\/div>\n<div class=\"cycle-next\"><\/div>\n<div class=\"cycle-pager\"><\/div>\n<\/p><\/div>\n<\/section>\n<section id=\"builder-section-1478876464596\" class=\"builder-section builder-section-prev-banner builder-section-text builder-section-next-text builder-text-columns-2\" style=\"\">\n<div class=\"builder-section-content\">\n<div class=\"builder-text-column builder-text-column-1\" id=\"builder-section-1478876464596-column-1\">\n<div class=\"builder-text-content\">\n<h1><a href=\"https:\/\/blog.zhdk.ch\/modellunderkenntnis\/home\/christoph-zollikofer-und-marcia-ponce-de-leon\/\">\u276e \u00a0<\/a>PD Gerd-Helge Vogel<a href=\"https:\/\/blog.zhdk.ch\/modellunderkenntnis\/home\/margarete-von-lupin\/\"> \u00a0\u276f<\/a><\/h1>\n<\/p><\/div>\n<\/p><\/div>\n<div class=\"builder-text-column builder-text-column-2\" id=\"builder-section-1478876464596-column-2\">\n<div class=\"builder-text-content\">\n<h3 style=\"text-align: right\"><big><strong><a href=\"https:\/\/blog.zhdk.ch\/modellunderkenntnis\/#vortragende\">Zur\u00fcck zur \u00dcbersicht<\/a><\/strong><\/big><\/h3>\n<\/p><\/div>\n<\/p><\/div>\n<\/p><\/div>\n<\/section>\n<section id=\"builder-section-1478876494330\" class=\"builder-section builder-section-prev-text builder-section-text builder-section-last builder-text-columns-2\" style=\"\">\n<div class=\"builder-section-content\">\n<div class=\"builder-text-column builder-text-column-1\" id=\"builder-section-1478876494330-column-1\">\n<div class=\"builder-text-content\">\n<div class=\"page\" title=\"Page 1\">\n<div class=\"section\">\n<div class=\"layoutArea\">\n<div class=\"column\">\n<p><strong>Seit den Zeiten des ersten bekannten Botanikers Theophrastos von Eresos (372\/370 v. Chr.-288\/286 n. Chr.), der den Baum als Modell f\u00fcr seine botanischen Untersuchungen nahm, bedient sich die Wissenschaft der Phytologie des Modells in drei unterschiedlichen Zweckbestimmungen: 1. Das \u201enat\u00fcrliche Modell\u201c zur problemlosen Beobachtung des Untersuchungsgegenstandes, 2. das \u201edidaktische Modell\u201c als Instrument zur Vermittlung botanischen Wissens und 3. das Modell als Forschungsinstrument zur Hypothesenbildung bzw. zur Ergr\u00fcndung komplexer biologischer Prozesse samt ihrer Erkl\u00e4rung und Prognostizierung. <\/strong><\/p>\n<p><strong>In all diesen Zweckbestimmungen kommen in Abh\u00e4ngigkeit ihrer konkreten Zielsetzung zwei-, drei- oder seltener auch vierdimensionaler Modelle zum Einsatz. Der Essay befasst sich \u00fcberblicksartig mit botanischen Modellen in der Wissenschaftsgeschichte dieser Disziplin und stellt sie in den Zusammenhang mit den historischen Forschungsfragen oder- aufgaben der jeweiligen Epoche zur Meisterung des wissenschaftlichen Fortschritts. Es werden jeweilige Eigenschaften, Zielsetzungen der Modelle herausgestellt und versucht, allgemeine Schlussfolgerungen f\u00fcr den Gebrauch\/Einsatz von Modellen in der botanischen Wissenschaft \u2013 auch im Hinblick auf den k\u00fcnftigen Einsatz in dieser Disziplin samt ihren Spezialdisziplinen \u2013 zu ziehen. <\/strong><\/p>\n<p><strong>Dabei erweist sich das Feld der Botanik selbst als eine Art Modellfall, der Orientierungshilfe f\u00fcr die Entwicklungsformen von Modellen auch in anderen Naturwissenschaften bieten kann.<\/strong><\/p>\n<\/div>\n<\/div>\n<\/div>\n<\/div><\/div>\n<\/p><\/div>\n<div class=\"builder-text-column builder-text-column-2\" id=\"builder-section-1478876494330-column-2\">\n<div class=\"builder-text-content\">\n<p><strong><small>Zur Person<\/small><\/strong><\/p>\n<div class=\"page\" title=\"Page 1\">\n<div class=\"section\">\n<div class=\"layoutArea\">\n<div class=\"column\">\n<p>Studium der Kunstgeschichte und \u00c4sthetik an der Humboldt-Universit\u00e4t Berlin. Promotion (1982) und Habilitation (1989) an der Ernst-Moritz-Arndt-Universit\u00e4t Greifswald. Graduiertenstipendium an der Vrije Universiteit Amsterdam (1987) und Forschungsstipendium der Kajima-Stiftung in Japan (1995). Gastdozenturen des DAAD an der Estnischen Kunstakademie Tallinn (1999, 2002). Organisator der VI. bis XII. Greifswalder Romantikkonferenz (1989-2007), des 1. bis 2. Z\u00fcrcher Symposiums zur Wissenschaftlichen Illustration (2007-2016) sowie des I. und II. Internationalen Wolkenburger Symposiums zur Kunst (2011-2014). Seit 2005 Dozent am Department Design der Z\u00fcrcher Hochschule der K\u00fcnste im Bereich Scientific Visualization.<\/p>\n<p>Kurator zahlreicher Ausstellungen in den Museen von Barth, Biel, Cottbus, Greifswald, G\u00fcstrow, Poznan, Zweibr\u00fccken, Zwickau.<br \/> Zahlreiche Publikationen zur Kunst des Klassizismus, der Romantik und des Biedermeier, zur Gartenkunst, zur Plakatkunst sowie zur regionalen Kunstgeschichte Sachsens, Pommerns und Estlands.<\/p>\n<\/div>\n<\/div>\n<\/div>\n<\/div><\/div>\n<\/p><\/div>\n<\/p><\/div>\n<\/section>\n","protected":false},"excerpt":{"rendered":"<p>\u276e \u00a0PD Gerd-Helge Vogel \u00a0\u276f Zur\u00fcck zur \u00dcbersicht Seit den Zeiten des ersten bekannten Botanikers Theophrastos von Eresos (372\/370 v. Chr.-288\/286 n. Chr.), der den Baum als Modell f\u00fcr seine botanischen Untersuchungen nahm, bedient sich die Wissenschaft der Phytologie des Modells in drei unterschiedlichen Zweckbestimmungen: 1. Das \u201enat\u00fcrliche Modell\u201c zur problemlosen Beobachtung des Untersuchungsgegenstandes, 2. &hellip;<\/p>\n","protected":false},"author":2389,"featured_media":0,"parent":57,"menu_order":0,"comment_status":"closed","ping_status":"closed","template":"template-builder.php","meta":{"footnotes":""},"class_list":["post-379","page","type-page","status-publish","hentry"],"_links":{"self":[{"href":"https:\/\/blog.zhdk.ch\/modellunderkenntnis\/wp-json\/wp\/v2\/pages\/379","targetHints":{"allow":["GET"]}}],"collection":[{"href":"https:\/\/blog.zhdk.ch\/modellunderkenntnis\/wp-json\/wp\/v2\/pages"}],"about":[{"href":"https:\/\/blog.zhdk.ch\/modellunderkenntnis\/wp-json\/wp\/v2\/types\/page"}],"author":[{"embeddable":true,"href":"https:\/\/blog.zhdk.ch\/modellunderkenntnis\/wp-json\/wp\/v2\/users\/2389"}],"replies":[{"embeddable":true,"href":"https:\/\/blog.zhdk.ch\/modellunderkenntnis\/wp-json\/wp\/v2\/comments?post=379"}],"version-history":[{"count":5,"href":"https:\/\/blog.zhdk.ch\/modellunderkenntnis\/wp-json\/wp\/v2\/pages\/379\/revisions"}],"predecessor-version":[{"id":603,"href":"https:\/\/blog.zhdk.ch\/modellunderkenntnis\/wp-json\/wp\/v2\/pages\/379\/revisions\/603"}],"up":[{"embeddable":true,"href":"https:\/\/blog.zhdk.ch\/modellunderkenntnis\/wp-json\/wp\/v2\/pages\/57"}],"wp:attachment":[{"href":"https:\/\/blog.zhdk.ch\/modellunderkenntnis\/wp-json\/wp\/v2\/media?parent=379"}],"curies":[{"name":"wp","href":"https:\/\/api.w.org\/{rel}","templated":true}]}}