{"id":3,"date":"2013-09-16T15:21:05","date_gmt":"2013-09-16T15:21:05","guid":{"rendered":"https:\/\/blog.zhdk.ch\/observer\/?page_id=2"},"modified":"2013-10-01T16:17:45","modified_gmt":"2013-10-01T14:17:45","slug":"beispiel-seite","status":"publish","type":"page","link":"https:\/\/blog.zhdk.ch\/observer\/beispiel-seite\/","title":{"rendered":""},"content":{"rendered":"<p>Tobi M\u00fcller bespricht als Observer-in-Residence im Auftrag von <a title=\"Z+\" href=\"http:\/\/www.zhdk.ch\/index.php?id=zplus_home\">Z+<\/a> ausgew\u00e4hlte Veranstaltungen der <a title=\"ZHdK\" href=\"http:\/\/www.zhdk.ch\/\">Z\u00fcrcher Hochschule der K\u00fcnste<\/a>, f\u00fchrt Werkstattgespr\u00e4che mit beteiligten K\u00fcnstler_innen und Wissenschaftler_innen und kommentiert das Geschehen an der ZHdK dar\u00fcber hinaus auch in anderen Formaten. Die entsprechenden Beitr\u00e4ge f\u00f6rdern die Diskussion von ZHdK-Events und ber\u00fccksichtigen dabei insbesondere disziplinen\u00fcbergreifende Aspekte.<\/p>\n","protected":false},"excerpt":{"rendered":"<p>Tobi M\u00fcller bespricht als Observer-in-Residence im Auftrag von Z+ ausgew\u00e4hlte Veranstaltungen der Z\u00fcrcher Hochschule der K\u00fcnste, f\u00fchrt Werkstattgespr\u00e4che mit beteiligten K\u00fcnstler_innen und Wissenschaftler_innen und kommentiert das Geschehen an der ZHdK dar\u00fcber hinaus auch in anderen Formaten. Die entsprechenden Beitr\u00e4ge f\u00f6rdern die Diskussion von ZHdK-Events und ber\u00fccksichtigen dabei insbesondere disziplinen\u00fcbergreifende Aspekte.<\/p>\n","protected":false},"author":1383,"featured_media":0,"parent":0,"menu_order":0,"comment_status":"open","ping_status":"open","template":"","meta":{"footnotes":""},"class_list":["post-3","page","type-page","status-publish","hentry"],"_links":{"self":[{"href":"https:\/\/blog.zhdk.ch\/observer\/wp-json\/wp\/v2\/pages\/3","targetHints":{"allow":["GET"]}}],"collection":[{"href":"https:\/\/blog.zhdk.ch\/observer\/wp-json\/wp\/v2\/pages"}],"about":[{"href":"https:\/\/blog.zhdk.ch\/observer\/wp-json\/wp\/v2\/types\/page"}],"author":[{"embeddable":true,"href":"https:\/\/blog.zhdk.ch\/observer\/wp-json\/wp\/v2\/users\/1383"}],"replies":[{"embeddable":true,"href":"https:\/\/blog.zhdk.ch\/observer\/wp-json\/wp\/v2\/comments?post=3"}],"version-history":[{"count":3,"href":"https:\/\/blog.zhdk.ch\/observer\/wp-json\/wp\/v2\/pages\/3\/revisions"}],"predecessor-version":[{"id":159,"href":"https:\/\/blog.zhdk.ch\/observer\/wp-json\/wp\/v2\/pages\/3\/revisions\/159"}],"wp:attachment":[{"href":"https:\/\/blog.zhdk.ch\/observer\/wp-json\/wp\/v2\/media?parent=3"}],"curies":[{"name":"wp","href":"https:\/\/api.w.org\/{rel}","templated":true}]}}