{"id":122,"date":"2015-05-06T11:28:31","date_gmt":"2015-05-06T09:28:31","guid":{"rendered":"https:\/\/blog.zhdk.ch\/pegasus\/?page_id=122"},"modified":"2015-07-06T17:54:08","modified_gmt":"2015-07-06T15:54:08","slug":"team","status":"publish","type":"page","link":"https:\/\/blog.zhdk.ch\/pegasus\/?page_id=122","title":{"rendered":"Team"},"content":{"rendered":"<p>Projektleitung: <strong>Liliana Heimberg<\/strong><\/p>\n<h3>Mobile Skulptur \u201eDer Trojanische Pegasus\u201c:<\/h3>\n<p>Ausstellungskonzept, Bau Szenerie: <strong>Elisabeth Wegmann<\/strong><br \/>\nModell, Gestaltung Pegasus: <strong>Ren\u00e9 Fahrni<\/strong><br \/>\nTechnische Leitung: <strong>Alex Stierli<\/strong><br \/>\nBaupl\u00e4ne Pegasus: <strong>Istvan Major<\/strong><br \/>\nBau des Pegasus: <strong>Dominic Fedier, Werner Heers, Matthias R\u00f6hm, Beno Stauffer<\/strong><br \/>\nBeleuchtungs- und Videodesign: <strong>Michel Weber<\/strong><br \/>\nGestaltung Fl\u00fcgel des Pegasus: <strong>Seline F\u00fclscher<\/strong><br \/>\nMitarbeit Szenerie: <strong>Nadia Roncoroni<\/strong><br \/>\nTondesign: <strong>Dieter Ringli<\/strong><br \/>\nBeratung Ton: <strong>Carlo Raselli<\/strong><\/p>\n<h3>Begleitpublikation \u201e Freilichttheater \u2013 eine Tradition auf neuen Wegen\u201c:<\/h3>\n<p>Textfassung, Mitherausgeberin: <strong>Kathrin Siegfried<\/strong><br \/>\nLektorat, Mitherausgeberin: <strong>Yvonne Schmidt<\/strong><br \/>\nMitherausgeberin: <strong>Liliana Heimberg<\/strong><\/p>\n<p><strong><br \/>\n<\/strong>Fotos in der Publikation und in der Szenerie des Pegasus:<br \/>\n<strong>Thomas Baschelet, Hans &#8211; Ulrich Bl\u00f6chliger, Marco Cadonau, Claudia Dettmar, Jesper Dijohn, Samuel Forrer, Bernhard Fuchs, Kathrin Geissmann, Vera von Gunten, Benjamin Hofer, Marc Hutter, Fabian K\u00e4lin, Jacqueline K\u00e4ser, Oliver K\u00fchn, Dominik Labhardt, Michael Meier, Pascal Meier, Christian Pfammatter, Reto Parpan, Judith Schlosser, Theater Laax, Theater Leuk, Beat Walker, Welttheater Gesellschaft Einsiedeln.<\/strong><\/p>\n<p>Fotos Website: <strong>Regula Bearth, Elisabeth Wegmann<\/strong><br \/>\nBetreuung Blog: <strong>Jasmina Courti<\/strong><strong><br \/>\n<\/strong><\/p>\n<p>&nbsp;<\/p>\n","protected":false},"excerpt":{"rendered":"<p class=\"post-excerpt\">Projektleitung: Liliana Heimberg Mobile Skulptur \u201eDer Trojanische Pegasus\u201c: Ausstellungskonzept, Bau Szenerie: Elisabeth Wegmann Modell, Gestaltung Pegasus: Ren\u00e9 Fahrni Technische Leitung:&#8230;<\/p>\n","protected":false},"author":2934,"featured_media":0,"parent":0,"menu_order":0,"comment_status":"closed","ping_status":"closed","template":"","meta":{"footnotes":""},"class_list":["post-122","page","type-page","status-publish","hentry"],"_links":{"self":[{"href":"https:\/\/blog.zhdk.ch\/pegasus\/index.php?rest_route=\/wp\/v2\/pages\/122","targetHints":{"allow":["GET"]}}],"collection":[{"href":"https:\/\/blog.zhdk.ch\/pegasus\/index.php?rest_route=\/wp\/v2\/pages"}],"about":[{"href":"https:\/\/blog.zhdk.ch\/pegasus\/index.php?rest_route=\/wp\/v2\/types\/page"}],"author":[{"embeddable":true,"href":"https:\/\/blog.zhdk.ch\/pegasus\/index.php?rest_route=\/wp\/v2\/users\/2934"}],"replies":[{"embeddable":true,"href":"https:\/\/blog.zhdk.ch\/pegasus\/index.php?rest_route=%2Fwp%2Fv2%2Fcomments&post=122"}],"version-history":[{"count":22,"href":"https:\/\/blog.zhdk.ch\/pegasus\/index.php?rest_route=\/wp\/v2\/pages\/122\/revisions"}],"predecessor-version":[{"id":786,"href":"https:\/\/blog.zhdk.ch\/pegasus\/index.php?rest_route=\/wp\/v2\/pages\/122\/revisions\/786"}],"wp:attachment":[{"href":"https:\/\/blog.zhdk.ch\/pegasus\/index.php?rest_route=%2Fwp%2Fv2%2Fmedia&parent=122"}],"curies":[{"name":"wp","href":"https:\/\/api.w.org\/{rel}","templated":true}]}}