{"id":878,"date":"2015-07-22T15:33:40","date_gmt":"2015-07-22T13:33:40","guid":{"rendered":"https:\/\/blog.zhdk.ch\/pegasus\/?page_id=878"},"modified":"2015-08-20T15:06:26","modified_gmt":"2015-08-20T13:06:26","slug":"begleitpublikation-freilichttheater-eine-tradition-auf-neuen-wegen","status":"publish","type":"page","link":"https:\/\/blog.zhdk.ch\/pegasus\/?page_id=878","title":{"rendered":"Begleitpublikation"},"content":{"rendered":"<h2><a href=\"https:\/\/www.zhdk.ch\/index.php?id=99678\" target=\"_blank\">Freilichttheater \u2013 eine Tradition auf neuen Wegen<\/a><\/h2>\n<p>Herausgeberinnen: Liliana Heimberg, Yvonne Schmidt, Kathrin Siegfried<br \/>\nTextfassung: Kathrin Siegfried<br \/>\nLektorat: Yvonne Schmidt<\/p>\n<p>Reihen: Lebendige Traditionen der Schweiz, Band 3 (hrsg. durch das Bundesamt f\u00fcr Kultur) und subTexte, Band 11 (Hrsg. Prof. Anton Rey, Institute for the Performing Arts and Film), www.subtexte.ch\/<\/p>\n<p>Verlag: hier + jetzt, Baden<br \/>\nISBN 978-3-03919-364-6<br \/>\nErh\u00e4ltlich jeweils an den diversen Auftrittsorten des Pegasus (CHF 25.-) und im Buchhandel (CHF 29.-)<\/p>\n<p><strong>Inhaltsverzeichnis<br \/>\n<\/strong>Das Buch besteht aus drei Teilen mit Anhang und vier mehrseitigen Bildstrecken.<em><br \/>\n<\/em><strong><em>Freilichttheater im Aufbruch \u2013 eine Einleitung<br \/>\n<\/em><\/strong><span style=\"color: #0966e8\">Bildstrecke: Spielorte und ihr Potenzial<\/span><\/p>\n<p><strong><em>Teil 1: Der Spielort und sein Potenzial<br \/>\n<\/em><\/strong>Der Raum \u2013 bestimmende und inspirierende Gr\u00f6sse<br \/>\nDie Spielerinnen und Spieler<br \/>\nDas Publikum als Akteur<br \/>\n<span style=\"color: #0966e8\">Bildstrecke: Faszination grosser Ensembles<\/span><\/p>\n<p><strong><em>Teil 2: <\/em><\/strong><strong><em>Strategien des Theaterteams<br \/>\n<\/em><\/strong>Regie<br \/>\nChoreografie<br \/>\nAutorinnen und Autoren<br \/>\nSzenografie<br \/>\nMusik<br \/>\nKost\u00fcm<br \/>\nBildstrecke: Mitautorschaft der Spielerinnen und Spieler<\/p>\n<p><strong><em>Teil 3: <\/em><\/strong><strong><em>Aspekte des Umfelds<br \/>\n<\/em><\/strong>Eine Tradition mit Breitenwirkung<br \/>\nImpulse f\u00fcr die Region<br \/>\nDas Band der Erben: Freilichttheater und die lebendigen Traditionen (Silke Andris)<br \/>\nBildstrecke: Vielfalt der Formen<br \/>\nKulturpolitik betritt Neuland (Stefan Koslowski)<\/p>\n<p><strong><em>Anhang <\/em><\/strong>(mit Kurzbeschreibungen der Inszenierungen)<\/p>\n<p>Die Texte der Begleitpublikation beziehen sich auf zwei interdisziplin\u00e4re Forschungsprojekte zum Freilichttheater in der Schweiz am Institute for the Performing Arts and Film (IPF), Z\u00fcrcher Hochschule der K\u00fcnste ZHdK, zwischen 2008 und 2011.<\/p>\n<p><a href=\"http:\/\/ipf.zhdk.ch\/\">http:\/\/ipf.zhdk.ch<\/a><\/p>\n<p>Projektleitung: Liliana Heimberg<\/p>\n<p><em>Brennpunkt: Theater mit nichtprofessionellen Darstellenden (Liliana Heimberg, Stefan Koslowski, Yvonne Schmidt, Simone Strauf)<\/em><\/p>\n<p><em>Die \u00c4sthetik des Freilichttheaters zwischen kultureller Vielfalt und immateriellem Kulturerbe (Silke Andris, Karin Gimmi, Liliana Heimberg, Dieter Ringli, Yvonne Schmidt)<\/em><\/p>\n<p>Die Beitr\u00e4ge sind abrufbar \u00fcber:<br \/>\n<a href=\"http:\/\/www.zhdk.ch\/freilichttheater_2009\" target=\"_blank\">www.zhdk.ch\/freilichttheater_2009<br \/>\n<\/a><a href=\"http:\/\/www.zhdk.ch\/freilichttheater_2011\" target=\"_blank\">www.zhdk.ch\/freilichttheater_2011<\/a><\/p>\n<p>&nbsp;<\/p>\n<p><a href=\"https:\/\/blog.zhdk.ch\/pegasus\/files\/2015\/07\/LogosBreit1.jpg\"><img loading=\"lazy\" decoding=\"async\" class=\"alignnone size-full wp-image-804\" src=\"https:\/\/blog.zhdk.ch\/pegasus\/files\/2015\/07\/LogosBreit1.jpg\" alt=\"LogosBreit\" width=\"700\" height=\"119\" srcset=\"https:\/\/blog.zhdk.ch\/pegasus\/files\/2015\/07\/LogosBreit1.jpg 700w, https:\/\/blog.zhdk.ch\/pegasus\/files\/2015\/07\/LogosBreit1-300x51.jpg 300w, https:\/\/blog.zhdk.ch\/pegasus\/files\/2015\/07\/LogosBreit1-210x36.jpg 210w\" sizes=\"auto, (max-width: 700px) 100vw, 700px\" \/><\/a><\/p>\n","protected":false},"excerpt":{"rendered":"<p class=\"post-excerpt\">Freilichttheater \u2013 eine Tradition auf neuen Wegen Herausgeberinnen: Liliana Heimberg, Yvonne Schmidt, Kathrin Siegfried Textfassung: Kathrin Siegfried Lektorat: Yvonne Schmidt&#8230;<\/p>\n","protected":false},"author":2934,"featured_media":0,"parent":0,"menu_order":0,"comment_status":"closed","ping_status":"closed","template":"","meta":{"footnotes":""},"class_list":["post-878","page","type-page","status-publish","hentry"],"_links":{"self":[{"href":"https:\/\/blog.zhdk.ch\/pegasus\/index.php?rest_route=\/wp\/v2\/pages\/878","targetHints":{"allow":["GET"]}}],"collection":[{"href":"https:\/\/blog.zhdk.ch\/pegasus\/index.php?rest_route=\/wp\/v2\/pages"}],"about":[{"href":"https:\/\/blog.zhdk.ch\/pegasus\/index.php?rest_route=\/wp\/v2\/types\/page"}],"author":[{"embeddable":true,"href":"https:\/\/blog.zhdk.ch\/pegasus\/index.php?rest_route=\/wp\/v2\/users\/2934"}],"replies":[{"embeddable":true,"href":"https:\/\/blog.zhdk.ch\/pegasus\/index.php?rest_route=%2Fwp%2Fv2%2Fcomments&post=878"}],"version-history":[{"count":10,"href":"https:\/\/blog.zhdk.ch\/pegasus\/index.php?rest_route=\/wp\/v2\/pages\/878\/revisions"}],"predecessor-version":[{"id":890,"href":"https:\/\/blog.zhdk.ch\/pegasus\/index.php?rest_route=\/wp\/v2\/pages\/878\/revisions\/890"}],"wp:attachment":[{"href":"https:\/\/blog.zhdk.ch\/pegasus\/index.php?rest_route=%2Fwp%2Fv2%2Fmedia&parent=878"}],"curies":[{"name":"wp","href":"https:\/\/api.w.org\/{rel}","templated":true}]}}