{"id":11313,"date":"2019-05-15T11:03:43","date_gmt":"2019-05-15T11:03:43","guid":{"rendered":"https:\/\/blog.zhdk.ch\/sfex\/?page_id=11313"},"modified":"2020-04-27T09:03:24","modified_gmt":"2020-04-27T09:03:24","slug":"about-us","status":"publish","type":"page","link":"https:\/\/blog.zhdk.ch\/sfex\/about-us\/","title":{"rendered":"About us"},"content":{"rendered":"\n<h2 class=\"wp-block-heading\">Forschungsprojekt \u00abFilmexperimente 1950\u20131988\u00bb<\/h2>\n\n\n\n<p><strong>Das Projekt &#8220;Schweizer Filmexperimente&#8221; wurde in den Jahren 2010-2013 vom Schweizerischen Nationalfonds gef\u00f6rdert. Vielen Dank!<\/strong><br><strong>Am Projekt beteiligt waren die Z\u00fcrcher Hochschule der K\u00fcnste, Institute for the Performing Arts and Film (ipf), die S\u00e9ction Cin\u00e9ma der Universit\u00e9 de Lausanne, sowie die Hochschule Luzern \u2013 Design &amp; Kunst. Projektverantwortlich: Fred Truniger, Fran\u00e7ois Bovier, Thomas Sch\u00e4rer und Adeena Mey.<\/strong> <\/p>\n\n\n\n<p><a rel=\"noreferrer noopener\" aria-label=\"Z\u00fcrcher Hochschule der K\u00fcnste (\u00f6ffnet in neuem Tab)\" href=\"https:\/\/www.zhdk.ch\" target=\"_blank\">Z\u00fcrcher Hochschule der K\u00fcnste<\/a><br><a rel=\"noreferrer noopener\" aria-label=\"Institut for the Performing Arts and Films (\u00f6ffnet in neuem Tab)\" href=\"https:\/\/www.zhdk.ch\/forschung\/ipf\" target=\"_blank\">Institut for the Performing Arts and Films<\/a><\/p>\n\n\n\n<hr>\n\n\n\n<h4 class=\"wp-block-heading\">Gesuchsteller*innen \/ Main applicants<\/h4>\n\n\n\n<p>Prof. Anton Rey, IPF\/ZHdK<br>Prof. Dr. Maria Tortajada, UNIL<br>Prof. Dr. Gabriela Christen, HSLU<\/p>\n\n\n\n<hr>\n\n\n\n<h4 class=\"wp-block-heading\">Projektleitung \/ Responsibles<\/h4>\n\n\n\n<p>Dr. <a href=\"mailto:fred.truniger(at)hslu.ch\">Fred Truniger<\/a>, ZHdK\/HSLU<br>Dr. <a href=\"mailto:francois.bovier(at)unil.ch\">Fran\u00e7ois Bovier<\/a>, UNIL<\/p>\n\n\n\n<hr>\n\n\n\n<h4 class=\"wp-block-heading\">Mitarbeitende \/ Collaborators<\/h4>\n\n\n\n<p>Dr. Thomas Sch\u00e4rer, IPF\/ZHdK<br>Dr. Adeena Mey, Dissertand im Projekt\/PhD-Candidate in the Project, UNIL<\/p>\n\n\n\n<hr>\n\n\n\n<h4 class=\"wp-block-heading\">Praxispartner \/ Partners <\/h4>\n\n\n\n<p><a rel=\"noreferrer noopener\" aria-label=\"Lichtspiel Kinemathek (opens in a new tab)\" href=\"https:\/\/lichtspiel.ch\/de\/\" target=\"_blank\">Lichtspiel Kinemathek<\/a>, Bern<br><a rel=\"noreferrer noopener\" aria-label=\"Cin\u00e9math\u00e8que Suisse (opens in a new tab)\" href=\"https:\/\/www.cinematheque.ch\/f\/\" target=\"_blank\">Cin\u00e9math\u00e8que Suisse<\/a>, Lausanne<br><a rel=\"noreferrer noopener\" aria-label=\"Kunsthalle Fribourg  (Fri-Art) (opens in a new tab)\" href=\"http:\/\/www.fri-art.ch\/en\" target=\"_blank\">Kunsthalle Fribourg  (Fri-Art)<\/a>, Fribourg<br><a rel=\"noreferrer noopener\" aria-label=\"Memoriav, Verein zur Erschliessung und Erhaltung des audiovisuellen Kulturgutes der Schweiz (opens in a new tab)\" href=\"https:\/\/memoriav.ch\/\" target=\"_blank\">Memoriav, Verein zur Erschliessung und Erhaltung des audiovisuellen Kulturgutes der Schweiz<\/a>, Bern<br>Reservoirfilm.ch, Z\u00fcrich<\/p>\n\n\n\n<hr>\n\n\n\n<h4 class=\"wp-block-heading\">Forschungspartner \/ Research partners<\/h4>\n\n\n\n<p><a href=\"https:\/\/www.unil.ch\/cin\/fr\/home.html\" target=\"_blank\" rel=\"noreferrer noopener\" aria-label=\"Universit\u00e9 de Lausanne, S\u00e9ction d\u2019histoire et esth\u00e9tique du cin\u00e9ma (opens in a new tab)\">Universit\u00e9 de Lausanne, S\u00e9ction d\u2019histoire et esth\u00e9tique du cin\u00e9ma<\/a>, Prof. Maria Tortajada <br><a href=\"https:\/\/www.hslu.ch\/de-ch\/design-kunst\/\" target=\"_blank\" rel=\"noreferrer noopener\" aria-label=\"Hochschule Luzern, Design &amp; Kunst (opens in a new tab)\">Hochschule Luzern, Design &amp; Kunst<\/a>, Prof. Gabriela Christen<\/p>\n\n\n\n<hr>\n\n\n\n<h4 class=\"wp-block-heading\">Dauer<\/h4>\n\n\n\n<p>Finanziert: August 2010 \u2013 Juli 2013; Ab Juli 2013 \u2013 2020 unfinanziert<\/p>\n\n\n\n<hr>\n\n\n\n<h4 class=\"wp-block-heading\">Finanzierung<\/h4>\n\n\n\n<p><a href=\"http:\/\/snf.ch\" target=\"_blank\" rel=\"noreferrer noopener\" aria-label=\"Schweizerischer Nationalfonds zur F\u00f6rderung der \u00adwissenschaftlichen Forschung SNF (opens in a new tab)\">Schweizerischer Nationalfonds zur F\u00f6rderung der \u00adwissenschaftlichen Forschung SNF<\/a><\/p>\n\n\n\n<hr>\n\n\n\n<h4 class=\"wp-block-heading\">Links<\/h4>\n\n\n\n<p><a rel=\"noreferrer noopener\" aria-label=\"Ausstellung im FRI ART (\u00f6ffnet in neuem Tab)\" href=\"http:\/\/www.fri-art.ch\/fr\/expositions\/film-implosion-experiments-in-swiss-cinema-and-moving-images\" target=\"_blank\">Ausstellung im FRI ART<\/a> (Kunsthalle Freiburg)<br>Ausstellung im Museum f\u00fcr Gestaltung Z\u00fcrich (2017)<br><a rel=\"noreferrer noopener\" aria-label=\"Pr\u00e4sentation am Istituto Svizzera in Rom  (\u00f6ffnet in neuem Tab)\" href=\"https:\/\/www.istitutosvizzero.it\/it\/cinema\/film-implosion-experimental-cinema-in-switzerland\/?utm_medium=email&amp;utm_campaign=Newsletter%20042017&amp;utm_content=Newsletter%20042017%20CID_a265d495218ebe230f67f2124905ac1c&amp;utm_source=Email%20marketing%20software&amp;utm_term=Programma\" target=\"_blank\">Pr\u00e4sentation am Istituto Svizzera in Rom <\/a>(2017)<\/p>\n\n\n\n<hr>\n\n\n\n<h4 class=\"wp-block-heading\">Related Projects<\/h4>\n\n\n\n<p><a rel=\"noreferrer noopener\" aria-label=\"M\u00fcndliche Filmgeschichte(n): Ein Onine-Archiv zur Schweizer Filmgeschichte  (\u00f6ffnet in neuem Tab)\" href=\"https:\/\/www.zhdk.ch\/forschungsprojekt\/548377\" target=\"_blank\">M\u00fcndliche Filmgeschichte(n): Ein Onine-Archiv zur Schweizer Filmgeschichte <\/a>(Fortsetzungsprojekt)<br><a rel=\"noreferrer noopener\" aria-label=\"Der k\u00fcnstlerische Film in der Schweiz 1950\u20131988 (\u00f6ffnet in neuem Tab)\" href=\"https:\/\/www.zhdk.ch\/forschungsprojekt\/426794\" target=\"_blank\">Der k\u00fcnstlerische Film in der Schweiz 1950\u20131988<\/a> (Vorg\u00e4ngerprojekt)<\/p>\n\n\n\n<hr>\n\n\n\n<h4 class=\"wp-block-heading\">Copyright<\/h4>\n\n\n\n<figure class=\"wp-block-image size-large\"><img loading=\"lazy\" decoding=\"async\" width=\"88\" height=\"31\" src=\"https:\/\/blog.zhdk.ch\/sfex\/files\/2020\/04\/CC88x31.png\" alt=\"\" class=\"wp-image-11699\" \/><\/figure>\n\n\n\n<p>Dieses Werk ist lizenziert unter einer <a href=\"http:\/\/creativecommons.org\/licenses\/by-nc\/4.0\/\">Creative Commons Namensnennung-Nicht kommerziell 4.0 International Lizenz<\/a>. Wenn Quellenangaben gemacht werden, k\u00f6nnen andere Rechte gelten. Wenn Sie als Rechteinhaber einzelner Materialien mit der Ver\u00f6ffentlichung nicht einverstanden sind, werden wir die beanstandeten Elemente umgehend l\u00f6schen.<\/p>\n\n\n\n<p>This work is licensed under a <a href=\"http:\/\/creativecommons.org\/licenses\/by-nc\/4.0\/\">Creative Commons Attribution-Non-Commercial 4.0 International License<\/a>. Other rights may apply if sources are cited. If you, as the copyright holder of individual materials, do not agree with the publication, we will immediately delete the objectionable elements.<\/p>\n\n\n\n<p><a href=\"https:\/\/blog.zhdk.ch\/sfex\/wp-admin\/\"><em>https:\/\/blog.zhdk.ch\/sfex\/wp-admin\/<\/em><\/a><\/p>\n","protected":false},"excerpt":{"rendered":"<p>Forschungsprojekt \u00abFilmexperimente 1950\u20131988\u00bb Das Projekt &#8220;Schweizer Filmexperimente&#8221; wurde in den Jahren 2010-2013 vom Schweizerischen Nationalfonds gef\u00f6rdert. Vielen Dank!Am Projekt beteiligt waren die Z\u00fcrcher Hochschule der K\u00fcnste, Institute for the Performing Arts and Film (ipf), die S\u00e9ction Cin\u00e9ma der Universit\u00e9 de Lausanne, sowie die Hochschule Luzern \u2013 Design &amp; Kunst. Projektverantwortlich: Fred Truniger, Fran\u00e7ois Bovier, Thomas Sch\u00e4rer und Adeena Mey. Z\u00fcrcher Hochschule der K\u00fcnsteInstitut for the Performing Arts and Films Gesuchsteller*innen \/ Main applicants Prof. Anton Rey, IPF\/ZHdKProf. Dr. Maria Tortajada, UNILProf. Dr. Gabriela Christen, HSLU Projektleitung \/ Responsibles Dr. Fred&hellip;<\/p>\n","protected":false},"author":3679,"featured_media":0,"parent":0,"menu_order":0,"comment_status":"closed","ping_status":"closed","template":"","meta":{"footnotes":""},"class_list":["post-11313","page","type-page","status-publish","hentry"],"_links":{"self":[{"href":"https:\/\/blog.zhdk.ch\/sfex\/wp-json\/wp\/v2\/pages\/11313","targetHints":{"allow":["GET"]}}],"collection":[{"href":"https:\/\/blog.zhdk.ch\/sfex\/wp-json\/wp\/v2\/pages"}],"about":[{"href":"https:\/\/blog.zhdk.ch\/sfex\/wp-json\/wp\/v2\/types\/page"}],"author":[{"embeddable":true,"href":"https:\/\/blog.zhdk.ch\/sfex\/wp-json\/wp\/v2\/users\/3679"}],"replies":[{"embeddable":true,"href":"https:\/\/blog.zhdk.ch\/sfex\/wp-json\/wp\/v2\/comments?post=11313"}],"version-history":[{"count":32,"href":"https:\/\/blog.zhdk.ch\/sfex\/wp-json\/wp\/v2\/pages\/11313\/revisions"}],"predecessor-version":[{"id":11705,"href":"https:\/\/blog.zhdk.ch\/sfex\/wp-json\/wp\/v2\/pages\/11313\/revisions\/11705"}],"wp:attachment":[{"href":"https:\/\/blog.zhdk.ch\/sfex\/wp-json\/wp\/v2\/media?parent=11313"}],"curies":[{"name":"wp","href":"https:\/\/api.w.org\/{rel}","templated":true}]}}