{"id":11582,"date":"2019-11-14T23:37:43","date_gmt":"2019-11-14T23:37:43","guid":{"rendered":"https:\/\/blog.zhdk.ch\/sfex\/?page_id=11582"},"modified":"2020-04-17T11:11:06","modified_gmt":"2020-04-17T11:11:06","slug":"publication-minor-cinema","status":"publish","type":"page","link":"https:\/\/blog.zhdk.ch\/sfex\/publication-minor-cinema\/","title":{"rendered":"Publication Minor Cinema"},"content":{"rendered":"\n<p><strong>Die Publikation &#8220;<a rel=\"noreferrer noopener\" aria-label=\" (opens in a new tab)\" href=\"https:\/\/www.lespressesdureel.com\/EN\/ouvrage.php?id=7731&amp;menu=0\" target=\"_blank\">Minor Cinema. Experimental Film in Switzerland<\/a>&#8221; ist im Verlag jrp auf Englisch erschienen. Auf dieser Seite finden Sie die originalen Texte in Deutsch und Franz\u00f6sisch, die in der gedruckten Publikation in englischer \u00dcbersetzung erschienen sind.<\/strong><\/p>\n\n\n\n<p>Minor Cinema (2020): <a href=\"https:\/\/blog.zhdk.ch\/sfex\/files\/2020\/03\/Documents_MinorCinema_JRPEDITIONS_DE__FINALVERSION.pdf\" target=\"_blank\" rel=\"noreferrer noopener\" aria-label=\"Deutsche Originaltexte (opens in a new tab)\">Deutsche Originaltexte<\/a><br>Minor Cinema (2020): <a href=\"https:\/\/blog.zhdk.ch\/sfex\/files\/2020\/03\/Documents_MinorCinema_JRPEDITIONS_FR_FINALVERSION.pdf\" target=\"_blank\" rel=\"noreferrer noopener\" aria-label=\"Franz\u00f6sische Originaltexte (opens in a new tab)\">Franz\u00f6sische Originaltexte<\/a><\/p>\n\n\n\n<p>________________________<\/p>\n\n\n\n<p><\/p>\n\n\n\n<p><\/p>\n\n\n\n<p><strong>The publication &#8220;<a href=\"https:\/\/www.lespressesdureel.com\/EN\/ouvrage.php?id=7731&amp;menu=0\" target=\"_blank\" rel=\"noreferrer noopener\" aria-label=\" (opens in a new tab)\">Minor Cinema. Experimental Film in Switzerland<\/a>&#8221; has been published with jrp publishers in English. On this page you can download the texts originally written in German or French in the original Layout of the publication.<\/strong><\/p>\n\n\n\n<p>Minor Cinema (2020): <a href=\"https:\/\/blog.zhdk.ch\/sfex\/files\/2020\/03\/Documents_MinorCinema_JRPEDITIONS_DE__FINALVERSION.pdf\" target=\"_blank\" rel=\"noreferrer noopener\" aria-label=\"German original texts (opens in a new tab)\">German original texts<\/a><br>Minor Cinema (2020): <a href=\"https:\/\/blog.zhdk.ch\/sfex\/files\/2020\/03\/Documents_MinorCinema_JRPEDITIONS_FR_FINALVERSION.pdf\" target=\"_blank\" rel=\"noreferrer noopener\" aria-label=\"French original texts (opens in a new tab)\">French original texts<\/a> <\/p>\n","protected":false},"excerpt":{"rendered":"<p>Die Publikation &#8220;Minor Cinema. Experimental Film in Switzerland&#8221; ist im Verlag jrp auf Englisch erschienen. Auf dieser Seite finden Sie die originalen Texte in Deutsch und Franz\u00f6sisch, die in der gedruckten Publikation in englischer \u00dcbersetzung erschienen sind. Minor Cinema (2020): Deutsche OriginaltexteMinor Cinema (2020): Franz\u00f6sische Originaltexte ________________________ The publication &#8220;Minor Cinema. Experimental Film in Switzerland&#8221; has been published with jrp publishers in English. On this page you can download the texts originally written in German or French in the original Layout of the publication. Minor Cinema (2020): German original textsMinor&hellip;<\/p>\n","protected":false},"author":366,"featured_media":0,"parent":0,"menu_order":0,"comment_status":"closed","ping_status":"closed","template":"","meta":{"footnotes":""},"class_list":["post-11582","page","type-page","status-publish","hentry"],"_links":{"self":[{"href":"https:\/\/blog.zhdk.ch\/sfex\/wp-json\/wp\/v2\/pages\/11582","targetHints":{"allow":["GET"]}}],"collection":[{"href":"https:\/\/blog.zhdk.ch\/sfex\/wp-json\/wp\/v2\/pages"}],"about":[{"href":"https:\/\/blog.zhdk.ch\/sfex\/wp-json\/wp\/v2\/types\/page"}],"author":[{"embeddable":true,"href":"https:\/\/blog.zhdk.ch\/sfex\/wp-json\/wp\/v2\/users\/366"}],"replies":[{"embeddable":true,"href":"https:\/\/blog.zhdk.ch\/sfex\/wp-json\/wp\/v2\/comments?post=11582"}],"version-history":[{"count":10,"href":"https:\/\/blog.zhdk.ch\/sfex\/wp-json\/wp\/v2\/pages\/11582\/revisions"}],"predecessor-version":[{"id":11673,"href":"https:\/\/blog.zhdk.ch\/sfex\/wp-json\/wp\/v2\/pages\/11582\/revisions\/11673"}],"wp:attachment":[{"href":"https:\/\/blog.zhdk.ch\/sfex\/wp-json\/wp\/v2\/media?parent=11582"}],"curies":[{"name":"wp","href":"https:\/\/api.w.org\/{rel}","templated":true}]}}