{"id":41,"date":"2021-04-08T10:47:31","date_gmt":"2021-04-08T10:47:31","guid":{"rendered":"https:\/\/blog.zhdk.ch\/soundmovingsources\/?page_id=41"},"modified":"2024-12-19T10:18:07","modified_gmt":"2024-12-19T10:18:07","slug":"ueber-das-projekt","status":"publish","type":"page","link":"https:\/\/blog.zhdk.ch\/soundmovingsources\/ueber-das-projekt\/","title":{"rendered":"\u00dcber das Projekt"},"content":{"rendered":"<section id=\"builder-section-text_11\" class=\"builder-section-first builder-section builder-section-text builder-section-last builder-text-columns-2\" style=\"background-size: cover; background-repeat: no-repeat;background-position: center center;\">\n<div class=\"builder-section-content\">\n<div class=\"builder-text-row\">\n<div class=\"builder-text-column builder-text-column-1\" id=\"builder-section-text_11-column-1\">\n<div class=\"builder-text-content\">\n<div class=\"richtext\">\n<p class=\"DefaultStyle\">Bewegende\u00a0Lautsprecher verursachen\u00a0Amplituden- und Frequenzmodulation und setzen den Klang real in den Raum. Der bewegte Lautsprecher wird als Punktschallquelle wahrgenommen, macht ihn deutlich h\u00f6r-, lokalisier- und sichtbar. Das Forschungsprojekt untersucht nun die M\u00f6glichkeiten, wie ein Lautsprecher sich im Raum bewegen kann, um im Zusammenspiel mit Musikern variable Klangr\u00e4ume zu etablieren. Dabei werden technische L\u00f6sungen entwickelt wie auch eine Steuersprache, mit der Komponisten*innen den Lautsprecher nach musikalischen und kompositorischen Bed\u00fcrfnissen kontrollieren k\u00f6nnen.<\/p>\n<p>Bewegte Lautsprecher wurden in zahlreichen elektroakustischen Werken und installativen Arbeiten seit den 1960er-Jahren eingesetzt. Die Bewegung einer Schallquelle verursacht Amplituden- und Frequenzmodulation. Der bewegte Lautsprecher wird als Punktschallquelle wahrgenommen, macht ihn deutlich h\u00f6r-, lokalisier- und sichtbar und l\u00e4sst ihn zum Mittelpunkt einer klangr\u00e4umlichen Inszenierung werden. Das Forschungsprojekt untersucht nun die M\u00f6glichkeiten, wie ein Lautsprecher sich frei im Raum bewegen kann, um im Zusammenspiel mit Musikern variable und bewegliche Klangr\u00e4ume zu etablieren. Diese Klangr\u00e4ume sollen von den Komponisten*innen w\u00e4hrend einer Performance in ihrer Form ver\u00e4ndert werden k\u00f6nnen oder die Lautsprecher formieren sich selbst\u00e4ndig auf Grund gewisser Parameter und vorgegebenen Entscheidungsm\u00f6glichkeiten.<\/p>\n<p>Die mobilen Lautsprecher gewinnen durch die Bewegung auf der B\u00fchne im Sinne der Performance eine viel gr\u00f6ssere dramaturgische Bedeutung und bringen eine andere Art von Ausdruckskraft in den Vortrag. Damit nehmen die elektronischen Instrumente eine neue Position gegen\u00fcber den akustischen Instrumenten ein.<\/p>\n<p>Die mobilen Lautsprecher werden zu Akteuren auf der B\u00fchne und im Saal und bringen zus\u00e4tzliche Wechselwirkungen zwischen Publikum, Interpreten und der R\u00e4umlichkeit ein.<\/p>\n<\/div>\n<div class=\"richtext\">\n<p>Neben der technischen Entwicklung des mobilen Lautsprechers wird auch die Entwicklung einer Steuersprache vorgesehen, mit der Komponisten*Innen den Lautsprecher nach musikalischen und kompositorischen Bed\u00fcrfnissen kontrollieren k\u00f6nnen.<\/p>\n<p>Die Lautsprecher bewegen sich selbst\u00e4ndig und frei im Raum, ohne an einer Position verankert zu sein. In der ersten Version werden wir uns auf die Horizontaleben beschr\u00e4nken, der Einbezug der H\u00f6he kann in einem weiteren Schritt erfolgen.<\/p>\n<p>Die Lautsprecher werden ferngesteuert, um sich frei im Raum kontrolliert zu bewegen, das Audiosignal wird per Funk \u00fcbertragen; Das Projekt ist f\u00fcr die Produktion von Musik gedacht, bei der die Kl\u00e4nge von akustischen Instrumenten (Piano Trio) in Echtzeit elektronisch verarbeitet werden, und neue unerh\u00f6rten Klangbeziehungen zwischen r\u00e4umlichen Darstellungen des Klanges, akustischen und elektronischen Kl\u00e4nge und psychoakustischen Effekten aus den bewegenden Schalquellen realisiert werden. Ein wichtiges Merkmal, das unser Projekt auszeichnet, ist der Umstand, dass es von einem Komponistenkollektiv konzipiert wurde, um die Produktion neuer Kompositionen sowohl f\u00fcr die Kollektivkomponisten als auch f\u00fcr andere externe Komponisten zu f\u00f6rdern. Die Technologie steht im Dienst der Musik und wird auf Grund der Bed\u00fcrfnisse und Anforderungen entwickelt, die aus der kompositorischen Arbeit entstehen.<\/p>\n<p>Ziel des Projektes ist es, drei frei bewegliche Lautsprecher zu bauen, jeder einer zus\u00e4tzlichen Bewegungsm\u00f6glichkeit auf dem Wagen, ein Konzept zur Bedienung zu entwickeln, das die notwendigen Steuerbefehle als zus\u00e4tzliche Parameter in eine Partitur integrieren l\u00e4sst und das System in einem ersten Forschungskonzert mit dem Absolut Trio in der Praxis einzusetzen und in der k\u00fcnstlerischen Praxis zau testen. In der k\u00fcnstlerischen Anwendung wollen wir ein Mittel entwickeln, mit dem die traditionellen feststehenden Klangr\u00e4ume durch ein variables Modell erg\u00e4nzt oder ersetzt werden k\u00f6nnen. In einer Zuschauerbefragung sollen die Zuh\u00f6rer \u00fcber ihre Eindr\u00fccke und Empfindungen befragt werden, anhand derer evaluiert werden kann, ob die klangr\u00e4umlichen Vorstellungen der Komponisten*innen vermittelt werden k\u00f6nnen und ob das System in der Lage ist, kompositorische Absichten betreffend der Ziele im Bereich der akustischen, psychoakustischen und neuroakustischen Auswirkungen und die entsprechenden Probleme bez\u00fcglich klangr\u00e4umlicher Gestaltung und Wiedergabe im Konzert zu l\u00f6sen (etwa: Sweetspot, sitzplatzabh\u00e4ngiges Klangbild, Problem von Phantomschallquellenbildung). Die Beobachtungen umfassen und untersuchen die psycho-akustischen Merkmale, die den bekannten Wahrnehmungsprozess der ordentlichen musikalischen Auff\u00fchrungen durch das mobile Beschallungssystem \u00fcberschreiten und erweitern.<\/p>\n<\/div>\n<div class=\"collapsible js-collapsible is-opened\" data-has-module=\"yes\">\n<div class=\"collapsible--container collapsible--container-no_padding js-collapsible--container is-opened\">\n<div class=\"key_value_table\">\u00a0<\/div>\n<\/div>\n<\/div>\n<div class=\"collapsible js-collapsible is-opened\" data-has-module=\"yes\">\n<div class=\"collapsible--container collapsible--container-no_padding js-collapsible--container is-opened\">\n<div class=\"key_value_table\">\u00a0<\/div>\n<\/div>\n<\/div><\/div>\n<\/p><\/div>\n<div class=\"builder-text-column builder-text-column-2\" id=\"builder-section-text_11-column-2\">\n<div class=\"builder-text-content\">\n<p>Moving loudspeakers cause amplitude and frequency modulation and place the sound in real space. The moving loudspeaker is perceived as a point sound source, making it clearly audible, localizable and visible. The research project is now investigating the possibilities of how a loudspeaker can move in space in order to establish variable sound spaces in interaction with musicians. Technical solutions are being developed as well as a control language with which composers can control the loudspeaker according to musical and compositional needs.<\/p>\n<p>Moving loudspeakers have been used in numerous electroacoustic works and installations since the 1960s. The movement of a sound source causes amplitude and frequency modulation. The moving loudspeaker is perceived as a point sound source, making it clearly audible, localizable and visible and allowing it to become the focus of a sound-spatial staging. The research project is now investigating the possibilities of how a loudspeaker can move freely in space in order to establish variable and mobile sound spaces in interaction with musicians. The composers should be able to change the form of these sound spaces during a performance, or the loudspeakers should form themselves independently based on certain parameters and predetermined decision-making options.<\/p>\n<p>The mobile loudspeakers gain a much greater dramaturgical significance through the movement on stage in terms of performance and bring a different kind of expressiveness to the performance. The electronic instruments thus take on a new position compared to the acoustic instruments.<\/p>\n<p>The mobile loudspeakers become actors on stage and in the hall and bring additional interactions between the audience, performers and the space.<\/p>\n<p>In addition to the technical development of the mobile loudspeaker, the development of a control language is also planned, with which composers can control the loudspeaker according to musical and compositional needs.<\/p>\n<p>The loudspeakers move independently and freely in space without being anchored in one position. In the first version, we will limit ourselves to the horizontal plane; the height can be included in a further step.<\/p>\n<p>The speakers are remotely controlled to move freely in space in a controlled manner, the audio signal is transmitted by radio; the project is intended for the production of music in which the sounds of acoustic instruments (piano trio) are electronically processed in real time, and new unheard-of sound relationships between spatial representations of sound, acoustic and electronic sounds and psychoacoustic effects from the moving sound sources are realized. An important feature that characterizes our project is the fact that it was conceived by a collective of composers to promote the production of new compositions both for the collective composers and for other external composers. The technology is at the service of the music and is developed on the basis of the needs and requirements that arise from the compositional work.<\/p>\n<p>The aim of the project is to build three freely movable loudspeakers, each with an additional movement option on the trolley, to develop a concept for operation that allows the necessary control commands to be integrated into a score as additional parameters and to use the system in practice in an initial research concert with the Absolut Trio and to test it in artistic practice. In the artistic application, we want to develop a means by which the traditional fixed sound spaces can be supplemented or replaced by a variable model. In an audience survey, listeners will be asked about their impressions and perceptions, which can be used to evaluate whether the composers&#8216; ideas of sound space can be conveyed and whether the system is able to solve compositional intentions regarding the goals in the area of acoustic, psychoacoustic and neuroacoustic effects and the corresponding problems regarding sound space design and reproduction in the concert (for example: Sweet spot, seat-dependent sound image, problem of phantom sound source formation). The observations include and investigate the psycho-acoustic characteristics that exceed and extend the known perception process of ordinary musical performances through the mobile sound system.<\/p>\n<p>\u00a0<\/p>\n<\/p><\/div>\n<\/p><\/div>\n<\/p><\/div>\n<\/p><\/div>\n<\/section>\n","protected":false},"excerpt":{"rendered":"<p>Bewegende\u00a0Lautsprecher verursachen\u00a0Amplituden- und Frequenzmodulation und setzen den Klang real in den Raum. Der bewegte Lautsprecher wird als Punktschallquelle wahrgenommen, macht ihn deutlich h\u00f6r-, lokalisier- und sichtbar. Das Forschungsprojekt untersucht nun die M\u00f6glichkeiten, wie ein Lautsprecher sich im Raum bewegen kann, um im Zusammenspiel mit Musikern variable Klangr\u00e4ume zu etablieren. Dabei werden technische L\u00f6sungen entwickelt wie &hellip;<\/p>\n","protected":false},"author":231,"featured_media":0,"parent":0,"menu_order":0,"comment_status":"closed","ping_status":"closed","template":"template-builder.php","meta":{"footnotes":""},"class_list":["post-41","page","type-page","status-publish","hentry"],"_links":{"self":[{"href":"https:\/\/blog.zhdk.ch\/soundmovingsources\/wp-json\/wp\/v2\/pages\/41","targetHints":{"allow":["GET"]}}],"collection":[{"href":"https:\/\/blog.zhdk.ch\/soundmovingsources\/wp-json\/wp\/v2\/pages"}],"about":[{"href":"https:\/\/blog.zhdk.ch\/soundmovingsources\/wp-json\/wp\/v2\/types\/page"}],"author":[{"embeddable":true,"href":"https:\/\/blog.zhdk.ch\/soundmovingsources\/wp-json\/wp\/v2\/users\/231"}],"replies":[{"embeddable":true,"href":"https:\/\/blog.zhdk.ch\/soundmovingsources\/wp-json\/wp\/v2\/comments?post=41"}],"version-history":[{"count":11,"href":"https:\/\/blog.zhdk.ch\/soundmovingsources\/wp-json\/wp\/v2\/pages\/41\/revisions"}],"predecessor-version":[{"id":661,"href":"https:\/\/blog.zhdk.ch\/soundmovingsources\/wp-json\/wp\/v2\/pages\/41\/revisions\/661"}],"wp:attachment":[{"href":"https:\/\/blog.zhdk.ch\/soundmovingsources\/wp-json\/wp\/v2\/media?parent=41"}],"curies":[{"name":"wp","href":"https:\/\/api.w.org\/{rel}","templated":true}]}}