{"id":3,"date":"2013-04-23T07:29:21","date_gmt":"2013-04-23T07:29:21","guid":{"rendered":"https:\/\/blog.zhdk.ch\/stadtforschung\/?page_id=2"},"modified":"2013-05-06T18:09:54","modified_gmt":"2013-05-06T16:09:54","slug":"sample-page","status":"publish","type":"page","link":"https:\/\/blog.zhdk.ch\/stadtforschung\/","title":{"rendered":"Ausgangslage"},"content":{"rendered":"<p><a href=\"https:\/\/blog.zhdk.ch\/stadtforschung\/files\/2013\/04\/Antonia_Toni.jpg\"><img loading=\"lazy\" decoding=\"async\" class=\"alignnone size-medium wp-image-313\" alt=\"Antonia_Toni\" src=\"https:\/\/blog.zhdk.ch\/stadtforschung\/files\/2013\/04\/Antonia_Toni-300x225.jpg\" width=\"300\" height=\"225\" srcset=\"https:\/\/blog.zhdk.ch\/stadtforschung\/files\/2013\/04\/Antonia_Toni-300x225.jpg 300w, https:\/\/blog.zhdk.ch\/stadtforschung\/files\/2013\/04\/Antonia_Toni-1024x768.jpg 1024w\" sizes=\"auto, (max-width: 300px) 100vw, 300px\" \/><br \/>\n<\/a> Visualisierung Toni-Areal<\/p>\n<p><a href=\"https:\/\/blog.zhdk.ch\/stadtforschung\/files\/2013\/04\/HCU_Titel.jpg\"><img loading=\"lazy\" decoding=\"async\" class=\"alignnone size-medium wp-image-409\" alt=\"HCU_Titel\" src=\"https:\/\/blog.zhdk.ch\/stadtforschung\/files\/2013\/04\/HCU_Titel-300x224.jpg\" width=\"300\" height=\"224\" srcset=\"https:\/\/blog.zhdk.ch\/stadtforschung\/files\/2013\/04\/HCU_Titel-300x224.jpg 300w, https:\/\/blog.zhdk.ch\/stadtforschung\/files\/2013\/04\/HCU_Titel.jpg 600w\" sizes=\"auto, (max-width: 300px) 100vw, 300px\" \/><br \/>\n<\/a> Visualisierung HafenCity Universit\u00e4t<\/p>\n<p>W\u00e4hrend sich die ZHdK auf den Umzug ins Toni-Areal vorbereitet, plant in Hamburg zeitgleich die HafenCity Universit\u00e4t den Einzug ins neue Geb\u00e4ude an der Elbe. F\u00fcr die Hochschulen sind die Umz\u00fcge inhaltlich wichtig, denn vor allem die Zusammenarbeit zwischen den Disziplinen soll durch die physische N\u00e4he auf einem neuen Campus gest\u00e4rkt werden.<\/p>\n<p>Neben den internen Zielen f\u00fcr die Hochschulen und einem Geb\u00e4ude, das die Neugr\u00fcndungen (HCU 2006, ZHdK 2007) materiell repr\u00e4sentiert, sind die Umz\u00fcge auch f\u00fcr die jeweiligen Stadtteile von\u00a0grosser Bedeutung:<\/p>\n<p>In Z\u00fcrich werden mit dem Bezug des Toni-Areals rund 5000 Studierende und Dozierende, in Hamburg rund 2500 Studierende und Dozierende t\u00e4glich f\u00fcr die Belebung der noch im Entstehen begriffenen oder eben erst fertig gestellten Quartiere und deren Infrastruktur sorgen. Diese gemeinsame Ausgangslage auf der Ebene von Bildungspolitik, Stadtentwicklung und Architektur bot sich f\u00fcr eine international vergleichende Untersuchung an.<\/p>\n<p><span style=\"text-decoration: underline;color: #000000\"><strong><span style=\"text-decoration: underline\"><a title=\"\u00dcber das Projekt\" href=\"https:\/\/blog.zhdk.ch\/stadtforschung\/jahresprojekt\/\"><span style=\"color: #000000;text-decoration: underline\">\u2192\u00a0<\/span><\/a><\/span><\/strong><span style=\"text-decoration: underline\"><a title=\"\u00dcber das Projekt\" href=\"https:\/\/blog.zhdk.ch\/stadtforschung\/jahresprojekt\/\"><span style=\"color: #000000;text-decoration: underline\">\u00dcber das Kooperationsprojekt<\/span><\/a><\/span><\/span><\/p>\n<p><span style=\"text-decoration: underline\"><span style=\"color: #000000\"><a title=\"Die Stadtteile &amp; die Hochschulbauten\" href=\"https:\/\/blog.zhdk.ch\/stadtforschung\/uber-zurich-west-und-die-hafencity-hamburg\/\"><span style=\"color: #000000;text-decoration: underline\"><strong>\u2192\u00a0<\/strong>Die Stadtteile und die Hochschulbauten<\/span><\/a><\/span><\/span><\/p>\n<p>&nbsp;<\/p>\n<p><img loading=\"lazy\" decoding=\"async\" class=\"alignnone  wp-image-961\" alt=\"Logo_Zhdk\" src=\"https:\/\/blog.zhdk.ch\/stadtforschung\/files\/2013\/05\/Logo_Zhdk.jpg\" width=\"112\" height=\"37\" \/><\/p>\n<p><img loading=\"lazy\" decoding=\"async\" alt=\"Hcu_logo\" src=\"https:\/\/blog.zhdk.ch\/stadtforschung\/files\/2013\/05\/Hcu_logo.jpg\" width=\"96\" height=\"24\" \/><\/p>\n","protected":false},"excerpt":{"rendered":"<p>Visualisierung Toni-Areal Visualisierung HafenCity Universit\u00e4t W\u00e4hrend sich die ZHdK auf den Umzug ins Toni-Areal vorbereitet, plant in Hamburg zeitgleich die HafenCity Universit\u00e4t den Einzug ins neue Geb\u00e4ude an der Elbe. F\u00fcr die Hochschulen sind die Umz\u00fcge inhaltlich wichtig, denn vor allem die Zusammenarbeit zwischen den Disziplinen soll durch die physische N\u00e4he auf einem neuen Campus [&hellip;]<\/p>\n","protected":false},"author":1587,"featured_media":0,"parent":0,"menu_order":0,"comment_status":"open","ping_status":"open","template":"","meta":{"footnotes":""},"class_list":["post-3","page","type-page","status-publish","hentry"],"_links":{"self":[{"href":"https:\/\/blog.zhdk.ch\/stadtforschung\/wp-json\/wp\/v2\/pages\/3","targetHints":{"allow":["GET"]}}],"collection":[{"href":"https:\/\/blog.zhdk.ch\/stadtforschung\/wp-json\/wp\/v2\/pages"}],"about":[{"href":"https:\/\/blog.zhdk.ch\/stadtforschung\/wp-json\/wp\/v2\/types\/page"}],"author":[{"embeddable":true,"href":"https:\/\/blog.zhdk.ch\/stadtforschung\/wp-json\/wp\/v2\/users\/1587"}],"replies":[{"embeddable":true,"href":"https:\/\/blog.zhdk.ch\/stadtforschung\/wp-json\/wp\/v2\/comments?post=3"}],"version-history":[{"count":52,"href":"https:\/\/blog.zhdk.ch\/stadtforschung\/wp-json\/wp\/v2\/pages\/3\/revisions"}],"predecessor-version":[{"id":333,"href":"https:\/\/blog.zhdk.ch\/stadtforschung\/wp-json\/wp\/v2\/pages\/3\/revisions\/333"}],"wp:attachment":[{"href":"https:\/\/blog.zhdk.ch\/stadtforschung\/wp-json\/wp\/v2\/media?parent=3"}],"curies":[{"name":"wp","href":"https:\/\/api.w.org\/{rel}","templated":true}]}}