{"id":3,"date":"2014-08-19T10:42:50","date_gmt":"2014-08-19T08:42:50","guid":{"rendered":"https:\/\/blog.zhdk.ch\/toniblog\/?page_id=2"},"modified":"2014-09-30T18:39:09","modified_gmt":"2014-09-30T16:39:09","slug":"beispiel-seite","status":"publish","type":"page","link":"https:\/\/blog.zhdk.ch\/toniblog\/beispiel-seite\/","title":{"rendered":"Autorinnen und Autoren"},"content":{"rendered":"<p><strong>Kathrin Passig<\/strong> ist im Studienjahr 2014\/15 als Observer-in-Residence an der ZHdK zu Gast. Ihre Beobachtungen wird sie via Blog und Twitter kommentieren. Kathrin Passig ist 1970 in Deggendorf, Bayern geboren und lebt seit 1991 in Berlin. Sie studierte Germanistik und Anglistik und ist heute als Journalistin, Web-Entwicklerin, Buchautorin und Bloggerin t\u00e4tig. 2006 gewann sie mit dem Text \u00abSie befinden sich hier\u00bb den Ingeborg-Bachmann Preis. Ihre Beitr\u00e4ge erschienen u.a. in der ZEIT, Berliner Zeitung, GEO, c\u2019t, Merkur, Spiegel Online, NZZ und der S\u00fcddeutschen Zeitung. Sie gilt als Expertin f\u00fcr Social Media im deutschsprachigen Bereich.<\/p>\n<p><a href=\"http:\/\/www.zhdk.ch\/?person\/detail&amp;id=10322\" target=\"_blank\"><strong>Janine Schiller<\/strong><\/a> ist Dozentin f\u00fcr Kulturpublizistik im Master Art Education an der ZHdK. Zudem ist sie ist verantwortlich f\u00fcr die Publikationen zum Toni-Areal: Ein Themenheft von Hochparterre, das zur Er\u00f6ffnung des neuen Hochschulcampus erscheint, den Toniblog, der den Einzug und das sich Einrichten am neuen Ort dokumentiert sowie eine Buchpublikation zur ZHdK am neuen Standort, die f\u00fcr 2016 geplant ist. Janine Schiller hat Volkskunde, Sozialgeschichte und Philosophie an der Universit\u00e4t Z\u00fcrich studiert und ein Nachdiplomstudium in Geschichte und Theorie der Architektur an der ETH Z\u00fcrich. Sie forscht, lehrt und publiziert zu Themen der Stadtentwicklung, zu Architekturausstellungen und Wohnen.<\/p>\n<p><strong>Katharina Nill<\/strong> ist als Wissenschaftliche Mitarbeiterin f\u00fcr die Publikationen zum Toni-Areal an der ZHdK besch\u00e4ftigt. Im Rahmen dessen verantwortet sie die Konzeption, Redaktion, eigene Beitr\u00e4ge sowie den Grossteil der <a title=\"Aufgeschnappt\" href=\"https:\/\/blog.zhdk.ch\/toniblog\/aufgeschnappt\/\" target=\"_blank\">Fotografien<\/a> f\u00fcr den Toniblog. Katharina Nill studierte Philosophie &amp; Kulturreflexion (Universit\u00e4t Witten\/Herdecke) sowie Kulturpublizistik (Z\u00fcrcher Hochschule der K\u00fcnste) und ist neben der ZHdK auch f\u00fcr das Migros-Kulturprozent Online als Redaktorin, Lektorin und Journalistin t\u00e4tig. Beitr\u00e4ge von ihr erschienen u.a. in der NZZ am Sonntag, in Saiten und auf www.kulturpublizistik.ch.<\/p>\n<p>&nbsp;<\/p>\n","protected":false},"excerpt":{"rendered":"<p class=\"post-excerpt\">Kathrin Passig ist im Studienjahr 2014\/15 als Observer-in-Residence an der ZHdK zu Gast. Ihre Beobachtungen wird sie via Blog und&#8230;<\/p>\n","protected":false},"author":1587,"featured_media":0,"parent":0,"menu_order":2,"comment_status":"open","ping_status":"closed","template":"","meta":{"ngg_post_thumbnail":0,"footnotes":""},"class_list":["post-3","page","type-page","status-publish","hentry"],"_links":{"self":[{"href":"https:\/\/blog.zhdk.ch\/toniblog\/wp-json\/wp\/v2\/pages\/3","targetHints":{"allow":["GET"]}}],"collection":[{"href":"https:\/\/blog.zhdk.ch\/toniblog\/wp-json\/wp\/v2\/pages"}],"about":[{"href":"https:\/\/blog.zhdk.ch\/toniblog\/wp-json\/wp\/v2\/types\/page"}],"author":[{"embeddable":true,"href":"https:\/\/blog.zhdk.ch\/toniblog\/wp-json\/wp\/v2\/users\/1587"}],"replies":[{"embeddable":true,"href":"https:\/\/blog.zhdk.ch\/toniblog\/wp-json\/wp\/v2\/comments?post=3"}],"version-history":[{"count":31,"href":"https:\/\/blog.zhdk.ch\/toniblog\/wp-json\/wp\/v2\/pages\/3\/revisions"}],"predecessor-version":[{"id":1951,"href":"https:\/\/blog.zhdk.ch\/toniblog\/wp-json\/wp\/v2\/pages\/3\/revisions\/1951"}],"wp:attachment":[{"href":"https:\/\/blog.zhdk.ch\/toniblog\/wp-json\/wp\/v2\/media?parent=3"}],"curies":[{"name":"wp","href":"https:\/\/api.w.org\/{rel}","templated":true}]}}